{"id":13923,"date":"2006-06-22T00:00:00","date_gmt":"2006-06-22T00:00:00","guid":{"rendered":"https:\/\/fcmanrique.org\/fcm-actividad\/marc-auge-globalizacion-urbanizacio\/"},"modified":"2006-06-22T00:00:00","modified_gmt":"2006-06-22T00:00:00","slug":"marc-auge-globalizacion-urbanizacio","status":"publish","type":"fcm_actividad","link":"https:\/\/fcmanrique.org\/de\/fcm-actividad\/marc-auge-globalizacion-urbanizacio\/","title":{"rendered":"Marc Aug\u00e9. <em>Globalizaci\u00f3n, urbanizaci\u00f3n, mediatizaci\u00f3n<\/em>"},"content":{"rendered":"<p class=\"qtranxs-available-languages-message qtranxs-available-languages-message-de\">Leider ist der Eintrag nur auf <a href=\"https:\/\/fcmanrique.org\/es\/wp-json\/wp\/v2\/fcm_actividad\/13923\" class=\"qtranxs-available-language-link qtranxs-available-language-link-es\" title=\"ES\">ES<\/a> verf\u00fcgbar.<\/p><p><\/p>\n<p class=\"MsoNormal\" style=\"text-align: justify;\"><span style=\"ofont-size: 10pt; ofont-family: Arial;\">El 22 de junio de 2006, Marc Aug&eacute; pronunci&oacute; la conferencia titulada <em >Globalizaci&oacute;n, urbanizaci&oacute;n, mediatizaci&oacute;n<\/em>.<o:p><\/o:p><\/span><\/p>\n<p class=\"MsoNormal\" style=\"margin-right: 1.7pt; text-align: justify;\"><span style=\"ofont-size: 10pt; ofont-family: Arial;\">Marc Aug&eacute; (Poitiers, 1935) es profesor de antropolog&iacute;a y etnolog&iacute;a de la prestigiosa Escuela de Estudios Superiores de Ciencias Sociales de Par&iacute;s, de la que fue director entre 1985 y 1995.<o:p><\/o:p><\/span><\/p>\n<p class=\"MsoNormal\" style=\"margin-right: 1.7pt; text-align: justify;\"><span style=\"ofont-size: 10pt; ofont-family: Arial;\">Hasta 1970 trabaj&oacute; durante muchos a&ntilde;os como Director de ORSTOM, Instituto de Investigaci&oacute;n Cient&iacute;fica de Francia para el Desarrollo Cooperativo, y en nombre del Instituto supervis&oacute; varias misiones en &Aacute;frica, particularmente en Costa de Marfil y en Togo.<span >&nbsp; <\/span>Fue de hecho en &Aacute;frica donde Aug&eacute; dirigi&oacute; sus primeros trabajos de campo.<o:p><\/o:p><\/span><\/p>\n<p class=\"MsoNormal\" style=\"margin-right: 1.7pt; text-align: justify;\"><span style=\"ofont-size: 10pt; ofont-family: Arial;\">A partir de mediados de 1980, Marc Aug&eacute; diversific&oacute; significativamente su campo de observaci&oacute;n. En esa &eacute;poca, visit&oacute; Latinoam&eacute;rica con cierta frecuencia y trabaj&oacute; algo m&aacute;s cerca de casa, dedic&aacute;ndose a observar desde la ventajosa posici&oacute;n que le ofrec&iacute;a Par&iacute;s, principalmente, y Francia en toda su amplitud, las m&uacute;ltiples realidades del mundo contempor&aacute;neo.<span >&nbsp; <\/span><o:p><\/o:p><\/span><\/p>\n<p class=\"MsoNormal\" style=\"margin-right: 1.7pt; text-align: justify;\"><span style=\"ofont-size: 10pt; ofont-family: Arial;\">Aug&eacute;, evolucionado desde la etnolog&iacute;a, ocupa en la actualidad un lugar destacado en la cultura internacional como antrop&oacute;logo social y cultural, y es ampliamente conocido su papel como te&oacute;rico de los no-lugares.<o:p><\/o:p><\/span><\/p>\n<p class=\"MsoNormal\" style=\"margin-right: 1.7pt; text-align: justify;\"><span style=\"ofont-size: 10pt; ofont-family: Arial;\">Entre sus numerosos libros publicados, podemos destacar los siguientes t&iacute;tulos, traducidos al castellano: <em >Un etn&oacute;logo en el metro<\/em> (1986), <em >Los no lugares. Espacios del anonimato<\/em> (1993), <em >Hacia una antropolog&iacute;a de los mundos contempor&aacute;neos<\/em> (1994),<em > El viaje imposible: el turismo y sus im&aacute;genes<\/em> (1997), <em >El sentido de los otros<\/em> (1998) o <em >Paseando la antropolog&iacute;a por la sobremodernidad<\/em> (2003).<o:p><\/o:p><\/span><\/p>\n<p class=\"MsoNormal\" style=\"text-align: justify;\"><span style=\"ofont-size: 10pt; ofont-family: Arial;\">En el transcurso de su intervenci&oacute;n, Marc Aug&eacute; defendi&oacute; que en la actualidad existe una ideolog&iacute;a de la globalidad sin fronteras que se manifiesta a&nbsp; trav&eacute;s de tres fen&oacute;menos estrechamente relacionados: primero, la mundializaci&oacute;n, que ella misma reenv&iacute;a a dos &oacute;rdenes de la realidad como son la globalizaci&oacute;n y la consciencia planetaria; segundo, la mediatizaci&oacute;n, que corresponde a la multiplicaci&oacute;n de im&aacute;genes y mensajes; <span >&nbsp;<\/span>y tercero, por fin, la urbanizaci&oacute;n: el mundo se vuelve una ciudad al mismo tiempo que la gran ciudad se vuelve un mundo; el mundo-ciudad, a juicio de Aug&eacute;, es el mundo de la uniformizaci&oacute;n, de las redes de comunicaci&oacute;n y circulaci&oacute;n, pero la realidad de la gran ciudad, de la ciudad-mundo, relativiza o desmiente las ilusiones del mundo-ciudad. As&iacute;, Marc Aug&eacute; examinar&aacute; las contradicciones a las cuales nos confronta el espect&aacute;culo del mundo globalizado. <o:p><\/o:p><\/span><\/p>\n<p><\/p>","protected":false},"featured_media":13924,"parent":0,"template":"","meta":{"_acf_changed":false,"ngg_post_thumbnail":0,"footnotes":""},"actividad_tipo":[34],"actividad_lugar":[46],"actividad_departamento":[29],"actividad_ciclo":[72],"class_list":["post-13923","fcm_actividad","type-fcm_actividad","status-publish","has-post-thumbnail","hentry","actividad_tipo-conferencias","actividad_lugar-lugar-fcm","actividad_departamento-departamento-de-territorio-y-medio-ambiente","actividad_ciclo-fronteras-y-direcciones-de-progreso"],"acf":[],"_links":{"self":[{"href":"https:\/\/fcmanrique.org\/de\/wp-json\/wp\/v2\/fcm_actividad\/13923","targetHints":{"allow":["GET"]}}],"collection":[{"href":"https:\/\/fcmanrique.org\/de\/wp-json\/wp\/v2\/fcm_actividad"}],"about":[{"href":"https:\/\/fcmanrique.org\/de\/wp-json\/wp\/v2\/types\/fcm_actividad"}],"version-history":[{"count":0,"href":"https:\/\/fcmanrique.org\/de\/wp-json\/wp\/v2\/fcm_actividad\/13923\/revisions"}],"wp:featuredmedia":[{"embeddable":true,"href":"https:\/\/fcmanrique.org\/de\/wp-json\/wp\/v2\/media\/13924"}],"wp:attachment":[{"href":"https:\/\/fcmanrique.org\/de\/wp-json\/wp\/v2\/media?parent=13923"}],"wp:term":[{"taxonomy":"actividad_tipo","embeddable":true,"href":"https:\/\/fcmanrique.org\/de\/wp-json\/wp\/v2\/actividad_tipo?post=13923"},{"taxonomy":"actividad_lugar","embeddable":true,"href":"https:\/\/fcmanrique.org\/de\/wp-json\/wp\/v2\/actividad_lugar?post=13923"},{"taxonomy":"actividad_departamento","embeddable":true,"href":"https:\/\/fcmanrique.org\/de\/wp-json\/wp\/v2\/actividad_departamento?post=13923"},{"taxonomy":"actividad_ciclo","embeddable":true,"href":"https:\/\/fcmanrique.org\/de\/wp-json\/wp\/v2\/actividad_ciclo?post=13923"}],"curies":[{"name":"wp","href":"https:\/\/api.w.org\/{rel}","templated":true}]}}

Marc Augé. <em>Globalización, urbanización, mediatización</em>

<p class="qtranxs-available-languages-message qtranxs-available-languages-message-de">Leider ist der Eintrag nur auf <a href="https://fcmanrique.org/es/wp-json/wp/v2/fcm_actividad/13923" class="qtranxs-available-language-link qtranxs-available-language-link-es" title="ES">ES</a> verfügbar.</p><p></p>
<p class="MsoNormal" style="text-align: justify;"><span style="ofont-size: 10pt; ofont-family: Arial;">El 22 de junio de 2006, Marc Aug&eacute; pronunci&oacute; la conferencia titulada <em >Globalizaci&oacute;n, urbanizaci&oacute;n, mediatizaci&oacute;n</em>.<o:p></o:p></span></p>
<p class="MsoNormal" style="margin-right: 1.7pt; text-align: justify;"><span style="ofont-size: 10pt; ofont-family: Arial;">Marc Aug&eacute; (Poitiers, 1935) es profesor de antropolog&iacute;a y etnolog&iacute;a de la prestigiosa Escuela de Estudios Superiores de Ciencias Sociales de Par&iacute;s, de la que fue director entre 1985 y 1995.<o:p></o:p></span></p>
<p class="MsoNormal" style="margin-right: 1.7pt; text-align: justify;"><span style="ofont-size: 10pt; ofont-family: Arial;">Hasta 1970 trabaj&oacute; durante muchos a&ntilde;os como Director de ORSTOM, Instituto de Investigaci&oacute;n Cient&iacute;fica de Francia para el Desarrollo Cooperativo, y en nombre del Instituto supervis&oacute; varias misiones en &Aacute;frica, particularmente en Costa de Marfil y en Togo.<span >&nbsp; </span>Fue de hecho en &Aacute;frica donde Aug&eacute; dirigi&oacute; sus primeros trabajos de campo.<o:p></o:p></span></p>
<p class="MsoNormal" style="margin-right: 1.7pt; text-align: justify;"><span style="ofont-size: 10pt; ofont-family: Arial;">A partir de mediados de 1980, Marc Aug&eacute; diversific&oacute; significativamente su campo de observaci&oacute;n. En esa &eacute;poca, visit&oacute; Latinoam&eacute;rica con cierta frecuencia y trabaj&oacute; algo m&aacute;s cerca de casa, dedic&aacute;ndose a observar desde la ventajosa posici&oacute;n que le ofrec&iacute;a Par&iacute;s, principalmente, y Francia en toda su amplitud, las m&uacute;ltiples realidades del mundo contempor&aacute;neo.<span >&nbsp; </span><o:p></o:p></span></p>
<p class="MsoNormal" style="margin-right: 1.7pt; text-align: justify;"><span style="ofont-size: 10pt; ofont-family: Arial;">Aug&eacute;, evolucionado desde la etnolog&iacute;a, ocupa en la actualidad un lugar destacado en la cultura internacional como antrop&oacute;logo social y cultural, y es ampliamente conocido su papel como te&oacute;rico de los no-lugares.<o:p></o:p></span></p>
<p class="MsoNormal" style="margin-right: 1.7pt; text-align: justify;"><span style="ofont-size: 10pt; ofont-family: Arial;">Entre sus numerosos libros publicados, podemos destacar los siguientes t&iacute;tulos, traducidos al castellano: <em >Un etn&oacute;logo en el metro</em> (1986), <em >Los no lugares. Espacios del anonimato</em> (1993), <em >Hacia una antropolog&iacute;a de los mundos contempor&aacute;neos</em> (1994),<em > El viaje imposible: el turismo y sus im&aacute;genes</em> (1997), <em >El sentido de los otros</em> (1998) o <em >Paseando la antropolog&iacute;a por la sobremodernidad</em> (2003).<o:p></o:p></span></p>
<p class="MsoNormal" style="text-align: justify;"><span style="ofont-size: 10pt; ofont-family: Arial;">En el transcurso de su intervenci&oacute;n, Marc Aug&eacute; defendi&oacute; que en la actualidad existe una ideolog&iacute;a de la globalidad sin fronteras que se manifiesta a&nbsp; trav&eacute;s de tres fen&oacute;menos estrechamente relacionados: primero, la mundializaci&oacute;n, que ella misma reenv&iacute;a a dos &oacute;rdenes de la realidad como son la globalizaci&oacute;n y la consciencia planetaria; segundo, la mediatizaci&oacute;n, que corresponde a la multiplicaci&oacute;n de im&aacute;genes y mensajes; <span >&nbsp;</span>y tercero, por fin, la urbanizaci&oacute;n: el mundo se vuelve una ciudad al mismo tiempo que la gran ciudad se vuelve un mundo; el mundo-ciudad, a juicio de Aug&eacute;, es el mundo de la uniformizaci&oacute;n, de las redes de comunicaci&oacute;n y circulaci&oacute;n, pero la realidad de la gran ciudad, de la ciudad-mundo, relativiza o desmiente las ilusiones del mundo-ciudad. As&iacute;, Marc Aug&eacute; examinar&aacute; las contradicciones a las cuales nos confronta el espect&aacute;culo del mundo globalizado. <o:p></o:p></span></p>
<p></p>
