{"id":13986,"date":"2005-11-24T00:00:00","date_gmt":"2005-11-24T00:00:00","guid":{"rendered":"https:\/\/fcmanrique.org\/fcm-actividad\/guia-para-un-consumo-mas-responsabl\/"},"modified":"2023-12-13T14:49:12","modified_gmt":"2023-12-13T14:49:12","slug":"guia-para-un-consumo-mas-responsabl","status":"publish","type":"fcm_actividad","link":"https:\/\/fcmanrique.org\/de\/fcm-actividad\/guia-para-un-consumo-mas-responsabl\/","title":{"rendered":"Presentaci\u00f3n de la <em>Gu\u00eda para un consumo m\u00e1s responsable<\/em> de Alfonso del Val"},"content":{"rendered":"<p class=\"qtranxs-available-languages-message qtranxs-available-languages-message-de\">Leider ist der Eintrag nur auf <a href=\"https:\/\/fcmanrique.org\/es\/wp-json\/wp\/v2\/fcm_actividad\/13986\" class=\"qtranxs-available-language-link qtranxs-available-language-link-es\" title=\"ES\">ES<\/a> verf\u00fcgbar.<\/p><p><\/p>\n<p class=\"MsoNormal\" style=\"text-align: left;\"><span style=\"ofont-family: Arial; color: black;\">El 24 de noviembre de 2005, se present\u00f3 el libro <em><a href=\"https:\/\/fcmanrique.org\/fcm-publicacion\/guia-para-un-consumo-mas-responsable\/?cpg=1\" target=\"_blank\" rel=\"noopener\"><strong>Gu\u00eda para un consumo m\u00e1s responsable<\/strong><\/a> (con especial atenci\u00f3n a las Islas Canarias)<\/em>, de Alfonso del Val, editado por la FCM dentro de su l\u00ednea de publicaciones dedicada a materiales did\u00e1cticos ambientales. <\/span><\/p>\n<p class=\"MsoNormal\" style=\"text-align: left;\"><span style=\"ofont-family: Arial; color: black;\"><strong>Alfonso del Val<\/strong> es consultor ambiental y ha trabajado en la elaboraci\u00f3n y ejecuci\u00f3n de proyectos sobre energ\u00edas renovables, agua y gesti\u00f3n de residuos. Ha sido consultor del Ministerio de Obras P\u00fablicas, Transportes y Medio Ambiente (MOPTMA) y de Fomento en materia de residuos (1987-93).<\/span><\/p>\n<p class=\"MsoNormal\" style=\"text-align: left;\"><span style=\"ofont-family: Arial; color: black;\">En el campo educativo ha sido y es organizador y profesor de numerosos cursos Master y Postgrado en universidades espa\u00f1olas y extranjeras. Cuenta con cerca de un centenar de publicaciones sobre temas ambientales.<\/span><\/p>\n<p class=\"MsoNormal\" style=\"text-align: left;\"><span style=\"ofont-family: Arial; color: black;\">Las ilustraciones espec\u00edficas de la <em>Gu\u00eda para un consumo m\u00e1s responsable<\/em> son obra de<strong> Fernando Llorente<\/strong>, que ya realiz\u00f3 en 2002 las ilustraciones de otro de los Materiales Did\u00e1cticos de la FCM: <em>Conocer el PIOT: misi\u00f3n posible<\/em>.<\/span><\/p>\n<p class=\"MsoNormal\" style=\"text-align: left;\"><span style=\"ofont-family: Arial; color: black;\">La <em>Gu\u00eda para un consumo m\u00e1s responsable<\/em> incluye un conjunto de orientaciones para que, a la hora de adquirir productos, el consumidor sea capaz de distinguir entre aquellos menos agresivos con el medio ambiente. As\u00ed, por ejemplo, se detallan los significados de los diferentes distintivos ecol\u00f3gicos y ambientales (incluidos en electrodom\u00e9sticos, alimentos, etc.), se dan referencias a la hora de invertir en fondos de inversi\u00f3n socialmente responsables, y se indican criterios para la elecci\u00f3n y utilizaci\u00f3n de autom\u00f3viles, productos de limpieza, pinturas, productos del hogar, alimentos de agricultura ecol\u00f3gica (con direcciones de puntos de venta), etc.<\/span><\/p>\n<p><\/p>","protected":false},"featured_media":24715,"parent":0,"template":"","meta":{"_acf_changed":false,"ngg_post_thumbnail":0,"footnotes":""},"actividad_tipo":[36],"actividad_lugar":[46],"actividad_departamento":[29],"actividad_ciclo":[],"class_list":["post-13986","fcm_actividad","type-fcm_actividad","status-publish","has-post-thumbnail","hentry","actividad_tipo-presentacion-libros","actividad_lugar-lugar-fcm","actividad_departamento-departamento-de-territorio-y-medio-ambiente"],"acf":[],"_links":{"self":[{"href":"https:\/\/fcmanrique.org\/de\/wp-json\/wp\/v2\/fcm_actividad\/13986","targetHints":{"allow":["GET"]}}],"collection":[{"href":"https:\/\/fcmanrique.org\/de\/wp-json\/wp\/v2\/fcm_actividad"}],"about":[{"href":"https:\/\/fcmanrique.org\/de\/wp-json\/wp\/v2\/types\/fcm_actividad"}],"version-history":[{"count":4,"href":"https:\/\/fcmanrique.org\/de\/wp-json\/wp\/v2\/fcm_actividad\/13986\/revisions"}],"predecessor-version":[{"id":24839,"href":"https:\/\/fcmanrique.org\/de\/wp-json\/wp\/v2\/fcm_actividad\/13986\/revisions\/24839"}],"wp:featuredmedia":[{"embeddable":true,"href":"https:\/\/fcmanrique.org\/de\/wp-json\/wp\/v2\/media\/24715"}],"wp:attachment":[{"href":"https:\/\/fcmanrique.org\/de\/wp-json\/wp\/v2\/media?parent=13986"}],"wp:term":[{"taxonomy":"actividad_tipo","embeddable":true,"href":"https:\/\/fcmanrique.org\/de\/wp-json\/wp\/v2\/actividad_tipo?post=13986"},{"taxonomy":"actividad_lugar","embeddable":true,"href":"https:\/\/fcmanrique.org\/de\/wp-json\/wp\/v2\/actividad_lugar?post=13986"},{"taxonomy":"actividad_departamento","embeddable":true,"href":"https:\/\/fcmanrique.org\/de\/wp-json\/wp\/v2\/actividad_departamento?post=13986"},{"taxonomy":"actividad_ciclo","embeddable":true,"href":"https:\/\/fcmanrique.org\/de\/wp-json\/wp\/v2\/actividad_ciclo?post=13986"}],"curies":[{"name":"wp","href":"https:\/\/api.w.org\/{rel}","templated":true}]}}

Presentación de la <em>Guía para un consumo más responsable</em> de Alfonso del Val

<p class="qtranxs-available-languages-message qtranxs-available-languages-message-de">Leider ist der Eintrag nur auf <a href="https://fcmanrique.org/es/wp-json/wp/v2/fcm_actividad/13986" class="qtranxs-available-language-link qtranxs-available-language-link-es" title="ES">ES</a> verfügbar.</p><p></p>
<p class="MsoNormal" style="text-align: left;"><span style="ofont-family: Arial; color: black;">El 24 de noviembre de 2005, se presentó el libro <em><a href="https://fcmanrique.org/fcm-publicacion/guia-para-un-consumo-mas-responsable/?cpg=1" target="_blank" rel="noopener"><strong>Guía para un consumo más responsable</strong></a> (con especial atención a las Islas Canarias)</em>, de Alfonso del Val, editado por la FCM dentro de su línea de publicaciones dedicada a materiales didácticos ambientales. </span></p>
<p class="MsoNormal" style="text-align: left;"><span style="ofont-family: Arial; color: black;"><strong>Alfonso del Val</strong> es consultor ambiental y ha trabajado en la elaboración y ejecución de proyectos sobre energías renovables, agua y gestión de residuos. Ha sido consultor del Ministerio de Obras Públicas, Transportes y Medio Ambiente (MOPTMA) y de Fomento en materia de residuos (1987-93).</span></p>
<p class="MsoNormal" style="text-align: left;"><span style="ofont-family: Arial; color: black;">En el campo educativo ha sido y es organizador y profesor de numerosos cursos Master y Postgrado en universidades españolas y extranjeras. Cuenta con cerca de un centenar de publicaciones sobre temas ambientales.</span></p>
<p class="MsoNormal" style="text-align: left;"><span style="ofont-family: Arial; color: black;">Las ilustraciones específicas de la <em>Guía para un consumo más responsable</em> son obra de<strong> Fernando Llorente</strong>, que ya realizó en 2002 las ilustraciones de otro de los Materiales Didácticos de la FCM: <em>Conocer el PIOT: misión posible</em>.</span></p>
<p class="MsoNormal" style="text-align: left;"><span style="ofont-family: Arial; color: black;">La <em>Guía para un consumo más responsable</em> incluye un conjunto de orientaciones para que, a la hora de adquirir productos, el consumidor sea capaz de distinguir entre aquellos menos agresivos con el medio ambiente. Así, por ejemplo, se detallan los significados de los diferentes distintivos ecológicos y ambientales (incluidos en electrodomésticos, alimentos, etc.), se dan referencias a la hora de invertir en fondos de inversión socialmente responsables, y se indican criterios para la elección y utilización de automóviles, productos de limpieza, pinturas, productos del hogar, alimentos de agricultura ecológica (con direcciones de puntos de venta), etc.</span></p>
<p></p>
