{"id":14002,"date":"2005-05-26T00:00:00","date_gmt":"2005-05-26T00:00:00","guid":{"rendered":"https:\/\/fcmanrique.org\/fcm-actividad\/gema-martin-munoz-politica-e-identi\/"},"modified":"2005-05-26T00:00:00","modified_gmt":"2005-05-26T00:00:00","slug":"gema-martin-munoz-politica-e-identi","status":"publish","type":"fcm_actividad","link":"https:\/\/fcmanrique.org\/de\/fcm-actividad\/gema-martin-munoz-politica-e-identi\/","title":{"rendered":"Gema Mart\u00edn Mu\u00f1oz. <em>Pol\u00edtica e identidades \u00e9tnicas y confesionales en los pa\u00edses musulmanes<\/em>"},"content":{"rendered":"<p class=\"qtranxs-available-languages-message qtranxs-available-languages-message-de\">Leider ist der Eintrag nur auf <a href=\"https:\/\/fcmanrique.org\/es\/wp-json\/wp\/v2\/fcm_actividad\/14002\" class=\"qtranxs-available-language-link qtranxs-available-language-link-es\" title=\"ES\">ES<\/a> verf\u00fcgbar.<\/p><p><\/p>\n<p class=\"MsoNormal\" style=\"text-align: justify;\"><span style=\"ofont-family: Arial;\">Gema Mart&iacute;n Mu&ntilde;oz <\/span><span lang=\"ES-TRAD\" style=\"ofont-family: Arial;\">es Doctora en Estudios &Aacute;rabes e Isl&aacute;micos y profesora de Sociolog&iacute;a del Mundo &Aacute;rabe e Isl&aacute;mico de la Universidad Aut&oacute;noma de Madrid. Ha estudiado los procesos de reforma pol&iacute;tica y cambio social en los pa&iacute;ses &aacute;rabo-isl&aacute;micos, en los que ha realizado multitud de estancias de investigaci&oacute;n. Asimismo, ha investigado sobre los musulmanes en Europa. Tambi&eacute;n ha participado como observadora internacional en los procesos electorales de Argelia, Palestina, Egipto e Ir&aacute;n.<o:p><\/o:p><\/span><\/p>\n<p class=\"MsoNormal\" style=\"text-align: justify;\"><span lang=\"ES-TRAD\" style=\"ofont-family: Arial;\">Es miembro de diferentes Consejos cient&iacute;ficos y del Consejo Asesor de la Fundaci&oacute;n Euromediterr&aacute;nea Anna Lindht para el Di&aacute;logo entre Culturas, creada por la Uni&oacute;n Europea y los pa&iacute;ses del sur del Mediterr&aacute;neo. Ha sido profesora invitada en diversas universidades de Europa y Estados Unidos. Adem&aacute;s, es colaboradora de la secci&oacute;n de opini&oacute;n de El Pa&iacute;s.<o:p><\/o:p><\/span><\/p>\n<p class=\"MsoNormal\" style=\"text-align: justify;\"><span lang=\"ES-TRAD\" style=\"ofont-family: Arial; letter-spacing: -0.15pt;\">Entre sus libros se se&ntilde;ala<\/span><em ><span lang=\"ES-TRAD\" style=\"ofont-family: Arial;\"> <\/span><\/em><em ><span style=\"ofont-family: Arial;\">El Estado &Aacute;rabe. Crisis de legitimidad y contestaci&oacute;n islamista<\/span><\/em><span style=\"ofont-family: Arial;\"> (2000)<\/span><span lang=\"ES-TRAD\" style=\"ofont-family: Arial;\">;<\/span><span lang=\"ES-TRAD\" style=\"ofont-family: Arial;\"> <\/span><em ><span style=\"ofont-family: Arial;\">Irak, un fracaso de Occidente<\/span><\/em><span style=\"ofont-family: Arial;\"> (2003); <\/span><span lang=\"ES-TRAD\" style=\"ofont-family: Arial;\">y <em >Mujeres Musulmanas en Espa&ntilde;a. El caso de la inmigraci&oacute;n femenina marroqu&iacute;<\/em> (2004).<o:p><\/o:p><\/span><\/p>\n<p class=\"MsoNormal\" style=\"text-align: justify;\"><span style=\"ofont-family: Arial;\">En su conferencia <em >Pol&iacute;tica e identidades &eacute;tnicas y confesionales en los pa&iacute;ses musulmanes<\/em>, pronunciada el 26 de mayo de 2005, Gema Mart&iacute;n Mu&ntilde;oz repas&oacute; las caracter&iacute;sticas culturales y religiosas del mundo musulm&aacute;n, describi&oacute; las m&uacute;ltiples identidades que conforman el Oriente Medio, y el papel que ha desempe&ntilde;ado la instrumentalizaci&oacute;n pol&iacute;tica en la evoluci&oacute;n de esta zona. Reflexion&oacute; sobre las &ldquo;identidades hegem&oacute;nicas&rdquo; de los pa&iacute;ses de Pr&oacute;ximo Oriente y Oriente Medio, defini&eacute;ndolas como la &ldquo;arabidad&rdquo; y el Islam. El &aacute;rabe, no como t&eacute;rmino &eacute;tnico, sino cultural e hist&oacute;rico, cuyo motor es la lengua. Y el Islam, como algo que supera lo religioso y afecta tambi&eacute;n al &aacute;mbito de lo cultural y de lo social. Adem&aacute;s de estas identidades hegem&oacute;nicas, analiz&oacute; la coexistencia, en un mismo territorio, de bereberes, kurdos, jud&iacute;os &aacute;rabes &mdash;askenaz&iacute;es&mdash;, cristianos, y sunn&iacute;es y shi&iacute;tas. La profesora estableci&oacute; los v&iacute;nculos entre esa zona del mundo y la actual situaci&oacute;n por la que atraviesan las relaciones entre los pa&iacute;ses musulmanes y Occidente. Se refiri&oacute; tambi&eacute;n a la intervenci&oacute;n de Estados Unidos y su proyecto hegem&oacute;nico en Oriente Medio, cuyo objetivo parece ser el crear una visi&oacute;n de Oriente Medio con enfrentamientos sectarios violentos, creando etnocracias e impidiendo la transici&oacute;n hacia un gobierno moderno.<o:p><\/o:p><\/span><\/p>\n<p class=\"MsoNormal\"><span style=\"ofont-family: Arial;\">Tras la conferencia, se produjo un interesante debate, en el que Gema Mart&iacute;n Mu&ntilde;oz ampli&oacute; y aclar&oacute; alguno de los puntos expuestos en su intervenci&oacute;n.<o:p><\/o:p><\/span><\/p>\n<p><\/p>","protected":false},"featured_media":14003,"parent":0,"template":"","meta":{"_acf_changed":false,"ngg_post_thumbnail":0,"footnotes":""},"actividad_tipo":[34],"actividad_lugar":[46],"actividad_departamento":[29],"actividad_ciclo":[72],"class_list":["post-14002","fcm_actividad","type-fcm_actividad","status-publish","has-post-thumbnail","hentry","actividad_tipo-conferencias","actividad_lugar-lugar-fcm","actividad_departamento-departamento-de-territorio-y-medio-ambiente","actividad_ciclo-fronteras-y-direcciones-de-progreso"],"acf":[],"_links":{"self":[{"href":"https:\/\/fcmanrique.org\/de\/wp-json\/wp\/v2\/fcm_actividad\/14002","targetHints":{"allow":["GET"]}}],"collection":[{"href":"https:\/\/fcmanrique.org\/de\/wp-json\/wp\/v2\/fcm_actividad"}],"about":[{"href":"https:\/\/fcmanrique.org\/de\/wp-json\/wp\/v2\/types\/fcm_actividad"}],"version-history":[{"count":0,"href":"https:\/\/fcmanrique.org\/de\/wp-json\/wp\/v2\/fcm_actividad\/14002\/revisions"}],"wp:featuredmedia":[{"embeddable":true,"href":"https:\/\/fcmanrique.org\/de\/wp-json\/wp\/v2\/media\/14003"}],"wp:attachment":[{"href":"https:\/\/fcmanrique.org\/de\/wp-json\/wp\/v2\/media?parent=14002"}],"wp:term":[{"taxonomy":"actividad_tipo","embeddable":true,"href":"https:\/\/fcmanrique.org\/de\/wp-json\/wp\/v2\/actividad_tipo?post=14002"},{"taxonomy":"actividad_lugar","embeddable":true,"href":"https:\/\/fcmanrique.org\/de\/wp-json\/wp\/v2\/actividad_lugar?post=14002"},{"taxonomy":"actividad_departamento","embeddable":true,"href":"https:\/\/fcmanrique.org\/de\/wp-json\/wp\/v2\/actividad_departamento?post=14002"},{"taxonomy":"actividad_ciclo","embeddable":true,"href":"https:\/\/fcmanrique.org\/de\/wp-json\/wp\/v2\/actividad_ciclo?post=14002"}],"curies":[{"name":"wp","href":"https:\/\/api.w.org\/{rel}","templated":true}]}}

Gema Martín Muñoz. <em>Política e identidades étnicas y confesionales en los países musulmanes</em>

<p class="qtranxs-available-languages-message qtranxs-available-languages-message-de">Leider ist der Eintrag nur auf <a href="https://fcmanrique.org/es/wp-json/wp/v2/fcm_actividad/14002" class="qtranxs-available-language-link qtranxs-available-language-link-es" title="ES">ES</a> verfügbar.</p><p></p>
<p class="MsoNormal" style="text-align: justify;"><span style="ofont-family: Arial;">Gema Mart&iacute;n Mu&ntilde;oz </span><span lang="ES-TRAD" style="ofont-family: Arial;">es Doctora en Estudios &Aacute;rabes e Isl&aacute;micos y profesora de Sociolog&iacute;a del Mundo &Aacute;rabe e Isl&aacute;mico de la Universidad Aut&oacute;noma de Madrid. Ha estudiado los procesos de reforma pol&iacute;tica y cambio social en los pa&iacute;ses &aacute;rabo-isl&aacute;micos, en los que ha realizado multitud de estancias de investigaci&oacute;n. Asimismo, ha investigado sobre los musulmanes en Europa. Tambi&eacute;n ha participado como observadora internacional en los procesos electorales de Argelia, Palestina, Egipto e Ir&aacute;n.<o:p></o:p></span></p>
<p class="MsoNormal" style="text-align: justify;"><span lang="ES-TRAD" style="ofont-family: Arial;">Es miembro de diferentes Consejos cient&iacute;ficos y del Consejo Asesor de la Fundaci&oacute;n Euromediterr&aacute;nea Anna Lindht para el Di&aacute;logo entre Culturas, creada por la Uni&oacute;n Europea y los pa&iacute;ses del sur del Mediterr&aacute;neo. Ha sido profesora invitada en diversas universidades de Europa y Estados Unidos. Adem&aacute;s, es colaboradora de la secci&oacute;n de opini&oacute;n de El Pa&iacute;s.<o:p></o:p></span></p>
<p class="MsoNormal" style="text-align: justify;"><span lang="ES-TRAD" style="ofont-family: Arial; letter-spacing: -0.15pt;">Entre sus libros se se&ntilde;ala</span><em ><span lang="ES-TRAD" style="ofont-family: Arial;"> </span></em><em ><span style="ofont-family: Arial;">El Estado &Aacute;rabe. Crisis de legitimidad y contestaci&oacute;n islamista</span></em><span style="ofont-family: Arial;"> (2000)</span><span lang="ES-TRAD" style="ofont-family: Arial;">;</span><span lang="ES-TRAD" style="ofont-family: Arial;"> </span><em ><span style="ofont-family: Arial;">Irak, un fracaso de Occidente</span></em><span style="ofont-family: Arial;"> (2003); </span><span lang="ES-TRAD" style="ofont-family: Arial;">y <em >Mujeres Musulmanas en Espa&ntilde;a. El caso de la inmigraci&oacute;n femenina marroqu&iacute;</em> (2004).<o:p></o:p></span></p>
<p class="MsoNormal" style="text-align: justify;"><span style="ofont-family: Arial;">En su conferencia <em >Pol&iacute;tica e identidades &eacute;tnicas y confesionales en los pa&iacute;ses musulmanes</em>, pronunciada el 26 de mayo de 2005, Gema Mart&iacute;n Mu&ntilde;oz repas&oacute; las caracter&iacute;sticas culturales y religiosas del mundo musulm&aacute;n, describi&oacute; las m&uacute;ltiples identidades que conforman el Oriente Medio, y el papel que ha desempe&ntilde;ado la instrumentalizaci&oacute;n pol&iacute;tica en la evoluci&oacute;n de esta zona. Reflexion&oacute; sobre las &ldquo;identidades hegem&oacute;nicas&rdquo; de los pa&iacute;ses de Pr&oacute;ximo Oriente y Oriente Medio, defini&eacute;ndolas como la &ldquo;arabidad&rdquo; y el Islam. El &aacute;rabe, no como t&eacute;rmino &eacute;tnico, sino cultural e hist&oacute;rico, cuyo motor es la lengua. Y el Islam, como algo que supera lo religioso y afecta tambi&eacute;n al &aacute;mbito de lo cultural y de lo social. Adem&aacute;s de estas identidades hegem&oacute;nicas, analiz&oacute; la coexistencia, en un mismo territorio, de bereberes, kurdos, jud&iacute;os &aacute;rabes &mdash;askenaz&iacute;es&mdash;, cristianos, y sunn&iacute;es y shi&iacute;tas. La profesora estableci&oacute; los v&iacute;nculos entre esa zona del mundo y la actual situaci&oacute;n por la que atraviesan las relaciones entre los pa&iacute;ses musulmanes y Occidente. Se refiri&oacute; tambi&eacute;n a la intervenci&oacute;n de Estados Unidos y su proyecto hegem&oacute;nico en Oriente Medio, cuyo objetivo parece ser el crear una visi&oacute;n de Oriente Medio con enfrentamientos sectarios violentos, creando etnocracias e impidiendo la transici&oacute;n hacia un gobierno moderno.<o:p></o:p></span></p>
<p class="MsoNormal"><span style="ofont-family: Arial;">Tras la conferencia, se produjo un interesante debate, en el que Gema Mart&iacute;n Mu&ntilde;oz ampli&oacute; y aclar&oacute; alguno de los puntos expuestos en su intervenci&oacute;n.<o:p></o:p></span></p>
<p></p>
