{"id":14213,"date":"2009-03-19T00:00:00","date_gmt":"2009-03-19T00:00:00","guid":{"rendered":"https:\/\/fcmanrique.org\/fcm-actividad\/victor-gomez-pin-contra-la-barbarie\/"},"modified":"2009-03-19T00:00:00","modified_gmt":"2009-03-19T00:00:00","slug":"victor-gomez-pin-contra-la-barbarie","status":"publish","type":"fcm_actividad","link":"https:\/\/fcmanrique.org\/de\/fcm-actividad\/victor-gomez-pin-contra-la-barbarie\/","title":{"rendered":"V\u00edctor G\u00f3mez Pin. <em>Contra la barbarie: la filosof\u00eda educadora de la humanidad<\/em>"},"content":{"rendered":"<p class=\"qtranxs-available-languages-message qtranxs-available-languages-message-de\">Leider ist der Eintrag nur auf <a href=\"https:\/\/fcmanrique.org\/es\/wp-json\/wp\/v2\/fcm_actividad\/14213\" class=\"qtranxs-available-language-link qtranxs-available-language-link-es\" title=\"ES\">ES<\/a> verf\u00fcgbar.<\/p><p><meta http-equiv=\"Content-Type\" content=\"text\/html; charset=utf-8\" \/><br \/>\n<meta name=\"ProgId\" content=\"Word.Document\" \/><br \/>\n<meta name=\"Generator\" content=\"Microsoft Word 10\" \/><br \/>\n<meta name=\"Originator\" content=\"Microsoft Word 10\" \/> <!--[if gte mso 9]><xml>\n<w:WordDocument>\n<w:View>Normal<\/w:View>\n<w:Zoom>0<\/w:Zoom>\n<w:HyphenationZone>21<\/w:HyphenationZone>\n<w:Compatibility>\n<w:BreakWrappedTables \/>\n<w:SnapToGridInCell \/>\n<w:WrapTextWithPunct \/>\n<w:UseAsianBreakRules \/>\n<\/w:Compatibility>\n<w:BrowserLevel>MicrosoftInternetExplorer4<\/w:BrowserLevel>\n<\/w:WordDocument>\n<\/xml><![endif]--><\/p>\n<style type=\"text\/css\">\n<!--\n \/* Style Definitions *\/\n p.MsoNormal, li.MsoNormal, div.MsoNormal\n\t{mso-style-parent:\"\";\n\tmargin:0cm;\n\t\n\tmso-pagination:widow-orphan;\n\tofont-size:11.0pt;\n\tofont-family:\"Times New Roman\";\n\tmso-fareast-ofont-family:\"Times New Roman\";\n\tmso-ofont-kerning:16.0pt;\n\tmso-bidi-ofont-weight:bold;}\n@page Section1\n\t{size:612.0pt 792.0pt;\n\tmargin:70.85pt 3.0cm 70.85pt 3.0cm;\n\tmso-header-margin:36.0pt;\n\tmso-footer-margin:36.0pt;\n\tmso-paper-source:0;}\ndiv.Section1\n\t{page:Section1;}\n-->\n<\/style>\n<p><!--[if gte mso 10]>\n\n\n<style>\n\/* Style Definitions *\/\ntable.MsoNormalTable\n{mso-style-name:\"Tabla normal\";\nmso-tstyle-rowband-size:0;\nmso-tstyle-colband-size:0;\nmso-style-noshow:yes;\nmso-style-parent:\"\";\nmso-padding-alt:0cm 5.4pt 0cm 5.4pt;\nmso-para-margin:0cm;\nmso-para-\nmso-pagination:widow-orphan;\n\nofont-family:\"Times New Roman\";}\n<\/style>\n\n\n<![endif]--><span style=\"ofont-size: 10pt; ofont-family: Arial;\">&ldquo;Voy a hacer apolog&iacute;a de la filosof&iacute;a&rdquo;. As&iacute; comenz&oacute; V&iacute;ctor G&oacute;mez Pin la conferencia titulada <\/span><em><span style=\"ofont-size: 10pt; ofont-family: Arial;\">Contra la barbarie: la filosof&iacute;a educadora de la humanidad<\/span><\/em><span style=\"ofont-size: 10pt; ofont-family: Arial;\">, que ofreci&oacute; en la Sala Jos&eacute; Saramago de Arrecife<\/span><span style=\"ofont-size: 10pt; ofont-family: Arial;\"> el 19 de marzo, con la que la FCM inaugur&oacute; su programa de actividades de 2009, y que puede verse desde el archivo de emisiones en <a href=\"http:\/\/www.tv.fcmanrique.org\" style=\"ofont-weight: bold;\" target=\"_blank\">www.tv.fcmanrique.org<\/a><\/span><span style=\"ofont-size: 10pt; ofont-family: Arial;\"><o:p><\/o:p><\/span><\/p>\n<p class=\"MsoNormal\"><span style=\"ofont-size: 10pt; ofont-family: Arial;\"><o:p>&nbsp;<\/o:p><\/span><\/p>\n<p class=\"MsoNormal\"><span style=\"ofont-size: 10pt; ofont-family: Arial;\">&ldquo;Es dif&iacute;cil convencer a la gente de que los fil&oacute;sofos hablan de cosas que conciernen a todos, y si hici&eacute;ramos una encuesta&rdquo;, introdujo G&oacute;mez Pin, &ldquo;y pregunt&aacute;ramos a la gente qu&eacute; es un fil&oacute;sofo, la respuesta seguramente ser&iacute;a esta: una persona que se ocupa de asuntos que no interesan a nadie (o s&oacute;lo a ellos mismos) y lo hacen adem&aacute;s con una terminolog&iacute;a oscura que no se entiende&rdquo;. Una idea que es injusta, a juicio del conferenciante, pero que a veces ha sido provocada por los propios fil&oacute;sofos.<o:p><\/o:p><\/span><\/p>\n<p class=\"MsoNormal\"><span style=\"ofont-size: 10pt; ofont-family: Arial;\"><o:p>&nbsp;<\/o:p><\/span><\/p>\n<p class=\"MsoNormal\"><span style=\"ofont-size: 10pt; ofont-family: Arial;\">G&oacute;mez Pin dedic&oacute; buena parte de su reflexi&oacute;n al fil&oacute;sofo griego Arist&oacute;teles, el primer bi&oacute;logo y f&iacute;sico de la Historia, que redact&oacute; la Constituci&oacute;n de Atenas, recolect&oacute; proverbios, hizo tratados de L&oacute;gica, de Cosmolog&iacute;a&hellip; y de Metaf&iacute;sica. &ldquo;Las primeras quince l&iacute;neas de la Metaf&iacute;sica aristot&eacute;lica explican qu&eacute; diferencia al hombre del resto de animales: todos los humanos desean \/ aspiran \/ necesitan, por su propia condici&oacute;n y naturaleza, la lucidez&rdquo;, afirm&oacute; el profesor G&oacute;mez Pin, quien a&ntilde;adi&oacute; que &ldquo;una sociedad que no permite alcanzar esa lucidez est&aacute; mutilando nuestra propia condici&oacute;n. Nuestros genes exigen lucidez, y donde no hay lucidez, hay s&iacute;ntoma, eso lo sabe cualquier psiquiatra&rdquo;. Para el conferenciante, &ldquo;el hombre, adem&aacute;s, a diferencia del resto del mundo animal, es el &uacute;nico al que le gusta saber por saber, al margen de sus necesidades de subsistencia; nos gustan los sentidos por ellos mismos; lo que nos gusta no es tanto adecuarnos a la vida, sino contemplarla&rdquo;.<o:p><\/o:p><\/span><\/p>\n<p class=\"MsoNormal\"><span style=\"ofont-size: 10pt; ofont-family: Arial;\"><o:p>&nbsp;<\/o:p><\/span><\/p>\n<p class=\"MsoNormal\"><span style=\"ofont-size: 10pt; ofont-family: Arial;\">Ahondando en las caracter&iacute;sticas que definen al hombre como tal, G&oacute;mez Pin se&ntilde;al&oacute; la capacidad de raciocinio y el uso de la t&eacute;cnica como los dos elementos fundamentales que nos diferencian de los animales. Una capacidad de raciocinio que, seg&uacute;n el fil&oacute;sofo y escritor, &ldquo;hace que nos relacionemos con el mundo a trav&eacute;s de conceptos e ideas, con las que hacemos juicios y nos hace, por tanto, seres de juicio&rdquo;. <o:p><\/o:p><\/span><\/p>\n<p class=\"MsoNormal\"><span style=\"ofont-size: 10pt; ofont-family: Arial;\"><o:p>&nbsp;<\/o:p><\/span><\/p>\n<p class=\"MsoNormal\"><span style=\"ofont-size: 10pt; ofont-family: Arial;\">Otra de las caracter&iacute;sticas singularizadoras y espec&iacute;ficas del ser humano es el lenguaje. Para el conferenciante, &ldquo;mientras el resto de animales tienen c&oacute;digos de se&ntilde;ales, el hombre convirti&oacute; el instrumento del lenguaje en un fin en s&iacute; mismo&rdquo;, lo que llev&oacute; al fil&oacute;sofo a afirmar que &ldquo;quien instrumentaliza la palabra pierde su dignidad como hombre&rdquo;, y que &ldquo;un poeta es alguien que renuncia a usar la palabra como instrumento y se pone al servicio de la palabra&rdquo;.<o:p><\/o:p><\/span><\/p>\n<p class=\"MsoNormal\"><span style=\"ofont-size: 10pt; ofont-family: Arial;\"><o:p>&nbsp;<\/o:p><\/span><\/p>\n<p class=\"MsoNormal\"><span style=\"ofont-size: 10pt; ofont-family: Arial;\">Para finalizar su intervenci&oacute;n, G&oacute;mez Pin se&ntilde;al&oacute; que &ldquo;barbarie es no luchar por las condiciones necesarias para que toda la humanidad pueda realizarse encontrando la lucidez; y la libertad y la fertilidad del esp&iacute;ritu humano est&aacute; por encima de todas las prioridades&rdquo;.<\/span><\/p>\n<p><strong><span style=\"ofont-size: 10pt;\">Victor G&oacute;mez Pin<\/span><\/strong><span style=\"ofont-size: 10pt;\"> es catedr&aacute;tico de la Universidad Aut&oacute;noma de Barcelona, donde ense&ntilde;a <em>Teor&iacute;a del Conocimiento<\/em> e <em>Introducci&oacute;n al Pensamiento matem&aacute;tico<\/em>. Desde muy joven se traslad&oacute; a la Sorbona de Paris donde alcanz&oacute; el grado de <em>Doctor de Estado<\/em> con una tesis sobre el orden aristot&eacute;lico. Tras a&ntilde;os de docencia en universidades francesas se incorpor&oacute; a <\/span><span style=\"ofont-size: 10pt;\">la  Universidad<\/span><span style=\"ofont-size: 10pt;\"> del Pa&iacute;s Vasco de cuyo Departamento de Filosof&iacute;a fue el primer director.<\/span> <\/p>\n<p><span style=\"ofont-size: 10pt;\">Victor G&oacute;mez Pin es Cordinador del <em>Congreso Internacional de Ontolog&iacute;a,<\/em> cuyas ediciones desde hace 16 a&ntilde;os han merecido el patrocinio de la UNESCO.<\/span> <\/p>\n<p><span style=\"ofont-size: 10pt;\">Autor de casi una treintena de libros, ha obtenido entre otros los Premios Anagrama de Ensayo y Espasa de Ensayo. Entre sus obras destacan <em>El drama de la ciudad ideal<\/em>, <em>L&iacute;mites de la conciencia<\/em>, <em>El infinito<\/em>, <em>Descartes, la exigencia filos&oacute;fica<\/em>, <em>La dignidad<\/em> y <em>La tentaci&oacute;n pitag&oacute;rica<\/em>. Su &uacute;ltimo libro publicado es <em>Filosof&iacute;a: Interrogaciones que a todos conciernen<\/em>, en 2008.<\/span><\/p>\n<p class=\"MsoNormal\"><span style=\"ofont-size: 10pt; ofont-family: Arial;\"><o:p><\/o:p><\/span><\/p>\n<p><\/p>","protected":false},"featured_media":14214,"parent":0,"template":"","meta":{"_acf_changed":false,"ngg_post_thumbnail":0,"footnotes":""},"actividad_tipo":[34],"actividad_lugar":[],"actividad_departamento":[31],"actividad_ciclo":[72],"class_list":["post-14213","fcm_actividad","type-fcm_actividad","status-publish","has-post-thumbnail","hentry","actividad_tipo-conferencias","actividad_departamento-departamento-de-programas-culturales","actividad_ciclo-fronteras-y-direcciones-de-progreso"],"acf":[],"_links":{"self":[{"href":"https:\/\/fcmanrique.org\/de\/wp-json\/wp\/v2\/fcm_actividad\/14213","targetHints":{"allow":["GET"]}}],"collection":[{"href":"https:\/\/fcmanrique.org\/de\/wp-json\/wp\/v2\/fcm_actividad"}],"about":[{"href":"https:\/\/fcmanrique.org\/de\/wp-json\/wp\/v2\/types\/fcm_actividad"}],"version-history":[{"count":0,"href":"https:\/\/fcmanrique.org\/de\/wp-json\/wp\/v2\/fcm_actividad\/14213\/revisions"}],"wp:featuredmedia":[{"embeddable":true,"href":"https:\/\/fcmanrique.org\/de\/wp-json\/wp\/v2\/media\/14214"}],"wp:attachment":[{"href":"https:\/\/fcmanrique.org\/de\/wp-json\/wp\/v2\/media?parent=14213"}],"wp:term":[{"taxonomy":"actividad_tipo","embeddable":true,"href":"https:\/\/fcmanrique.org\/de\/wp-json\/wp\/v2\/actividad_tipo?post=14213"},{"taxonomy":"actividad_lugar","embeddable":true,"href":"https:\/\/fcmanrique.org\/de\/wp-json\/wp\/v2\/actividad_lugar?post=14213"},{"taxonomy":"actividad_departamento","embeddable":true,"href":"https:\/\/fcmanrique.org\/de\/wp-json\/wp\/v2\/actividad_departamento?post=14213"},{"taxonomy":"actividad_ciclo","embeddable":true,"href":"https:\/\/fcmanrique.org\/de\/wp-json\/wp\/v2\/actividad_ciclo?post=14213"}],"curies":[{"name":"wp","href":"https:\/\/api.w.org\/{rel}","templated":true}]}}

Víctor Gómez Pin. <em>Contra la barbarie: la filosofía educadora de la humanidad</em>

<p class="qtranxs-available-languages-message qtranxs-available-languages-message-de">Leider ist der Eintrag nur auf <a href="https://fcmanrique.org/es/wp-json/wp/v2/fcm_actividad/14213" class="qtranxs-available-language-link qtranxs-available-language-link-es" title="ES">ES</a> verfügbar.</p><p><meta http-equiv="Content-Type" content="text/html; charset=utf-8" /><br />
<meta name="ProgId" content="Word.Document" /><br />
<meta name="Generator" content="Microsoft Word 10" /><br />
<meta name="Originator" content="Microsoft Word 10" /> <!--[if gte mso 9]><xml>
<w:WordDocument>
<w:View>Normal</w:View>
<w:Zoom>0</w:Zoom>
<w:HyphenationZone>21</w:HyphenationZone>
<w:Compatibility>
<w:BreakWrappedTables />
<w:SnapToGridInCell />
<w:WrapTextWithPunct />
<w:UseAsianBreakRules />
</w:Compatibility>
<w:BrowserLevel>MicrosoftInternetExplorer4</w:BrowserLevel>
</w:WordDocument>
</xml><![endif]--></p>
<style type="text/css">
<!--
 /* Style Definitions */
 p.MsoNormal, li.MsoNormal, div.MsoNormal
	{mso-style-parent:"";
	margin:0cm;
	
	mso-pagination:widow-orphan;
	ofont-size:11.0pt;
	ofont-family:"Times New Roman";
	mso-fareast-ofont-family:"Times New Roman";
	mso-ofont-kerning:16.0pt;
	mso-bidi-ofont-weight:bold;}
@page Section1
	{size:612.0pt 792.0pt;
	margin:70.85pt 3.0cm 70.85pt 3.0cm;
	mso-header-margin:36.0pt;
	mso-footer-margin:36.0pt;
	mso-paper-source:0;}
div.Section1
	{page:Section1;}
-->
</style>
<p><!--[if gte mso 10]>


<style>
/* Style Definitions */
table.MsoNormalTable
{mso-style-name:"Tabla normal";
mso-tstyle-rowband-size:0;
mso-tstyle-colband-size:0;
mso-style-noshow:yes;
mso-style-parent:"";
mso-padding-alt:0cm 5.4pt 0cm 5.4pt;
mso-para-margin:0cm;
mso-para-
mso-pagination:widow-orphan;

ofont-family:"Times New Roman";}
</style>


<![endif]--><span style="ofont-size: 10pt; ofont-family: Arial;">&ldquo;Voy a hacer apolog&iacute;a de la filosof&iacute;a&rdquo;. As&iacute; comenz&oacute; V&iacute;ctor G&oacute;mez Pin la conferencia titulada </span><em><span style="ofont-size: 10pt; ofont-family: Arial;">Contra la barbarie: la filosof&iacute;a educadora de la humanidad</span></em><span style="ofont-size: 10pt; ofont-family: Arial;">, que ofreci&oacute; en la Sala Jos&eacute; Saramago de Arrecife</span><span style="ofont-size: 10pt; ofont-family: Arial;"> el 19 de marzo, con la que la FCM inaugur&oacute; su programa de actividades de 2009, y que puede verse desde el archivo de emisiones en <a href="http://www.tv.fcmanrique.org" style="ofont-weight: bold;" target="_blank">www.tv.fcmanrique.org</a></span><span style="ofont-size: 10pt; ofont-family: Arial;"><o:p></o:p></span></p>
<p class="MsoNormal"><span style="ofont-size: 10pt; ofont-family: Arial;"><o:p>&nbsp;</o:p></span></p>
<p class="MsoNormal"><span style="ofont-size: 10pt; ofont-family: Arial;">&ldquo;Es dif&iacute;cil convencer a la gente de que los fil&oacute;sofos hablan de cosas que conciernen a todos, y si hici&eacute;ramos una encuesta&rdquo;, introdujo G&oacute;mez Pin, &ldquo;y pregunt&aacute;ramos a la gente qu&eacute; es un fil&oacute;sofo, la respuesta seguramente ser&iacute;a esta: una persona que se ocupa de asuntos que no interesan a nadie (o s&oacute;lo a ellos mismos) y lo hacen adem&aacute;s con una terminolog&iacute;a oscura que no se entiende&rdquo;. Una idea que es injusta, a juicio del conferenciante, pero que a veces ha sido provocada por los propios fil&oacute;sofos.<o:p></o:p></span></p>
<p class="MsoNormal"><span style="ofont-size: 10pt; ofont-family: Arial;"><o:p>&nbsp;</o:p></span></p>
<p class="MsoNormal"><span style="ofont-size: 10pt; ofont-family: Arial;">G&oacute;mez Pin dedic&oacute; buena parte de su reflexi&oacute;n al fil&oacute;sofo griego Arist&oacute;teles, el primer bi&oacute;logo y f&iacute;sico de la Historia, que redact&oacute; la Constituci&oacute;n de Atenas, recolect&oacute; proverbios, hizo tratados de L&oacute;gica, de Cosmolog&iacute;a&hellip; y de Metaf&iacute;sica. &ldquo;Las primeras quince l&iacute;neas de la Metaf&iacute;sica aristot&eacute;lica explican qu&eacute; diferencia al hombre del resto de animales: todos los humanos desean / aspiran / necesitan, por su propia condici&oacute;n y naturaleza, la lucidez&rdquo;, afirm&oacute; el profesor G&oacute;mez Pin, quien a&ntilde;adi&oacute; que &ldquo;una sociedad que no permite alcanzar esa lucidez est&aacute; mutilando nuestra propia condici&oacute;n. Nuestros genes exigen lucidez, y donde no hay lucidez, hay s&iacute;ntoma, eso lo sabe cualquier psiquiatra&rdquo;. Para el conferenciante, &ldquo;el hombre, adem&aacute;s, a diferencia del resto del mundo animal, es el &uacute;nico al que le gusta saber por saber, al margen de sus necesidades de subsistencia; nos gustan los sentidos por ellos mismos; lo que nos gusta no es tanto adecuarnos a la vida, sino contemplarla&rdquo;.<o:p></o:p></span></p>
<p class="MsoNormal"><span style="ofont-size: 10pt; ofont-family: Arial;"><o:p>&nbsp;</o:p></span></p>
<p class="MsoNormal"><span style="ofont-size: 10pt; ofont-family: Arial;">Ahondando en las caracter&iacute;sticas que definen al hombre como tal, G&oacute;mez Pin se&ntilde;al&oacute; la capacidad de raciocinio y el uso de la t&eacute;cnica como los dos elementos fundamentales que nos diferencian de los animales. Una capacidad de raciocinio que, seg&uacute;n el fil&oacute;sofo y escritor, &ldquo;hace que nos relacionemos con el mundo a trav&eacute;s de conceptos e ideas, con las que hacemos juicios y nos hace, por tanto, seres de juicio&rdquo;. <o:p></o:p></span></p>
<p class="MsoNormal"><span style="ofont-size: 10pt; ofont-family: Arial;"><o:p>&nbsp;</o:p></span></p>
<p class="MsoNormal"><span style="ofont-size: 10pt; ofont-family: Arial;">Otra de las caracter&iacute;sticas singularizadoras y espec&iacute;ficas del ser humano es el lenguaje. Para el conferenciante, &ldquo;mientras el resto de animales tienen c&oacute;digos de se&ntilde;ales, el hombre convirti&oacute; el instrumento del lenguaje en un fin en s&iacute; mismo&rdquo;, lo que llev&oacute; al fil&oacute;sofo a afirmar que &ldquo;quien instrumentaliza la palabra pierde su dignidad como hombre&rdquo;, y que &ldquo;un poeta es alguien que renuncia a usar la palabra como instrumento y se pone al servicio de la palabra&rdquo;.<o:p></o:p></span></p>
<p class="MsoNormal"><span style="ofont-size: 10pt; ofont-family: Arial;"><o:p>&nbsp;</o:p></span></p>
<p class="MsoNormal"><span style="ofont-size: 10pt; ofont-family: Arial;">Para finalizar su intervenci&oacute;n, G&oacute;mez Pin se&ntilde;al&oacute; que &ldquo;barbarie es no luchar por las condiciones necesarias para que toda la humanidad pueda realizarse encontrando la lucidez; y la libertad y la fertilidad del esp&iacute;ritu humano est&aacute; por encima de todas las prioridades&rdquo;.</span></p>
<p><strong><span style="ofont-size: 10pt;">Victor G&oacute;mez Pin</span></strong><span style="ofont-size: 10pt;"> es catedr&aacute;tico de la Universidad Aut&oacute;noma de Barcelona, donde ense&ntilde;a <em>Teor&iacute;a del Conocimiento</em> e <em>Introducci&oacute;n al Pensamiento matem&aacute;tico</em>. Desde muy joven se traslad&oacute; a la Sorbona de Paris donde alcanz&oacute; el grado de <em>Doctor de Estado</em> con una tesis sobre el orden aristot&eacute;lico. Tras a&ntilde;os de docencia en universidades francesas se incorpor&oacute; a </span><span style="ofont-size: 10pt;">la  Universidad</span><span style="ofont-size: 10pt;"> del Pa&iacute;s Vasco de cuyo Departamento de Filosof&iacute;a fue el primer director.</span> </p>
<p><span style="ofont-size: 10pt;">Victor G&oacute;mez Pin es Cordinador del <em>Congreso Internacional de Ontolog&iacute;a,</em> cuyas ediciones desde hace 16 a&ntilde;os han merecido el patrocinio de la UNESCO.</span> </p>
<p><span style="ofont-size: 10pt;">Autor de casi una treintena de libros, ha obtenido entre otros los Premios Anagrama de Ensayo y Espasa de Ensayo. Entre sus obras destacan <em>El drama de la ciudad ideal</em>, <em>L&iacute;mites de la conciencia</em>, <em>El infinito</em>, <em>Descartes, la exigencia filos&oacute;fica</em>, <em>La dignidad</em> y <em>La tentaci&oacute;n pitag&oacute;rica</em>. Su &uacute;ltimo libro publicado es <em>Filosof&iacute;a: Interrogaciones que a todos conciernen</em>, en 2008.</span></p>
<p class="MsoNormal"><span style="ofont-size: 10pt; ofont-family: Arial;"><o:p></o:p></span></p>
<p></p>
