{"id":14425,"date":"2011-09-28T00:00:00","date_gmt":"2011-09-28T00:00:00","guid":{"rendered":"https:\/\/fcmanrique.org\/fcm-actividad\/conclusiones-del-dictamen-encargado\/"},"modified":"2011-09-28T00:00:00","modified_gmt":"2011-09-28T00:00:00","slug":"conclusiones-del-dictamen-encargado","status":"publish","type":"fcm_actividad","link":"https:\/\/fcmanrique.org\/de\/fcm-actividad\/conclusiones-del-dictamen-encargado\/","title":{"rendered":"Conclusiones del dictamen encargado por la FCM sobre la v\u00eda propuesta por el Cabildo Insular para la normalizaci\u00f3n de los establecimientos tur\u00edsticos alojativos ilegales de Lanzarote"},"content":{"rendered":"<p class=\"qtranxs-available-languages-message qtranxs-available-languages-message-de\">Leider ist der Eintrag nur auf <a href=\"https:\/\/fcmanrique.org\/es\/wp-json\/wp\/v2\/fcm_actividad\/14425\" class=\"qtranxs-available-language-link qtranxs-available-language-link-es\" title=\"ES\">ES<\/a> verf\u00fcgbar.<\/p><p><!--[if gte mso 9]><xml>\n \n  Normal\n  0\n  21\n  \n  \n  false\n  false\n  false\n  \n   \n   \n   \n   \n   \n  \n  MicrosoftInternetExplorer4\n \n<\/xml><![endif]--><\/p>\n<p style=\"text-align:justify\"><span style=\"color:black\">La  Fundaci&oacute;n C&eacute;sar<\/span><span style=\"color:black\"> Manrique es parte directamente interesada en el conflicto suscitado por la anulaci&oacute;n de m&aacute;s de doce mil plazas alojativas, a instancia de las acciones judiciales emprendidas en su momento por Cabildo de Lanzarote y la FCM. No obstante, hasta ahora nunca ha participado en conversaciones con el Cabildo ni con sus equipos t&eacute;cnicos sobre este asunto, a pesar de estar directamente comprometida en la ejecuci&oacute;n de las sentencias y constituir un eslab&oacute;n determinante. Una vez tomado conocimiento de las intenciones y de la v&iacute;a elegida por el Cabildo para encarar un conflicto que curiosamente la instituci&oacute;n no hab&iacute;a provocado, tras recabar opini&oacute;n de sus servicios t&eacute;cnicos y jur&iacute;dicos, lleg&oacute; a la conclusi&oacute;n inicial de que se trataba de una actuaci&oacute;n arriesgada y abiertamente controvertida. Por consiguiente, la FCM procedi&oacute; a encargar un Dictamen a un reputado jurista de prestigio nacional, que evaluase y se pronunciase sobre &ldquo;la procedencia de la v&iacute;a establecida por el art&iacute;culo 47 TRLOTENC para la normalizaci&oacute;n de los establecimientos tur&iacute;sticos alojativos irregulares en la isla de Lanzarote&rdquo;.<\/span><\/p>\n<p><span style=\"color:black\">As&iacute; las cosas, la FCM dispone ya de dicho Dictamen, emitido por el Catedr&aacute;tico de Derecho Administrativo de la  Universidad Complutense de Madrid Tom&aacute;s Ram&oacute;n Fern&aacute;ndez, cuyas conclusiones difunde a trav&eacute;s de este comunicado.<\/span><span > <br \/> <\/span><\/p>\n<p><span >(M&aacute;s informaci&oacute;n en el documento PDF adjunto)<\/span><\/p>\n<p><!--[if gte mso 9]><![endif]--><!--[if !mso]>\n\n\n<style>\nst1:*{behavior:url(#ieooui) }\n<\/style>\n\n\n<![endif]--><!--[if gte mso 10]>\n\n\n<style>\n \/* Style Definitions *\/\n table.MsoNormalTable\n\t{mso-style-name:\"Tabla normal\";\n\tmso-style-parent:\"\";\n\t\"Times New Roman\";}\n<\/style>\n\n\n<![endif]--> <!--[if gte mso 9]><xml>\n<w:WordDocument>\n<w:View>Normal<\/w:View>\n<w:Zoom>0<\/w:Zoom>\n<w:HyphenationZone>21<\/w:HyphenationZone>\n<w:PunctuationKerning \/>\n<w:ValidateAgainstSchemas \/>\n<w:SaveIfXMLInvalid>false<\/w:SaveIfXMLInvalid>\n<w:IgnoreMixedContent>false<\/w:IgnoreMixedContent>\n<w:AlwaysShowPlaceholderText>false<\/w:AlwaysShowPlaceholderText>\n<w:Compatibility>\n<w:BreakWrappedTables \/>\n<w:SnapToGridInCell \/>\n<w:WrapTextWithPunct \/>\n<w:UseAsianBreakRules \/>\n<w:DontGrowAutofit \/>\n<\/w:Compatibility>\n<w:BrowserLevel>MicrosoftInternetExplorer4<\/w:BrowserLevel>\n<\/w:WordDocument>\n<\/xml><![endif]--><!--[if gte mso 9]><xml>\n<w:LatentStyles DefLockedState=\"false\" LatentStyleCount=\"156\">\n<\/w:LatentStyles>\n<\/xml><![endif]--><!--[if !mso]><object \nclassid=\"clsid:38481807-CA0E-42D2-BF39-B33AF135CC4D\" id=ieooui><\/object>\n\n\n<style>\nst1:*{behavior:url(#ieooui) }\n<\/style>\n\n\n<![endif]--><!--[if gte mso 10]>\n\n\n<style>\n\/* Style Definitions *\/\ntable.MsoNormalTable\n{mso-style-name:\"Tabla normal\";\nmso-tstyle-rowband-size:0;\nmso-tstyle-colband-size:0;\nmso-style-noshow:yes;\nmso-style-parent:\"\";\nmso-padding-alt:0cm 5.4pt 0cm 5.4pt;\nmso-para-margin:0cm;\nmso-para-\nmso-pagination:widow-orphan;\n\nofont-family:\"Times New Roman\";\nmso-ansi-language:#0400;\nmso-fareast-language:#0400;\nmso-bidi-language:#0400;}\n<\/style>\n\n\n<![endif]--><\/p>","protected":false},"featured_media":14426,"parent":0,"template":"","meta":{"_acf_changed":false,"ngg_post_thumbnail":0,"footnotes":""},"actividad_tipo":[39],"actividad_lugar":[],"actividad_departamento":[29],"actividad_ciclo":[],"class_list":["post-14425","fcm_actividad","type-fcm_actividad","status-publish","has-post-thumbnail","hentry","actividad_tipo-informes-y-alegaciones","actividad_departamento-departamento-de-territorio-y-medio-ambiente"],"acf":[],"_links":{"self":[{"href":"https:\/\/fcmanrique.org\/de\/wp-json\/wp\/v2\/fcm_actividad\/14425","targetHints":{"allow":["GET"]}}],"collection":[{"href":"https:\/\/fcmanrique.org\/de\/wp-json\/wp\/v2\/fcm_actividad"}],"about":[{"href":"https:\/\/fcmanrique.org\/de\/wp-json\/wp\/v2\/types\/fcm_actividad"}],"version-history":[{"count":0,"href":"https:\/\/fcmanrique.org\/de\/wp-json\/wp\/v2\/fcm_actividad\/14425\/revisions"}],"wp:featuredmedia":[{"embeddable":true,"href":"https:\/\/fcmanrique.org\/de\/wp-json\/wp\/v2\/media\/14426"}],"wp:attachment":[{"href":"https:\/\/fcmanrique.org\/de\/wp-json\/wp\/v2\/media?parent=14425"}],"wp:term":[{"taxonomy":"actividad_tipo","embeddable":true,"href":"https:\/\/fcmanrique.org\/de\/wp-json\/wp\/v2\/actividad_tipo?post=14425"},{"taxonomy":"actividad_lugar","embeddable":true,"href":"https:\/\/fcmanrique.org\/de\/wp-json\/wp\/v2\/actividad_lugar?post=14425"},{"taxonomy":"actividad_departamento","embeddable":true,"href":"https:\/\/fcmanrique.org\/de\/wp-json\/wp\/v2\/actividad_departamento?post=14425"},{"taxonomy":"actividad_ciclo","embeddable":true,"href":"https:\/\/fcmanrique.org\/de\/wp-json\/wp\/v2\/actividad_ciclo?post=14425"}],"curies":[{"name":"wp","href":"https:\/\/api.w.org\/{rel}","templated":true}]}}

Conclusiones del dictamen encargado por la FCM sobre la vía propuesta por el Cabildo Insular para la normalización de los establecimientos turísticos alojativos ilegales de Lanzarote

<p class="qtranxs-available-languages-message qtranxs-available-languages-message-de">Leider ist der Eintrag nur auf <a href="https://fcmanrique.org/es/wp-json/wp/v2/fcm_actividad/14425" class="qtranxs-available-language-link qtranxs-available-language-link-es" title="ES">ES</a> verfügbar.</p><p><!--[if gte mso 9]><xml>
 
  Normal
  0
  21
  
  
  false
  false
  false
  
   
   
   
   
   
  
  MicrosoftInternetExplorer4
 
</xml><![endif]--></p>
<p style="text-align:justify"><span style="color:black">La  Fundaci&oacute;n C&eacute;sar</span><span style="color:black"> Manrique es parte directamente interesada en el conflicto suscitado por la anulaci&oacute;n de m&aacute;s de doce mil plazas alojativas, a instancia de las acciones judiciales emprendidas en su momento por Cabildo de Lanzarote y la FCM. No obstante, hasta ahora nunca ha participado en conversaciones con el Cabildo ni con sus equipos t&eacute;cnicos sobre este asunto, a pesar de estar directamente comprometida en la ejecuci&oacute;n de las sentencias y constituir un eslab&oacute;n determinante. Una vez tomado conocimiento de las intenciones y de la v&iacute;a elegida por el Cabildo para encarar un conflicto que curiosamente la instituci&oacute;n no hab&iacute;a provocado, tras recabar opini&oacute;n de sus servicios t&eacute;cnicos y jur&iacute;dicos, lleg&oacute; a la conclusi&oacute;n inicial de que se trataba de una actuaci&oacute;n arriesgada y abiertamente controvertida. Por consiguiente, la FCM procedi&oacute; a encargar un Dictamen a un reputado jurista de prestigio nacional, que evaluase y se pronunciase sobre &ldquo;la procedencia de la v&iacute;a establecida por el art&iacute;culo 47 TRLOTENC para la normalizaci&oacute;n de los establecimientos tur&iacute;sticos alojativos irregulares en la isla de Lanzarote&rdquo;.</span></p>
<p><span style="color:black">As&iacute; las cosas, la FCM dispone ya de dicho Dictamen, emitido por el Catedr&aacute;tico de Derecho Administrativo de la  Universidad Complutense de Madrid Tom&aacute;s Ram&oacute;n Fern&aacute;ndez, cuyas conclusiones difunde a trav&eacute;s de este comunicado.</span><span > <br /> </span></p>
<p><span >(M&aacute;s informaci&oacute;n en el documento PDF adjunto)</span></p>
<p><!--[if gte mso 9]><![endif]--><!--[if !mso]>


<style>
st1:*{behavior:url(#ieooui) }
</style>


<![endif]--><!--[if gte mso 10]>


<style>
 /* Style Definitions */
 table.MsoNormalTable
	{mso-style-name:"Tabla normal";
	mso-style-parent:"";
	"Times New Roman";}
</style>


<![endif]--> <!--[if gte mso 9]><xml>
<w:WordDocument>
<w:View>Normal</w:View>
<w:Zoom>0</w:Zoom>
<w:HyphenationZone>21</w:HyphenationZone>
<w:PunctuationKerning />
<w:ValidateAgainstSchemas />
<w:SaveIfXMLInvalid>false</w:SaveIfXMLInvalid>
<w:IgnoreMixedContent>false</w:IgnoreMixedContent>
<w:AlwaysShowPlaceholderText>false</w:AlwaysShowPlaceholderText>
<w:Compatibility>
<w:BreakWrappedTables />
<w:SnapToGridInCell />
<w:WrapTextWithPunct />
<w:UseAsianBreakRules />
<w:DontGrowAutofit />
</w:Compatibility>
<w:BrowserLevel>MicrosoftInternetExplorer4</w:BrowserLevel>
</w:WordDocument>
</xml><![endif]--><!--[if gte mso 9]><xml>
<w:LatentStyles DefLockedState="false" LatentStyleCount="156">
</w:LatentStyles>
</xml><![endif]--><!--[if !mso]><object 
classid="clsid:38481807-CA0E-42D2-BF39-B33AF135CC4D" id=ieooui></object>


<style>
st1:*{behavior:url(#ieooui) }
</style>


<![endif]--><!--[if gte mso 10]>


<style>
/* Style Definitions */
table.MsoNormalTable
{mso-style-name:"Tabla normal";
mso-tstyle-rowband-size:0;
mso-tstyle-colband-size:0;
mso-style-noshow:yes;
mso-style-parent:"";
mso-padding-alt:0cm 5.4pt 0cm 5.4pt;
mso-para-margin:0cm;
mso-para-
mso-pagination:widow-orphan;

ofont-family:"Times New Roman";
mso-ansi-language:#0400;
mso-fareast-language:#0400;
mso-bidi-language:#0400;}
</style>


<![endif]--></p>
