{"id":23205,"date":"2022-10-27T10:37:43","date_gmt":"2022-10-27T10:37:43","guid":{"rendered":"https:\/\/fcmanrique.org\/?post_type=fcm_actividad&#038;p=23205"},"modified":"2022-10-27T10:40:23","modified_gmt":"2022-10-27T10:40:23","slug":"lanzarote-es-el-origen-del-festival-porque-el-ficmec-salio-de-la-mente-de-cesar-manrique","status":"publish","type":"fcm_actividad","link":"https:\/\/fcmanrique.org\/de\/fcm-actividad\/lanzarote-es-el-origen-del-festival-porque-el-ficmec-salio-de-la-mente-de-cesar-manrique\/","title":{"rendered":"&#8220;Lanzarote es el origen del festival porque el FICMEC sali\u00f3 de la mente de C\u00e9sar Manrique&#8220;"},"content":{"rendered":"<p class=\"qtranxs-available-languages-message qtranxs-available-languages-message-de\">Leider ist der Eintrag nur auf <a href=\"https:\/\/fcmanrique.org\/es\/wp-json\/wp\/v2\/fcm_actividad\/23205\" class=\"qtranxs-available-language-link qtranxs-available-language-link-es\" title=\"ES\">ES<\/a> verf\u00fcgbar.<\/p><p><\/p>\n<p class=\"Textbody\">El Festival Internacional de Cine Medioambiental de Canarias (FICMEC) volvi\u00f3 a la sala Jos\u00e9 Saramago de la Fundaci\u00f3n C\u00e9sar Manrique (FCM). En la primera sesi\u00f3n, el martes 25 de octubre de 2022, se proyectaron cuatro cortometrajes y una pel\u00edcula, y en la segunda, al d\u00eda siguiente, dos largometrajes, uno de ficci\u00f3n y el otro documental.<\/p>\n<p><a href=\"https:\/\/fcmanrique.org\/wp-content\/uploads\/fc-manrique-actividad-ficmec2.jpg\"><img loading=\"lazy\" decoding=\"async\" class=\"alignnone size-full wp-image-23210\" src=\"https:\/\/fcmanrique.org\/wp-content\/uploads\/fc-manrique-actividad-ficmec2.jpg\" alt=\"\" width=\"920\" height=\"611\" srcset=\"https:\/\/fcmanrique.org\/wp-content\/uploads\/fc-manrique-actividad-ficmec2.jpg 920w, https:\/\/fcmanrique.org\/wp-content\/uploads\/fc-manrique-actividad-ficmec2-300x199.jpg 300w, https:\/\/fcmanrique.org\/wp-content\/uploads\/fc-manrique-actividad-ficmec2-768x510.jpg 768w, https:\/\/fcmanrique.org\/wp-content\/uploads\/fc-manrique-actividad-ficmec2-289x192.jpg 289w\" sizes=\"auto, (max-width: 920px) 100vw, 920px\" \/><\/a><\/p>\n<p class=\"Textbody\">Durante la presentaci\u00f3n, Bisi Quevedo, conservadora de la FCM, se\u00f1al\u00f3 que este festival es \u201cun espacio de reflexi\u00f3n sobre la aceleraci\u00f3n de los hechos y procesos relacionados con la Naturaleza\u201d. Record\u00f3 que este festival es testigo directo del Festival de cine medioambiental de Puerto de la Cruz, que fue pionero en este tipo de contenidos. \u201cAhora contin\u00faa con una mirada contempor\u00e1nea y m\u00e1s compleja, centr\u00e1ndose en el medio ambiente, que es uno de los asuntos que m\u00e1s perturban en nuestro tiempo\u201d.<\/p>\n<p class=\"Textbody\">El coordinador general del FICMEC, Javier Poleo, agradeci\u00f3, en primer lugar, el apoyo de la FCM al festival, un \u201capoyo continuado&#8220; que dura ya ocho a\u00f1os. La sala Saramago se ha convertido en uno de los puntos habituales para la itinerancia de este festival, que tiene su sede en Garachico, Tenerife. Poleo se\u00f1al\u00f3 que \u201cvenir a Lanzarote es volver al origen\u201d, porque el festival \u201csali\u00f3 de la mente de C\u00e9sar Manrique y de un colectivo de personas con estas inquietudes en los a\u00f1os 80\u201d.<\/p>\n<p><a href=\"https:\/\/fcmanrique.org\/wp-content\/uploads\/fc-manrique-actividad-ficmec1.jpg\"><img loading=\"lazy\" decoding=\"async\" class=\"alignnone wp-image-23209 size-full\" src=\"https:\/\/fcmanrique.org\/wp-content\/uploads\/fc-manrique-actividad-ficmec1.jpg\" alt=\"\" width=\"920\" height=\"605\" srcset=\"https:\/\/fcmanrique.org\/wp-content\/uploads\/fc-manrique-actividad-ficmec1.jpg 920w, https:\/\/fcmanrique.org\/wp-content\/uploads\/fc-manrique-actividad-ficmec1-300x197.jpg 300w, https:\/\/fcmanrique.org\/wp-content\/uploads\/fc-manrique-actividad-ficmec1-768x505.jpg 768w, https:\/\/fcmanrique.org\/wp-content\/uploads\/fc-manrique-actividad-ficmec1-289x190.jpg 289w\" sizes=\"auto, (max-width: 920px) 100vw, 920px\" \/><\/a><\/p>\n<p class=\"Textbody\">Destac\u00f3 que las pel\u00edculas y cortometrajes seleccionados para la ocasi\u00f3n, pero tambi\u00e9n la mayor\u00eda de los que se proyectan en el festival, tienen un elemento com\u00fan, que es \u201cla relaci\u00f3n del ser humano con el entorno en el que desenvuelve sus estrategias, sean estas de supervivencia o de desarrollo\u201d, que es uno de los grandes temas de nuestro tiempo.<\/p>\n<p class=\"Textbody\">Adem\u00e1s de la proyecci\u00f3n de las pel\u00edculas y cortos, tanto documentales como de ficci\u00f3n, en las sesiones de tarde, la programaci\u00f3n del festival en Lanzarote se completa, con proyecciones diferentes, en sesiones matinales de educaci\u00f3n ambiental dirigidas a alumnos de ense\u00f1anza primaria y secundaria.<\/p>\n<p><a href=\"https:\/\/fcmanrique.org\/wp-content\/uploads\/plantilla-FCM-simple-ficmec-03.jpg\"><img loading=\"lazy\" decoding=\"async\" class=\"alignnone wp-image-23184 size-full\" src=\"https:\/\/fcmanrique.org\/wp-content\/uploads\/plantilla-FCM-simple-ficmec-03.jpg\" alt=\"\" width=\"1200\" height=\"1200\" srcset=\"https:\/\/fcmanrique.org\/wp-content\/uploads\/plantilla-FCM-simple-ficmec-03.jpg 1200w, https:\/\/fcmanrique.org\/wp-content\/uploads\/plantilla-FCM-simple-ficmec-03-300x300.jpg 300w, https:\/\/fcmanrique.org\/wp-content\/uploads\/plantilla-FCM-simple-ficmec-03-1024x1024.jpg 1024w, https:\/\/fcmanrique.org\/wp-content\/uploads\/plantilla-FCM-simple-ficmec-03-150x150.jpg 150w, https:\/\/fcmanrique.org\/wp-content\/uploads\/plantilla-FCM-simple-ficmec-03-768x768.jpg 768w, https:\/\/fcmanrique.org\/wp-content\/uploads\/plantilla-FCM-simple-ficmec-03-246x246.jpg 246w\" sizes=\"auto, (max-width: 1200px) 100vw, 1200px\" \/><\/a><\/p>\n<p>M\u00e1s informaci\u00f3n: <a href=\"https:\/\/fcmanrique.org\/wp-content\/uploads\/fc-manrique-nota-de-prensa-ficmec.pdf\">Nota de prensa<\/a> y <a href=\"https:\/\/fcmanrique.org\/wp-content\/uploads\/fc-manrique-folleto-ficmec-2022.pdf\">Folleto FICMEC<\/a><\/p>","protected":false},"featured_media":23211,"parent":0,"template":"","meta":{"_acf_changed":false,"ngg_post_thumbnail":0,"footnotes":""},"actividad_tipo":[],"actividad_lugar":[],"actividad_departamento":[],"actividad_ciclo":[],"class_list":["post-23205","fcm_actividad","type-fcm_actividad","status-publish","has-post-thumbnail","hentry"],"acf":[],"_links":{"self":[{"href":"https:\/\/fcmanrique.org\/de\/wp-json\/wp\/v2\/fcm_actividad\/23205","targetHints":{"allow":["GET"]}}],"collection":[{"href":"https:\/\/fcmanrique.org\/de\/wp-json\/wp\/v2\/fcm_actividad"}],"about":[{"href":"https:\/\/fcmanrique.org\/de\/wp-json\/wp\/v2\/types\/fcm_actividad"}],"version-history":[{"count":5,"href":"https:\/\/fcmanrique.org\/de\/wp-json\/wp\/v2\/fcm_actividad\/23205\/revisions"}],"predecessor-version":[{"id":23214,"href":"https:\/\/fcmanrique.org\/de\/wp-json\/wp\/v2\/fcm_actividad\/23205\/revisions\/23214"}],"wp:featuredmedia":[{"embeddable":true,"href":"https:\/\/fcmanrique.org\/de\/wp-json\/wp\/v2\/media\/23211"}],"wp:attachment":[{"href":"https:\/\/fcmanrique.org\/de\/wp-json\/wp\/v2\/media?parent=23205"}],"wp:term":[{"taxonomy":"actividad_tipo","embeddable":true,"href":"https:\/\/fcmanrique.org\/de\/wp-json\/wp\/v2\/actividad_tipo?post=23205"},{"taxonomy":"actividad_lugar","embeddable":true,"href":"https:\/\/fcmanrique.org\/de\/wp-json\/wp\/v2\/actividad_lugar?post=23205"},{"taxonomy":"actividad_departamento","embeddable":true,"href":"https:\/\/fcmanrique.org\/de\/wp-json\/wp\/v2\/actividad_departamento?post=23205"},{"taxonomy":"actividad_ciclo","embeddable":true,"href":"https:\/\/fcmanrique.org\/de\/wp-json\/wp\/v2\/actividad_ciclo?post=23205"}],"curies":[{"name":"wp","href":"https:\/\/api.w.org\/{rel}","templated":true}]}}

&#8220;Lanzarote es el origen del festival porque el FICMEC salió de la mente de César Manrique&#8220;

<p class="qtranxs-available-languages-message qtranxs-available-languages-message-de">Leider ist der Eintrag nur auf <a href="https://fcmanrique.org/es/wp-json/wp/v2/fcm_actividad/23205" class="qtranxs-available-language-link qtranxs-available-language-link-es" title="ES">ES</a> verfügbar.</p><p></p>
<p class="Textbody">El Festival Internacional de Cine Medioambiental de Canarias (FICMEC) volvió a la sala José Saramago de la Fundación César Manrique (FCM). En la primera sesión, el martes 25 de octubre de 2022, se proyectaron cuatro cortometrajes y una película, y en la segunda, al día siguiente, dos largometrajes, uno de ficción y el otro documental.</p>
<p><a href="https://fcmanrique.org/wp-content/uploads/fc-manrique-actividad-ficmec2.jpg"><img loading="lazy" decoding="async" class="alignnone size-full wp-image-23210" src="https://fcmanrique.org/wp-content/uploads/fc-manrique-actividad-ficmec2.jpg" alt="" width="920" height="611" srcset="https://fcmanrique.org/wp-content/uploads/fc-manrique-actividad-ficmec2.jpg 920w, https://fcmanrique.org/wp-content/uploads/fc-manrique-actividad-ficmec2-300x199.jpg 300w, https://fcmanrique.org/wp-content/uploads/fc-manrique-actividad-ficmec2-768x510.jpg 768w, https://fcmanrique.org/wp-content/uploads/fc-manrique-actividad-ficmec2-289x192.jpg 289w" sizes="auto, (max-width: 920px) 100vw, 920px" /></a></p>
<p class="Textbody">Durante la presentación, Bisi Quevedo, conservadora de la FCM, señaló que este festival es “un espacio de reflexión sobre la aceleración de los hechos y procesos relacionados con la Naturaleza”. Recordó que este festival es testigo directo del Festival de cine medioambiental de Puerto de la Cruz, que fue pionero en este tipo de contenidos. “Ahora continúa con una mirada contemporánea y más compleja, centrándose en el medio ambiente, que es uno de los asuntos que más perturban en nuestro tiempo”.</p>
<p class="Textbody">El coordinador general del FICMEC, Javier Poleo, agradeció, en primer lugar, el apoyo de la FCM al festival, un “apoyo continuado&#8220; que dura ya ocho años. La sala Saramago se ha convertido en uno de los puntos habituales para la itinerancia de este festival, que tiene su sede en Garachico, Tenerife. Poleo señaló que “venir a Lanzarote es volver al origen”, porque el festival “salió de la mente de César Manrique y de un colectivo de personas con estas inquietudes en los años 80”.</p>
<p><a href="https://fcmanrique.org/wp-content/uploads/fc-manrique-actividad-ficmec1.jpg"><img loading="lazy" decoding="async" class="alignnone wp-image-23209 size-full" src="https://fcmanrique.org/wp-content/uploads/fc-manrique-actividad-ficmec1.jpg" alt="" width="920" height="605" srcset="https://fcmanrique.org/wp-content/uploads/fc-manrique-actividad-ficmec1.jpg 920w, https://fcmanrique.org/wp-content/uploads/fc-manrique-actividad-ficmec1-300x197.jpg 300w, https://fcmanrique.org/wp-content/uploads/fc-manrique-actividad-ficmec1-768x505.jpg 768w, https://fcmanrique.org/wp-content/uploads/fc-manrique-actividad-ficmec1-289x190.jpg 289w" sizes="auto, (max-width: 920px) 100vw, 920px" /></a></p>
<p class="Textbody">Destacó que las películas y cortometrajes seleccionados para la ocasión, pero también la mayoría de los que se proyectan en el festival, tienen un elemento común, que es “la relación del ser humano con el entorno en el que desenvuelve sus estrategias, sean estas de supervivencia o de desarrollo”, que es uno de los grandes temas de nuestro tiempo.</p>
<p class="Textbody">Además de la proyección de las películas y cortos, tanto documentales como de ficción, en las sesiones de tarde, la programación del festival en Lanzarote se completa, con proyecciones diferentes, en sesiones matinales de educación ambiental dirigidas a alumnos de enseñanza primaria y secundaria.</p>
<p><a href="https://fcmanrique.org/wp-content/uploads/plantilla-FCM-simple-ficmec-03.jpg"><img loading="lazy" decoding="async" class="alignnone wp-image-23184 size-full" src="https://fcmanrique.org/wp-content/uploads/plantilla-FCM-simple-ficmec-03.jpg" alt="" width="1200" height="1200" srcset="https://fcmanrique.org/wp-content/uploads/plantilla-FCM-simple-ficmec-03.jpg 1200w, https://fcmanrique.org/wp-content/uploads/plantilla-FCM-simple-ficmec-03-300x300.jpg 300w, https://fcmanrique.org/wp-content/uploads/plantilla-FCM-simple-ficmec-03-1024x1024.jpg 1024w, https://fcmanrique.org/wp-content/uploads/plantilla-FCM-simple-ficmec-03-150x150.jpg 150w, https://fcmanrique.org/wp-content/uploads/plantilla-FCM-simple-ficmec-03-768x768.jpg 768w, https://fcmanrique.org/wp-content/uploads/plantilla-FCM-simple-ficmec-03-246x246.jpg 246w" sizes="auto, (max-width: 1200px) 100vw, 1200px" /></a></p>
<p>Más información: <a href="https://fcmanrique.org/wp-content/uploads/fc-manrique-nota-de-prensa-ficmec.pdf">Nota de prensa</a> y <a href="https://fcmanrique.org/wp-content/uploads/fc-manrique-folleto-ficmec-2022.pdf">Folleto FICMEC</a></p>
