{"id":26246,"date":"2024-11-08T15:33:41","date_gmt":"2024-11-08T15:33:41","guid":{"rendered":"https:\/\/fcmanrique.org\/?post_type=fcm_actividad&#038;p=26246"},"modified":"2025-05-23T13:41:48","modified_gmt":"2025-05-23T13:41:48","slug":"zabalbeascoa-una-acera-es-la-verdadera-democracia","status":"publish","type":"fcm_actividad","link":"https:\/\/fcmanrique.org\/de\/fcm-actividad\/zabalbeascoa-una-acera-es-la-verdadera-democracia\/","title":{"rendered":"Anatxu Zabalbeascoa: \u00abUna acera es la verdadera democracia\u00bb"},"content":{"rendered":"<p class=\"qtranxs-available-languages-message qtranxs-available-languages-message-de\">Leider ist der Eintrag nur auf <a href=\"https:\/\/fcmanrique.org\/es\/wp-json\/wp\/v2\/fcm_actividad\/26246\" class=\"qtranxs-available-language-link qtranxs-available-language-link-es\" title=\"ES\">ES<\/a> verf\u00fcgbar.<\/p><p>Una de las ventajas de ser periodista es la de ver el mundo con un gran angular, de lo micro a lo macro. \u201cPor eso acabamos elaborando una idea conectada de las cosas\u201d. Esa visi\u00f3n period\u00edstica es la que expuso Anatxu Zabalbeascoa en su conferencia \u2018Reconquista y renaturalizaci\u00f3n del espacio p\u00fablico\u2019, el d\u00eda 7 de noviembre. Un recorrido apoyado en im\u00e1genes sobre \u201cc\u00f3mo hemos pasado de construir ciudades a destruirlas\u201d que a\u00f1adi\u00f3 tambi\u00e9n iniciativas esperanzadoras.<\/p>\n<p>Tras ese cambio destructivo se esconden varios motivos: el fundamental es el econ\u00f3mico, la mercantilizaci\u00f3n del espacio p\u00fablico, pero tambi\u00e9n la relaci\u00f3n con la naturaleza, que antes era algo temible \u201cy despu\u00e9s pas\u00f3 a ser algo de lo que cuidar sin darnos cuenta de que nosotros tambi\u00e9n somos naturaleza\u201d.<\/p>\n<p>El coche es otro de los grandes problemas. Ha tenido un \u00e9xito incontestable y las ciudades se han adaptado a los veh\u00edculos, pero en toda ciudad llega un momento en que genera m\u00e1s problemas que soluciones. Y muchas de las cosas que ocurren localmente acaban ocurriendo globalmente.<\/p>\n<p>Otro cambio es el paso de la ciudad informal a la ciudad formal. En Espa\u00f1a conviv\u00edan las dos formas, pero la informal se ha ido borrando. \u201cLa manera informal de vivir tiene algunas ventajas que nosotros hemos perdido\u201d.<\/p>\n<p><a href=\"https:\/\/fcmanrique.org\/wp-content\/uploads\/fcmanrique-conferencia-anatxu-zabalbeascoa.jpg\"><img loading=\"lazy\" decoding=\"async\" class=\"alignnone size-full wp-image-26254\" src=\"https:\/\/fcmanrique.org\/wp-content\/uploads\/fcmanrique-conferencia-anatxu-zabalbeascoa.jpg\" alt=\"\" width=\"920\" height=\"613\" srcset=\"https:\/\/fcmanrique.org\/wp-content\/uploads\/fcmanrique-conferencia-anatxu-zabalbeascoa.jpg 920w, https:\/\/fcmanrique.org\/wp-content\/uploads\/fcmanrique-conferencia-anatxu-zabalbeascoa-300x200.jpg 300w, https:\/\/fcmanrique.org\/wp-content\/uploads\/fcmanrique-conferencia-anatxu-zabalbeascoa-768x512.jpg 768w, https:\/\/fcmanrique.org\/wp-content\/uploads\/fcmanrique-conferencia-anatxu-zabalbeascoa-289x193.jpg 289w\" sizes=\"auto, (max-width: 920px) 100vw, 920px\" \/><\/a><\/p>\n<p>Una consecuencia de hacer que las ciudades sean rentables es lo que pasa con las aceras. \u00bfQui\u00e9n las hace? Porque en algunos lugares es un lujo y, sin embargo, \u201cuna acera es la verdadera democracia\u201d. Con la misma l\u00f3gica, se va privatizando el espacio p\u00fablico a pesar de que la calle tambi\u00e9n es un lugar de encuentro, no solo de conexi\u00f3n. La calle puede ser un lugar de juegos, una extensi\u00f3n de la casa, una escuela\u2026 \u201cCon gente, la calle es m\u00e1s segura\u201d, se\u00f1al\u00f3 Zabalbeascoa. Pero, en lugar de promover el encuentro, se hacen \u201cciudades que pinchan\u201d, que colocan mobiliario para evitar que la gente se siente o se tumbe, como en la Puerta del Sol de Madrid. \u201cSe invierte dinero en vallarlo todo\u201d.<\/p>\n<p>Frente a esto, la periodista de \u2018El Pa\u00eds\u2019 puso ejemplos de intervenciones m\u00e1s humanas, como una acera-calle en el Carmelo (Barcelona) o una intervenci\u00f3n relacionada con el patrimonio en M\u00e9rida que hace posible su protecci\u00f3n y su disfrute.<\/p>\n<p>Zalbeascoa abord\u00f3 la irrupci\u00f3n de las smart city. \u201cLos periodistas debemos sospechar siempre, pero si ponen el nombre en ingl\u00e9s, ya sospecho m\u00e1s r\u00e1pido\u201d. Anot\u00e9 que estuvo indagando durante a\u00f1os&nbsp; cu\u00e1les ser\u00edan sus grandes ventajas y no encontr\u00f3 muchas relevantes. \u201cLa inteligencia, en la ciudad, ser\u00eda, por ejemplo, que invitara a caminar\u201d.<\/p>\n<p>Comenz\u00f3 a enumerar situaciones que acaban por modificar la manera de relacionarse entre las personas en una ciudad y la transforman. Una es la gentrificaci\u00f3n, que acaba expulsando de un barrio o una ciudad a sus habitantes m\u00e1s antiguos a pesar de ofrecer una aparente mejora. \u201cSi ves una galer\u00eda de arte en tu barrio, ponte a temblar\u201d. La gentrificaci\u00f3n provoca la desaparici\u00f3n de la esencia de las ciudades: la pluralidad. Otra es la densificaci\u00f3n, el hecho de crecer en altura, que ahora se cuestiona porque se considera que las ciudades intermedias son las m\u00e1s adecuadas.<\/p>\n<p><a href=\"https:\/\/fcmanrique.org\/wp-content\/uploads\/fcmanrique-conferencia-anatxu-zabalbeascoa2.jpg\"><img loading=\"lazy\" decoding=\"async\" class=\"alignnone size-full wp-image-26256\" src=\"https:\/\/fcmanrique.org\/wp-content\/uploads\/fcmanrique-conferencia-anatxu-zabalbeascoa2.jpg\" alt=\"\" width=\"920\" height=\"613\" srcset=\"https:\/\/fcmanrique.org\/wp-content\/uploads\/fcmanrique-conferencia-anatxu-zabalbeascoa2.jpg 920w, https:\/\/fcmanrique.org\/wp-content\/uploads\/fcmanrique-conferencia-anatxu-zabalbeascoa2-300x200.jpg 300w, https:\/\/fcmanrique.org\/wp-content\/uploads\/fcmanrique-conferencia-anatxu-zabalbeascoa2-768x512.jpg 768w, https:\/\/fcmanrique.org\/wp-content\/uploads\/fcmanrique-conferencia-anatxu-zabalbeascoa2-289x193.jpg 289w\" sizes=\"auto, (max-width: 920px) 100vw, 920px\" \/><\/a><\/p>\n<p>La \u2018comodificaci\u00f3n\u2019 (del ingl\u00e9s commodity) es la conversi\u00f3n de la ciudad, de sus inmuebles, en un bien de inversi\u00f3n: comprar para invertir, no para vivir, lo que altera la ciudad, por los precios y porque muchos lugares quedan vac\u00edos. Zabalbeascoa cuestion\u00f3 el empe\u00f1o en construir iconos, cuando no acaban transformando la realidad de la ciudad, sino convirti\u00e9ndose tan solo en un s\u00edmbolo.<\/p>\n<p>La desconexi\u00f3n urban\u00edstica-especulativa es otro aspecto recurrente. Apunt\u00f3 el caso de la urbanizaci\u00f3n que construy\u00f3 Paco el \u2018Pocero\u2019, en Sese\u00f1a, en medio de la nada y junto a un vertedero de neum\u00e1ticos. \u201cLa arquitectura y el urbanismo tienen una relaci\u00f3n brutal con la corrupci\u00f3n\u201d. Adem\u00e1s de este tipo de urbanizaciones, \u201cla lacra del siglo XXI\u201d son los adosados, que sin el coche \u201cno funcionan\u201d.<\/p>\n<p>El urbanismo tambi\u00e9n est\u00e1 contra el peat\u00f3n, en muchas ocasiones, pero algunas ciudades han revertido ese idilio con el coche, como Pontevedra, Copenhague, o Broadway, en Nueva York, porque \u201clo que hace las ciudades son las personas\u201d. Tambi\u00e9n hay actuaciones temporales, proyectos de espacios p\u00fablicos que humanizan la ciudad, como el proyecto de Santo Domingo Savio en Medell\u00edn, las iniciativas del colectivo Boa Mistura pintando la calzada o los parques logrados gracias a la presi\u00f3n vecinal en Barcelona y otras ciudades.<\/p>\n<p>De la misma manera, la aparici\u00f3n de vegetaci\u00f3n en medio de las ciudades, la necesidad de combinar naturaleza y ciudad, como el proyecto Madrid R\u00edo, un parque de siete kil\u00f3metros sobre el soterramiento de la M-30 que ha sido un \u00e9xito rotundo. \u201cSe trata de construir a favor de la naturaleza, aunque sean plazos m\u00e1s largos que los plazos pol\u00edticos, que son de cuatro a\u00f1os\u201d.<\/p>\n<p>La conferenciante, antes de se\u00f1alar seis puntos que se pueden poner en pr\u00e1ctica en todas las ciudades, cit\u00f3 a Baudelaire: \u201cla forma de la ciudad cambia m\u00e1s r\u00e1pido que el coraz\u00f3n de un mortal\u201d. Esos seis puntos son: asegurar la movilidad (ah\u00ed dijo que Lanzarote tiene mucho que mejorar porque se va en coche a todos lados); asegurar la diversidad; legislar y actuar contra la comodificaci\u00f3n; restaurar (construir de forma sensible); controlar el turismo y reparar la relaci\u00f3n con la naturaleza. Acab\u00f3 con una frase de la urbanista y activista Jane Jacobs: \u201cLas ciudades pueden proveer algo para cada uno de nosotros simplemente porque son creadas por todos nosotros\u201d.<\/p>\n<p><a href=\"https:\/\/fcmanrique.org\/wp-content\/uploads\/fc-manrique-invitacion-miradas-divergentes-anatxu.jpg\"><img loading=\"lazy\" decoding=\"async\" class=\"alignnone size-full wp-image-26158\" src=\"https:\/\/fcmanrique.org\/wp-content\/uploads\/fc-manrique-invitacion-miradas-divergentes-anatxu.jpg\" alt=\"\" width=\"1200\" height=\"1200\" srcset=\"https:\/\/fcmanrique.org\/wp-content\/uploads\/fc-manrique-invitacion-miradas-divergentes-anatxu.jpg 1200w, https:\/\/fcmanrique.org\/wp-content\/uploads\/fc-manrique-invitacion-miradas-divergentes-anatxu-300x300.jpg 300w, https:\/\/fcmanrique.org\/wp-content\/uploads\/fc-manrique-invitacion-miradas-divergentes-anatxu-1024x1024.jpg 1024w, https:\/\/fcmanrique.org\/wp-content\/uploads\/fc-manrique-invitacion-miradas-divergentes-anatxu-150x150.jpg 150w, https:\/\/fcmanrique.org\/wp-content\/uploads\/fc-manrique-invitacion-miradas-divergentes-anatxu-768x768.jpg 768w, https:\/\/fcmanrique.org\/wp-content\/uploads\/fc-manrique-invitacion-miradas-divergentes-anatxu-246x246.jpg 246w\" sizes=\"auto, (max-width: 1200px) 100vw, 1200px\" \/><\/a><\/p>\n<p><strong>M\u00e1s informaci\u00f3n: <\/strong><a href=\"https:\/\/fcmanrique.org\/wp-content\/uploads\/fcmanrique-nota-prensa-conferencia-anatxu-zabalbeascoa.pdf\" target=\"_blank\" rel=\"noopener\">Nota de prensa<\/a><\/p>\n<p><strong>Grabaci\u00f3n de la conferencia:<\/strong>&nbsp;<a href=\"https:\/\/fcmanrique.org\/fcm-video\/anatxu-zabalbescoa\/\" target=\"_blank\" rel=\"noopener\">Grabaci\u00f3n<\/a><\/p>","protected":false},"featured_media":26248,"parent":0,"template":"","meta":{"_acf_changed":false,"ngg_post_thumbnail":0,"footnotes":""},"actividad_tipo":[34],"actividad_lugar":[],"actividad_departamento":[],"actividad_ciclo":[75,71],"class_list":["post-26246","fcm_actividad","type-fcm_actividad","status-publish","has-post-thumbnail","hentry","actividad_tipo-conferencias","actividad_ciclo-conferencias-inaugurales","actividad_ciclo-miradas-divergentes"],"acf":[],"_links":{"self":[{"href":"https:\/\/fcmanrique.org\/de\/wp-json\/wp\/v2\/fcm_actividad\/26246","targetHints":{"allow":["GET"]}}],"collection":[{"href":"https:\/\/fcmanrique.org\/de\/wp-json\/wp\/v2\/fcm_actividad"}],"about":[{"href":"https:\/\/fcmanrique.org\/de\/wp-json\/wp\/v2\/types\/fcm_actividad"}],"version-history":[{"count":8,"href":"https:\/\/fcmanrique.org\/de\/wp-json\/wp\/v2\/fcm_actividad\/26246\/revisions"}],"predecessor-version":[{"id":26826,"href":"https:\/\/fcmanrique.org\/de\/wp-json\/wp\/v2\/fcm_actividad\/26246\/revisions\/26826"}],"wp:featuredmedia":[{"embeddable":true,"href":"https:\/\/fcmanrique.org\/de\/wp-json\/wp\/v2\/media\/26248"}],"wp:attachment":[{"href":"https:\/\/fcmanrique.org\/de\/wp-json\/wp\/v2\/media?parent=26246"}],"wp:term":[{"taxonomy":"actividad_tipo","embeddable":true,"href":"https:\/\/fcmanrique.org\/de\/wp-json\/wp\/v2\/actividad_tipo?post=26246"},{"taxonomy":"actividad_lugar","embeddable":true,"href":"https:\/\/fcmanrique.org\/de\/wp-json\/wp\/v2\/actividad_lugar?post=26246"},{"taxonomy":"actividad_departamento","embeddable":true,"href":"https:\/\/fcmanrique.org\/de\/wp-json\/wp\/v2\/actividad_departamento?post=26246"},{"taxonomy":"actividad_ciclo","embeddable":true,"href":"https:\/\/fcmanrique.org\/de\/wp-json\/wp\/v2\/actividad_ciclo?post=26246"}],"curies":[{"name":"wp","href":"https:\/\/api.w.org\/{rel}","templated":true}]}}

<p class="qtranxs-available-languages-message qtranxs-available-languages-message-de">Leider ist der Eintrag nur auf <a href="https://fcmanrique.org/es/wp-json/wp/v2/fcm_actividad/26246" class="qtranxs-available-language-link qtranxs-available-language-link-es" title="ES">ES</a> verfügbar.</p><p>Una de las ventajas de ser periodista es la de ver el mundo con un gran angular, de lo micro a lo macro. “Por eso acabamos elaborando una idea conectada de las cosas”. Esa visión periodística es la que expuso Anatxu Zabalbeascoa en su conferencia ‘Reconquista y renaturalización del espacio público’, el día 7 de noviembre. Un recorrido apoyado en imágenes sobre “cómo hemos pasado de construir ciudades a destruirlas” que añadió también iniciativas esperanzadoras.</p>
<p>Tras ese cambio destructivo se esconden varios motivos: el fundamental es el económico, la mercantilización del espacio público, pero también la relación con la naturaleza, que antes era algo temible “y después pasó a ser algo de lo que cuidar sin darnos cuenta de que nosotros también somos naturaleza”.</p>
<p>El coche es otro de los grandes problemas. Ha tenido un éxito incontestable y las ciudades se han adaptado a los vehículos, pero en toda ciudad llega un momento en que genera más problemas que soluciones. Y muchas de las cosas que ocurren localmente acaban ocurriendo globalmente.</p>
<p>Otro cambio es el paso de la ciudad informal a la ciudad formal. En España convivían las dos formas, pero la informal se ha ido borrando. “La manera informal de vivir tiene algunas ventajas que nosotros hemos perdido”.</p>
<p><a href="https://fcmanrique.org/wp-content/uploads/fcmanrique-conferencia-anatxu-zabalbeascoa.jpg"><img loading="lazy" decoding="async" class="alignnone size-full wp-image-26254" src="https://fcmanrique.org/wp-content/uploads/fcmanrique-conferencia-anatxu-zabalbeascoa.jpg" alt="" width="920" height="613" srcset="https://fcmanrique.org/wp-content/uploads/fcmanrique-conferencia-anatxu-zabalbeascoa.jpg 920w, https://fcmanrique.org/wp-content/uploads/fcmanrique-conferencia-anatxu-zabalbeascoa-300x200.jpg 300w, https://fcmanrique.org/wp-content/uploads/fcmanrique-conferencia-anatxu-zabalbeascoa-768x512.jpg 768w, https://fcmanrique.org/wp-content/uploads/fcmanrique-conferencia-anatxu-zabalbeascoa-289x193.jpg 289w" sizes="auto, (max-width: 920px) 100vw, 920px" /></a></p>
<p>Una consecuencia de hacer que las ciudades sean rentables es lo que pasa con las aceras. ¿Quién las hace? Porque en algunos lugares es un lujo y, sin embargo, “una acera es la verdadera democracia”. Con la misma lógica, se va privatizando el espacio público a pesar de que la calle también es un lugar de encuentro, no solo de conexión. La calle puede ser un lugar de juegos, una extensión de la casa, una escuela… “Con gente, la calle es más segura”, señaló Zabalbeascoa. Pero, en lugar de promover el encuentro, se hacen “ciudades que pinchan”, que colocan mobiliario para evitar que la gente se siente o se tumbe, como en la Puerta del Sol de Madrid. “Se invierte dinero en vallarlo todo”.</p>
<p>Frente a esto, la periodista de ‘El País’ puso ejemplos de intervenciones más humanas, como una acera-calle en el Carmelo (Barcelona) o una intervención relacionada con el patrimonio en Mérida que hace posible su protección y su disfrute.</p>
<p>Zalbeascoa abordó la irrupción de las smart city. “Los periodistas debemos sospechar siempre, pero si ponen el nombre en inglés, ya sospecho más rápido”. Anoté que estuvo indagando durante años&nbsp; cuáles serían sus grandes ventajas y no encontró muchas relevantes. “La inteligencia, en la ciudad, sería, por ejemplo, que invitara a caminar”.</p>
<p>Comenzó a enumerar situaciones que acaban por modificar la manera de relacionarse entre las personas en una ciudad y la transforman. Una es la gentrificación, que acaba expulsando de un barrio o una ciudad a sus habitantes más antiguos a pesar de ofrecer una aparente mejora. “Si ves una galería de arte en tu barrio, ponte a temblar”. La gentrificación provoca la desaparición de la esencia de las ciudades: la pluralidad. Otra es la densificación, el hecho de crecer en altura, que ahora se cuestiona porque se considera que las ciudades intermedias son las más adecuadas.</p>
<p><a href="https://fcmanrique.org/wp-content/uploads/fcmanrique-conferencia-anatxu-zabalbeascoa2.jpg"><img loading="lazy" decoding="async" class="alignnone size-full wp-image-26256" src="https://fcmanrique.org/wp-content/uploads/fcmanrique-conferencia-anatxu-zabalbeascoa2.jpg" alt="" width="920" height="613" srcset="https://fcmanrique.org/wp-content/uploads/fcmanrique-conferencia-anatxu-zabalbeascoa2.jpg 920w, https://fcmanrique.org/wp-content/uploads/fcmanrique-conferencia-anatxu-zabalbeascoa2-300x200.jpg 300w, https://fcmanrique.org/wp-content/uploads/fcmanrique-conferencia-anatxu-zabalbeascoa2-768x512.jpg 768w, https://fcmanrique.org/wp-content/uploads/fcmanrique-conferencia-anatxu-zabalbeascoa2-289x193.jpg 289w" sizes="auto, (max-width: 920px) 100vw, 920px" /></a></p>
<p>La ‘comodificación’ (del inglés commodity) es la conversión de la ciudad, de sus inmuebles, en un bien de inversión: comprar para invertir, no para vivir, lo que altera la ciudad, por los precios y porque muchos lugares quedan vacíos. Zabalbeascoa cuestionó el empeño en construir iconos, cuando no acaban transformando la realidad de la ciudad, sino convirtiéndose tan solo en un símbolo.</p>
<p>La desconexión urbanística-especulativa es otro aspecto recurrente. Apuntó el caso de la urbanización que construyó Paco el ‘Pocero’, en Seseña, en medio de la nada y junto a un vertedero de neumáticos. “La arquitectura y el urbanismo tienen una relación brutal con la corrupción”. Además de este tipo de urbanizaciones, “la lacra del siglo XXI” son los adosados, que sin el coche “no funcionan”.</p>
<p>El urbanismo también está contra el peatón, en muchas ocasiones, pero algunas ciudades han revertido ese idilio con el coche, como Pontevedra, Copenhague, o Broadway, en Nueva York, porque “lo que hace las ciudades son las personas”. También hay actuaciones temporales, proyectos de espacios públicos que humanizan la ciudad, como el proyecto de Santo Domingo Savio en Medellín, las iniciativas del colectivo Boa Mistura pintando la calzada o los parques logrados gracias a la presión vecinal en Barcelona y otras ciudades.</p>
<p>De la misma manera, la aparición de vegetación en medio de las ciudades, la necesidad de combinar naturaleza y ciudad, como el proyecto Madrid Río, un parque de siete kilómetros sobre el soterramiento de la M-30 que ha sido un éxito rotundo. “Se trata de construir a favor de la naturaleza, aunque sean plazos más largos que los plazos políticos, que son de cuatro años”.</p>
<p>La conferenciante, antes de señalar seis puntos que se pueden poner en práctica en todas las ciudades, citó a Baudelaire: “la forma de la ciudad cambia más rápido que el corazón de un mortal”. Esos seis puntos son: asegurar la movilidad (ahí dijo que Lanzarote tiene mucho que mejorar porque se va en coche a todos lados); asegurar la diversidad; legislar y actuar contra la comodificación; restaurar (construir de forma sensible); controlar el turismo y reparar la relación con la naturaleza. Acabó con una frase de la urbanista y activista Jane Jacobs: “Las ciudades pueden proveer algo para cada uno de nosotros simplemente porque son creadas por todos nosotros”.</p>
<p><a href="https://fcmanrique.org/wp-content/uploads/fc-manrique-invitacion-miradas-divergentes-anatxu.jpg"><img loading="lazy" decoding="async" class="alignnone size-full wp-image-26158" src="https://fcmanrique.org/wp-content/uploads/fc-manrique-invitacion-miradas-divergentes-anatxu.jpg" alt="" width="1200" height="1200" srcset="https://fcmanrique.org/wp-content/uploads/fc-manrique-invitacion-miradas-divergentes-anatxu.jpg 1200w, https://fcmanrique.org/wp-content/uploads/fc-manrique-invitacion-miradas-divergentes-anatxu-300x300.jpg 300w, https://fcmanrique.org/wp-content/uploads/fc-manrique-invitacion-miradas-divergentes-anatxu-1024x1024.jpg 1024w, https://fcmanrique.org/wp-content/uploads/fc-manrique-invitacion-miradas-divergentes-anatxu-150x150.jpg 150w, https://fcmanrique.org/wp-content/uploads/fc-manrique-invitacion-miradas-divergentes-anatxu-768x768.jpg 768w, https://fcmanrique.org/wp-content/uploads/fc-manrique-invitacion-miradas-divergentes-anatxu-246x246.jpg 246w" sizes="auto, (max-width: 1200px) 100vw, 1200px" /></a></p>
<p><strong>Más información: </strong><a href="https://fcmanrique.org/wp-content/uploads/fcmanrique-nota-prensa-conferencia-anatxu-zabalbeascoa.pdf" target="_blank" rel="noopener">Nota de prensa</a></p>
<p><strong>Grabación de la conferencia:</strong>&nbsp;<a href="https://fcmanrique.org/fcm-video/anatxu-zabalbescoa/" target="_blank" rel="noopener">Grabación</a></p>
