{"id":26370,"date":"2025-01-30T13:48:39","date_gmt":"2025-01-30T13:48:39","guid":{"rendered":"https:\/\/fcmanrique.org\/?post_type=fcm_actividad&#038;p=26370"},"modified":"2025-05-23T13:42:13","modified_gmt":"2025-05-23T13:42:13","slug":"alegaciones-de-la-fcm-a-la-autorizacion-de-explotacion-para-el-aprovechamiento-de-recursos-en-la-cantera-arenero-dorado-las-melianas-promovido-por-sccatmeca","status":"publish","type":"fcm_actividad","link":"https:\/\/fcmanrique.org\/de\/fcm-actividad\/alegaciones-de-la-fcm-a-la-autorizacion-de-explotacion-para-el-aprovechamiento-de-recursos-en-la-cantera-arenero-dorado-las-melianas-promovido-por-sccatmeca\/","title":{"rendered":"Alegaciones de la FCM a la explotaci\u00f3n en la cantera Arenero Dorado"},"content":{"rendered":"<p class=\"qtranxs-available-languages-message qtranxs-available-languages-message-de\">Leider ist der Eintrag nur auf <a href=\"https:\/\/fcmanrique.org\/es\/wp-json\/wp\/v2\/fcm_actividad\/26370\" class=\"qtranxs-available-language-link qtranxs-available-language-link-es\" title=\"ES\">ES<\/a> verf\u00fcgbar.<\/p><p>La Fundaci\u00f3n C\u00e9sar Manrique present\u00f3, en octubre de 2023, alegaciones al proyecto promovido por SCCATMECA, de autorizaci\u00f3n de explotaci\u00f3n para el aprovechamiento de recursos en la cantera Arenero Dorado, Las Melianas.<\/p>\n<p><strong>Descargar documento completo: <\/strong><a href=\"https:\/\/fcmanrique.org\/wp-content\/uploads\/fcmanrique-alegaciones-extracciones-el-jable-arenero-dorado.pdf\" target=\"_blank\" rel=\"noopener\">Alegaciones de la FCM a las extracciones en la Cantera Arenero Dorado (El Jable)<\/a><\/p>","protected":false},"featured_media":26367,"parent":0,"template":"","meta":{"_acf_changed":false,"ngg_post_thumbnail":0,"footnotes":""},"actividad_tipo":[39],"actividad_lugar":[],"actividad_departamento":[],"actividad_ciclo":[],"class_list":["post-26370","fcm_actividad","type-fcm_actividad","status-publish","has-post-thumbnail","hentry","actividad_tipo-informes-y-alegaciones"],"acf":[],"_links":{"self":[{"href":"https:\/\/fcmanrique.org\/de\/wp-json\/wp\/v2\/fcm_actividad\/26370","targetHints":{"allow":["GET"]}}],"collection":[{"href":"https:\/\/fcmanrique.org\/de\/wp-json\/wp\/v2\/fcm_actividad"}],"about":[{"href":"https:\/\/fcmanrique.org\/de\/wp-json\/wp\/v2\/types\/fcm_actividad"}],"version-history":[{"count":11,"href":"https:\/\/fcmanrique.org\/de\/wp-json\/wp\/v2\/fcm_actividad\/26370\/revisions"}],"predecessor-version":[{"id":26827,"href":"https:\/\/fcmanrique.org\/de\/wp-json\/wp\/v2\/fcm_actividad\/26370\/revisions\/26827"}],"wp:featuredmedia":[{"embeddable":true,"href":"https:\/\/fcmanrique.org\/de\/wp-json\/wp\/v2\/media\/26367"}],"wp:attachment":[{"href":"https:\/\/fcmanrique.org\/de\/wp-json\/wp\/v2\/media?parent=26370"}],"wp:term":[{"taxonomy":"actividad_tipo","embeddable":true,"href":"https:\/\/fcmanrique.org\/de\/wp-json\/wp\/v2\/actividad_tipo?post=26370"},{"taxonomy":"actividad_lugar","embeddable":true,"href":"https:\/\/fcmanrique.org\/de\/wp-json\/wp\/v2\/actividad_lugar?post=26370"},{"taxonomy":"actividad_departamento","embeddable":true,"href":"https:\/\/fcmanrique.org\/de\/wp-json\/wp\/v2\/actividad_departamento?post=26370"},{"taxonomy":"actividad_ciclo","embeddable":true,"href":"https:\/\/fcmanrique.org\/de\/wp-json\/wp\/v2\/actividad_ciclo?post=26370"}],"curies":[{"name":"wp","href":"https:\/\/api.w.org\/{rel}","templated":true}]}}

Alegaciones de la FCM a la explotación en la cantera Arenero Dorado

<p class="qtranxs-available-languages-message qtranxs-available-languages-message-de">Leider ist der Eintrag nur auf <a href="https://fcmanrique.org/es/wp-json/wp/v2/fcm_actividad/26370" class="qtranxs-available-language-link qtranxs-available-language-link-es" title="ES">ES</a> verfügbar.</p><p>La Fundación César Manrique presentó, en octubre de 2023, alegaciones al proyecto promovido por SCCATMECA, de autorización de explotación para el aprovechamiento de recursos en la cantera Arenero Dorado, Las Melianas.</p>
<p><strong>Descargar documento completo: </strong><a href="https://fcmanrique.org/wp-content/uploads/fcmanrique-alegaciones-extracciones-el-jable-arenero-dorado.pdf" target="_blank" rel="noopener">Alegaciones de la FCM a las extracciones en la Cantera Arenero Dorado (El Jable)</a></p>
