{"id":26765,"date":"2025-05-14T13:47:17","date_gmt":"2025-05-14T13:47:17","guid":{"rendered":"https:\/\/fcmanrique.org\/?post_type=fcm_actividad&#038;p=26765"},"modified":"2025-09-29T10:02:30","modified_gmt":"2025-09-29T10:02:30","slug":"united-unknown-con-las-nuevas-tecnologias-hay-mas-medios-para-manipular-de-forma-convincente","status":"publish","type":"fcm_actividad","link":"https:\/\/fcmanrique.org\/de\/fcm-actividad\/united-unknown-con-las-nuevas-tecnologias-hay-mas-medios-para-manipular-de-forma-convincente\/","title":{"rendered":"United Unknown: \u00abCon las nuevas tecnolog\u00edas hay m\u00e1s medios para manipular de forma convincente\u00bb"},"content":{"rendered":"<p class=\"qtranxs-available-languages-message qtranxs-available-languages-message-de\">Leider ist der Eintrag nur auf <a href=\"https:\/\/fcmanrique.org\/es\/wp-json\/wp\/v2\/fcm_actividad\/26765\" class=\"qtranxs-available-language-link qtranxs-available-language-link-es\" title=\"ES\">ES<\/a> verf\u00fcgbar.<\/p><p>Es el segundo taller sobre Inteligencia Artificial (IA) que imparte en la FCM Sebasti\u00e1n Puiggr\u00f3s, del colectivo United Unknown, que se dedica al activismo gr\u00e1fico y la s\u00e1tira pol\u00edtica. Como en la primera ocasi\u00f3n (en mayo de 2024), el d\u00eda 13 de mayo de 2025 comenz\u00f3 explicando su trayectoria, que se inicia en 2015 \u201ccomo una v\u00e1lvula de escape ante una situaci\u00f3n pol\u00edtica y social que se hac\u00eda insoportable\u201d.<\/p>\n<p>La forma de trabajo ha cambiado mucho. Comenzaron tratando im\u00e1genes con el programa Photoshop con una f\u00f3rmula muy rudimentaria y que exig\u00eda mucho tiempo y esfuerzo, hasta que en 2018 llega el primer <em>deeepfake<\/em> (el intercambio de una cara por otra) pero que a\u00fan necesitaba la incorporaci\u00f3n de muchos datos. En 2022 llegan los primeros generadores de imagen por IA y en 2024 los de v\u00eddeo, \u201cuna revoluci\u00f3n\u201d. Primero llega Stable Diffuson y despu\u00e9s Flux, que permite pasar de un trabajo de tres horas a solo veinte minutos. Ambos son de modelo abierto: se puede descargar en el ordenador, modificar y entrenar.<\/p>\n<p><a href=\"https:\/\/fcmanrique.org\/wp-content\/uploads\/fcmanrique-taller-united-unknown1.jpg\"><img loading=\"lazy\" decoding=\"async\" class=\"alignnone size-full wp-image-26820\" src=\"https:\/\/fcmanrique.org\/wp-content\/uploads\/fcmanrique-taller-united-unknown1.jpg\" alt=\"\" width=\"1440\" height=\"960\" srcset=\"https:\/\/fcmanrique.org\/wp-content\/uploads\/fcmanrique-taller-united-unknown1.jpg 1440w, https:\/\/fcmanrique.org\/wp-content\/uploads\/fcmanrique-taller-united-unknown1-300x200.jpg 300w, https:\/\/fcmanrique.org\/wp-content\/uploads\/fcmanrique-taller-united-unknown1-1024x683.jpg 1024w, https:\/\/fcmanrique.org\/wp-content\/uploads\/fcmanrique-taller-united-unknown1-768x512.jpg 768w, https:\/\/fcmanrique.org\/wp-content\/uploads\/fcmanrique-taller-united-unknown1-289x193.jpg 289w\" sizes=\"auto, (max-width: 1440px) 100vw, 1440px\" \/><\/a><\/p>\n<p>La IA generativa aprende del an\u00e1lisis de datos, identifica patrones y hace peticiones seg\u00fan los datos aprendidos. Puiggr\u00f3s tambi\u00e9n explico c\u00f3mo funciona la difusi\u00f3n, que es el proceso que siguen los generadores de imagen para la transformaci\u00f3n de las mismas. En 2024 hab\u00eda solo tres generadores disponibles. Un a\u00f1o despu\u00e9s ya hay diez, aunque solo dos de modelo abierto. El ponente expuso los pros y contras de cada uno de estos generadores, tanto de imagen como de v\u00eddeo.<\/p>\n<p>Asegur\u00f3 que \u201cel futuro va a ser conversacional\u201d respecto al manejo de los programas y que estos programas \u201cest\u00e1n avanzando a pasos agigantados\u201d. En el caso del v\u00eddeo, muchos generadores permiten poner una imagen o frame tanto al principio como al final \u201cy la IA hace el resto\u201d. Tambi\u00e9n&nbsp; permiten cargar m\u00faltiples elementos y referencias, como fotos, fondos u otros elementos para mejorar el v\u00eddeo.<\/p>\n<p>En la \u00faltima parte del taller habl\u00f3 sobre la \u00e9tica y los retos de la IA generativa. Empez\u00f3 con una cita atribuida a Picasso: \u201cLos grandes artistas copian, los genios roban\u201d. Se\u00f1al\u00f3 que \u201cnada surge de la nada, todo tiene un punto de inicio\u201d. A lo largo de la historia, los artistas se han inspirado en otros artistas: se influyen, se copian y se versionan.<\/p>\n<p>Para hacer una obra de arte hay tres opciones: transformar, combinar o copiar. En el caso de la copia, hay otros conceptos algo difusos, como la inspiraci\u00f3n o el homenaje. En la pintura, el c\u00f3mic o el cine se utilizan fragmentos de otras obras. \u201cPara crear un modelo propio hace falta inspirarse en otros anteriores y combinarlos\u201d, se\u00f1al\u00f3.<\/p>\n<p><a href=\"https:\/\/fcmanrique.org\/wp-content\/uploads\/fcmanrique-taller-united-unknown2.jpg\"><img loading=\"lazy\" decoding=\"async\" class=\"alignnone size-full wp-image-26821\" src=\"https:\/\/fcmanrique.org\/wp-content\/uploads\/fcmanrique-taller-united-unknown2.jpg\" alt=\"\" width=\"1440\" height=\"960\" srcset=\"https:\/\/fcmanrique.org\/wp-content\/uploads\/fcmanrique-taller-united-unknown2.jpg 1440w, https:\/\/fcmanrique.org\/wp-content\/uploads\/fcmanrique-taller-united-unknown2-300x200.jpg 300w, https:\/\/fcmanrique.org\/wp-content\/uploads\/fcmanrique-taller-united-unknown2-1024x683.jpg 1024w, https:\/\/fcmanrique.org\/wp-content\/uploads\/fcmanrique-taller-united-unknown2-768x512.jpg 768w, https:\/\/fcmanrique.org\/wp-content\/uploads\/fcmanrique-taller-united-unknown2-289x193.jpg 289w\" sizes=\"auto, (max-width: 1440px) 100vw, 1440px\" \/><\/a><\/p>\n<p>Tambi\u00e9n trat\u00f3 el concepto del plagio, que no es nuevo ni surge con la IA. Rubens ya copi\u00f3 a Tiziano. En definitiva, \u201ctodo es un remix\u201d. De hecho, ese es el t\u00edtulo (aunque en ingl\u00e9s) de un documental que incluye una reflexi\u00f3n profunda sobre la nueva cultura audiovisual. Y en esa nueva cultura \u201cla copia y el remix no importan tanto\u201d.<\/p>\n<p>Abog\u00f3 por \u201ccambiar el foco\u201d. \u201cLa pol\u00e9mica no es tanto el uso o no consentido de las im\u00e1genes para formar parte de un modelo de IA\u201d, sino qu\u00e9 im\u00e1genes forman parte de ese modelo. Puiggr\u00f3s se\u00f1al\u00f3 que su colectivo est\u00e1 favor de la reivindicaci\u00f3n de los artistas y creadores sobre los modelos de inteligencia artificial: apostar por que solo sean incluidas aquellas im\u00e1genes que sus propietarios autoricen y en contra del hecho de que los creadores tengan que manifestar que no quieren formar parte del modelo. Tambi\u00e9n solicita una retribuci\u00f3n justa, \u201cporque esto muchas veces es solo una cuesti\u00f3n de dinero\u201d, para aquellos artistas o actores de los cuales es utilizada su imagen y\/o su voz.<\/p>\n<p>Por otra parte, \u201cel modelo de IA no copia y pega, sino que analiza esas im\u00e1genes\u201d. Y no es lo mismo generar algo, una copia o una falsificaci\u00f3n, para colgarla en tu casa que para lucrarte con ella.<\/p>\n<p>En las redes \u201chay mucho odio hacia la inteligencia artificial\u201d. En el caso de su colectivo, que se dedica a la parodia, se da la circunstancia de que es la \u00fanica excepci\u00f3n en la Ley de Propiedad intelectual por la que se puede trabajar sin permiso del propietario de las im\u00e1genes \u201cporque nadie dar\u00eda su permiso ya que, en principio, nadie quiere ser parodiado\u201d.<\/p>\n<p><a href=\"https:\/\/fcmanrique.org\/wp-content\/uploads\/fcmanrique-taller-united-unknown.jpg\"><img loading=\"lazy\" decoding=\"async\" class=\"alignnone size-full wp-image-26819\" src=\"https:\/\/fcmanrique.org\/wp-content\/uploads\/fcmanrique-taller-united-unknown.jpg\" alt=\"\" width=\"1440\" height=\"960\" srcset=\"https:\/\/fcmanrique.org\/wp-content\/uploads\/fcmanrique-taller-united-unknown.jpg 1440w, https:\/\/fcmanrique.org\/wp-content\/uploads\/fcmanrique-taller-united-unknown-300x200.jpg 300w, https:\/\/fcmanrique.org\/wp-content\/uploads\/fcmanrique-taller-united-unknown-1024x683.jpg 1024w, https:\/\/fcmanrique.org\/wp-content\/uploads\/fcmanrique-taller-united-unknown-768x512.jpg 768w, https:\/\/fcmanrique.org\/wp-content\/uploads\/fcmanrique-taller-united-unknown-289x193.jpg 289w\" sizes=\"auto, (max-width: 1440px) 100vw, 1440px\" \/><\/a><\/p>\n<p>Ya hay programas que utilizan im\u00e1genes libres de permiso, tambi\u00e9n en espa\u00f1ol . \u201cCon eso se termina la pol\u00e9mica y el debate sobre el copyright\u201d, expuso Puiggr\u00f3s. \u201cEs posible, es viable y se solucionar\u00edan as\u00ed muchos problemas\u201d.<\/p>\n<p>Finaliz\u00f3 el taller con algunas preguntas del p\u00fablico. Respecto a los sesgos de la IA, se\u00f1al\u00f3 que el problema no es el modelo, \u201csino que somos nosotros\u201d porque \u201clos modelos amplifican nuestros propios sesgos\u201d. Tambi\u00e9n se\u00f1al\u00f3 que va a haber un momento en que nos tengamos que hacer la pregunta respecto de cada imagen o v\u00eddeo que veamos sobre si est\u00e1 generado por IA o no. \u201cEn caso de duda hay que buscar las fuentes, la manipulaci\u00f3n de los medios y la imagen no es nueva aunque con las nuevas tecnolog\u00edas hay m\u00e1s medios para manipular de forma convincente\u201d. Aboga por \u201cdesarrollar un sentido cr\u00edtico sobre lo que estamos viendo\u201d.<\/p>\n<p>En cuanto al consumo de energ\u00eda o de agua de la IA, Puiggr\u00f3s anot\u00f3 que \u201cno es solo la inteligencia artificial, sino que no somos conscientes de ninguno de estos consumos en cualquiera de los productos o servicios que utilizamos\u201d, ya que cualquier producto, en su fabricaci\u00f3n o elaboraci\u00f3n, consume una gran cantidad de agua y energ\u00eda. \u201cEl problema no es la tecnolog\u00eda, el problema est\u00e1 en c\u00f3mo usamos nosotros el Planeta\u201d, concluy\u00f3.<\/p>\n<p><a href=\"https:\/\/fcmanrique.org\/wp-content\/uploads\/fcmanrique-diptico-completo-taller-ia.jpg\"><img loading=\"lazy\" decoding=\"async\" class=\"alignnone size-full wp-image-26709\" src=\"https:\/\/fcmanrique.org\/wp-content\/uploads\/fcmanrique-diptico-completo-taller-ia.jpg\" alt=\"\" width=\"2480\" height=\"2480\" srcset=\"https:\/\/fcmanrique.org\/wp-content\/uploads\/fcmanrique-diptico-completo-taller-ia.jpg 2480w, https:\/\/fcmanrique.org\/wp-content\/uploads\/fcmanrique-diptico-completo-taller-ia-300x300.jpg 300w, https:\/\/fcmanrique.org\/wp-content\/uploads\/fcmanrique-diptico-completo-taller-ia-1024x1024.jpg 1024w, https:\/\/fcmanrique.org\/wp-content\/uploads\/fcmanrique-diptico-completo-taller-ia-150x150.jpg 150w, https:\/\/fcmanrique.org\/wp-content\/uploads\/fcmanrique-diptico-completo-taller-ia-768x768.jpg 768w, https:\/\/fcmanrique.org\/wp-content\/uploads\/fcmanrique-diptico-completo-taller-ia-246x246.jpg 246w, https:\/\/fcmanrique.org\/wp-content\/uploads\/fcmanrique-diptico-completo-taller-ia-1536x1536.jpg 1536w, https:\/\/fcmanrique.org\/wp-content\/uploads\/fcmanrique-diptico-completo-taller-ia-2048x2048.jpg 2048w\" sizes=\"auto, (max-width: 2480px) 100vw, 2480px\" \/><\/a><\/p>\n<p><strong>M\u00e1s informaci\u00f3n: <\/strong><a href=\"https:\/\/fcmanrique.org\/wp-content\/uploads\/fcmanrique-np-taller-united-unknown.pdf\" target=\"_blank\" rel=\"noopener\">Nota de prensa<\/a><\/p>\n<p><strong>D\u00edptico completo:<\/strong> <a href=\"https:\/\/fcmanrique.org\/wp-content\/uploads\/fcmanrique-taller-creacion-imagen-ia-diptico.pdf\" target=\"_blank\" rel=\"noopener\">D\u00edptico del taller<\/a>&nbsp;<\/p>\n<p><strong>Grabaci\u00f3n de la conferencia<\/strong>:&nbsp;<a href=\"https:\/\/fcmanrique.org\/fcm-video\/26719-2\/\" target=\"_blank\" rel=\"noopener\">Parte I<\/a>; <a href=\"https:\/\/fcmanrique.org\/fcm-video\/de-la-imagen-tradicional-a-la-ia-parte-2\/\" target=\"_blank\" rel=\"noopener\">Parte II<\/a>; <a href=\"https:\/\/fcmanrique.org\/fcm-video\/de-la-imagen-tradicional-a-la-ia-parte-iii\/\" target=\"_blank\" rel=\"noopener\">Parte III<\/a><\/p>","protected":false},"featured_media":26816,"parent":0,"template":"","meta":{"_acf_changed":false,"ngg_post_thumbnail":0,"footnotes":""},"actividad_tipo":[35],"actividad_lugar":[],"actividad_departamento":[],"actividad_ciclo":[],"class_list":["post-26765","fcm_actividad","type-fcm_actividad","status-publish","has-post-thumbnail","hentry","actividad_tipo-cursos-y-talleres"],"acf":[],"_links":{"self":[{"href":"https:\/\/fcmanrique.org\/de\/wp-json\/wp\/v2\/fcm_actividad\/26765","targetHints":{"allow":["GET"]}}],"collection":[{"href":"https:\/\/fcmanrique.org\/de\/wp-json\/wp\/v2\/fcm_actividad"}],"about":[{"href":"https:\/\/fcmanrique.org\/de\/wp-json\/wp\/v2\/types\/fcm_actividad"}],"version-history":[{"count":6,"href":"https:\/\/fcmanrique.org\/de\/wp-json\/wp\/v2\/fcm_actividad\/26765\/revisions"}],"predecessor-version":[{"id":27104,"href":"https:\/\/fcmanrique.org\/de\/wp-json\/wp\/v2\/fcm_actividad\/26765\/revisions\/27104"}],"wp:featuredmedia":[{"embeddable":true,"href":"https:\/\/fcmanrique.org\/de\/wp-json\/wp\/v2\/media\/26816"}],"wp:attachment":[{"href":"https:\/\/fcmanrique.org\/de\/wp-json\/wp\/v2\/media?parent=26765"}],"wp:term":[{"taxonomy":"actividad_tipo","embeddable":true,"href":"https:\/\/fcmanrique.org\/de\/wp-json\/wp\/v2\/actividad_tipo?post=26765"},{"taxonomy":"actividad_lugar","embeddable":true,"href":"https:\/\/fcmanrique.org\/de\/wp-json\/wp\/v2\/actividad_lugar?post=26765"},{"taxonomy":"actividad_departamento","embeddable":true,"href":"https:\/\/fcmanrique.org\/de\/wp-json\/wp\/v2\/actividad_departamento?post=26765"},{"taxonomy":"actividad_ciclo","embeddable":true,"href":"https:\/\/fcmanrique.org\/de\/wp-json\/wp\/v2\/actividad_ciclo?post=26765"}],"curies":[{"name":"wp","href":"https:\/\/api.w.org\/{rel}","templated":true}]}}

United Unknown: «Con las nuevas tecnologías hay más medios para manipular de forma convincente»

<p class="qtranxs-available-languages-message qtranxs-available-languages-message-de">Leider ist der Eintrag nur auf <a href="https://fcmanrique.org/es/wp-json/wp/v2/fcm_actividad/26765" class="qtranxs-available-language-link qtranxs-available-language-link-es" title="ES">ES</a> verfügbar.</p><p>Es el segundo taller sobre Inteligencia Artificial (IA) que imparte en la FCM Sebastián Puiggrós, del colectivo United Unknown, que se dedica al activismo gráfico y la sátira política. Como en la primera ocasión (en mayo de 2024), el día 13 de mayo de 2025 comenzó explicando su trayectoria, que se inicia en 2015 “como una válvula de escape ante una situación política y social que se hacía insoportable”.</p>
<p>La forma de trabajo ha cambiado mucho. Comenzaron tratando imágenes con el programa Photoshop con una fórmula muy rudimentaria y que exigía mucho tiempo y esfuerzo, hasta que en 2018 llega el primer <em>deeepfake</em> (el intercambio de una cara por otra) pero que aún necesitaba la incorporación de muchos datos. En 2022 llegan los primeros generadores de imagen por IA y en 2024 los de vídeo, “una revolución”. Primero llega Stable Diffuson y después Flux, que permite pasar de un trabajo de tres horas a solo veinte minutos. Ambos son de modelo abierto: se puede descargar en el ordenador, modificar y entrenar.</p>
<p><a href="https://fcmanrique.org/wp-content/uploads/fcmanrique-taller-united-unknown1.jpg"><img loading="lazy" decoding="async" class="alignnone size-full wp-image-26820" src="https://fcmanrique.org/wp-content/uploads/fcmanrique-taller-united-unknown1.jpg" alt="" width="1440" height="960" srcset="https://fcmanrique.org/wp-content/uploads/fcmanrique-taller-united-unknown1.jpg 1440w, https://fcmanrique.org/wp-content/uploads/fcmanrique-taller-united-unknown1-300x200.jpg 300w, https://fcmanrique.org/wp-content/uploads/fcmanrique-taller-united-unknown1-1024x683.jpg 1024w, https://fcmanrique.org/wp-content/uploads/fcmanrique-taller-united-unknown1-768x512.jpg 768w, https://fcmanrique.org/wp-content/uploads/fcmanrique-taller-united-unknown1-289x193.jpg 289w" sizes="auto, (max-width: 1440px) 100vw, 1440px" /></a></p>
<p>La IA generativa aprende del análisis de datos, identifica patrones y hace peticiones según los datos aprendidos. Puiggrós también explico cómo funciona la difusión, que es el proceso que siguen los generadores de imagen para la transformación de las mismas. En 2024 había solo tres generadores disponibles. Un año después ya hay diez, aunque solo dos de modelo abierto. El ponente expuso los pros y contras de cada uno de estos generadores, tanto de imagen como de vídeo.</p>
<p>Aseguró que “el futuro va a ser conversacional” respecto al manejo de los programas y que estos programas “están avanzando a pasos agigantados”. En el caso del vídeo, muchos generadores permiten poner una imagen o frame tanto al principio como al final “y la IA hace el resto”. También&nbsp; permiten cargar múltiples elementos y referencias, como fotos, fondos u otros elementos para mejorar el vídeo.</p>
<p>En la última parte del taller habló sobre la ética y los retos de la IA generativa. Empezó con una cita atribuida a Picasso: “Los grandes artistas copian, los genios roban”. Señaló que “nada surge de la nada, todo tiene un punto de inicio”. A lo largo de la historia, los artistas se han inspirado en otros artistas: se influyen, se copian y se versionan.</p>
<p>Para hacer una obra de arte hay tres opciones: transformar, combinar o copiar. En el caso de la copia, hay otros conceptos algo difusos, como la inspiración o el homenaje. En la pintura, el cómic o el cine se utilizan fragmentos de otras obras. “Para crear un modelo propio hace falta inspirarse en otros anteriores y combinarlos”, señaló.</p>
<p><a href="https://fcmanrique.org/wp-content/uploads/fcmanrique-taller-united-unknown2.jpg"><img loading="lazy" decoding="async" class="alignnone size-full wp-image-26821" src="https://fcmanrique.org/wp-content/uploads/fcmanrique-taller-united-unknown2.jpg" alt="" width="1440" height="960" srcset="https://fcmanrique.org/wp-content/uploads/fcmanrique-taller-united-unknown2.jpg 1440w, https://fcmanrique.org/wp-content/uploads/fcmanrique-taller-united-unknown2-300x200.jpg 300w, https://fcmanrique.org/wp-content/uploads/fcmanrique-taller-united-unknown2-1024x683.jpg 1024w, https://fcmanrique.org/wp-content/uploads/fcmanrique-taller-united-unknown2-768x512.jpg 768w, https://fcmanrique.org/wp-content/uploads/fcmanrique-taller-united-unknown2-289x193.jpg 289w" sizes="auto, (max-width: 1440px) 100vw, 1440px" /></a></p>
<p>También trató el concepto del plagio, que no es nuevo ni surge con la IA. Rubens ya copió a Tiziano. En definitiva, “todo es un remix”. De hecho, ese es el título (aunque en inglés) de un documental que incluye una reflexión profunda sobre la nueva cultura audiovisual. Y en esa nueva cultura “la copia y el remix no importan tanto”.</p>
<p>Abogó por “cambiar el foco”. “La polémica no es tanto el uso o no consentido de las imágenes para formar parte de un modelo de IA”, sino qué imágenes forman parte de ese modelo. Puiggrós señaló que su colectivo está favor de la reivindicación de los artistas y creadores sobre los modelos de inteligencia artificial: apostar por que solo sean incluidas aquellas imágenes que sus propietarios autoricen y en contra del hecho de que los creadores tengan que manifestar que no quieren formar parte del modelo. También solicita una retribución justa, “porque esto muchas veces es solo una cuestión de dinero”, para aquellos artistas o actores de los cuales es utilizada su imagen y/o su voz.</p>
<p>Por otra parte, “el modelo de IA no copia y pega, sino que analiza esas imágenes”. Y no es lo mismo generar algo, una copia o una falsificación, para colgarla en tu casa que para lucrarte con ella.</p>
<p>En las redes “hay mucho odio hacia la inteligencia artificial”. En el caso de su colectivo, que se dedica a la parodia, se da la circunstancia de que es la única excepción en la Ley de Propiedad intelectual por la que se puede trabajar sin permiso del propietario de las imágenes “porque nadie daría su permiso ya que, en principio, nadie quiere ser parodiado”.</p>
<p><a href="https://fcmanrique.org/wp-content/uploads/fcmanrique-taller-united-unknown.jpg"><img loading="lazy" decoding="async" class="alignnone size-full wp-image-26819" src="https://fcmanrique.org/wp-content/uploads/fcmanrique-taller-united-unknown.jpg" alt="" width="1440" height="960" srcset="https://fcmanrique.org/wp-content/uploads/fcmanrique-taller-united-unknown.jpg 1440w, https://fcmanrique.org/wp-content/uploads/fcmanrique-taller-united-unknown-300x200.jpg 300w, https://fcmanrique.org/wp-content/uploads/fcmanrique-taller-united-unknown-1024x683.jpg 1024w, https://fcmanrique.org/wp-content/uploads/fcmanrique-taller-united-unknown-768x512.jpg 768w, https://fcmanrique.org/wp-content/uploads/fcmanrique-taller-united-unknown-289x193.jpg 289w" sizes="auto, (max-width: 1440px) 100vw, 1440px" /></a></p>
<p>Ya hay programas que utilizan imágenes libres de permiso, también en español . “Con eso se termina la polémica y el debate sobre el copyright”, expuso Puiggrós. “Es posible, es viable y se solucionarían así muchos problemas”.</p>
<p>Finalizó el taller con algunas preguntas del público. Respecto a los sesgos de la IA, señaló que el problema no es el modelo, “sino que somos nosotros” porque “los modelos amplifican nuestros propios sesgos”. También señaló que va a haber un momento en que nos tengamos que hacer la pregunta respecto de cada imagen o vídeo que veamos sobre si está generado por IA o no. “En caso de duda hay que buscar las fuentes, la manipulación de los medios y la imagen no es nueva aunque con las nuevas tecnologías hay más medios para manipular de forma convincente”. Aboga por “desarrollar un sentido crítico sobre lo que estamos viendo”.</p>
<p>En cuanto al consumo de energía o de agua de la IA, Puiggrós anotó que “no es solo la inteligencia artificial, sino que no somos conscientes de ninguno de estos consumos en cualquiera de los productos o servicios que utilizamos”, ya que cualquier producto, en su fabricación o elaboración, consume una gran cantidad de agua y energía. “El problema no es la tecnología, el problema está en cómo usamos nosotros el Planeta”, concluyó.</p>
<p><a href="https://fcmanrique.org/wp-content/uploads/fcmanrique-diptico-completo-taller-ia.jpg"><img loading="lazy" decoding="async" class="alignnone size-full wp-image-26709" src="https://fcmanrique.org/wp-content/uploads/fcmanrique-diptico-completo-taller-ia.jpg" alt="" width="2480" height="2480" srcset="https://fcmanrique.org/wp-content/uploads/fcmanrique-diptico-completo-taller-ia.jpg 2480w, https://fcmanrique.org/wp-content/uploads/fcmanrique-diptico-completo-taller-ia-300x300.jpg 300w, https://fcmanrique.org/wp-content/uploads/fcmanrique-diptico-completo-taller-ia-1024x1024.jpg 1024w, https://fcmanrique.org/wp-content/uploads/fcmanrique-diptico-completo-taller-ia-150x150.jpg 150w, https://fcmanrique.org/wp-content/uploads/fcmanrique-diptico-completo-taller-ia-768x768.jpg 768w, https://fcmanrique.org/wp-content/uploads/fcmanrique-diptico-completo-taller-ia-246x246.jpg 246w, https://fcmanrique.org/wp-content/uploads/fcmanrique-diptico-completo-taller-ia-1536x1536.jpg 1536w, https://fcmanrique.org/wp-content/uploads/fcmanrique-diptico-completo-taller-ia-2048x2048.jpg 2048w" sizes="auto, (max-width: 2480px) 100vw, 2480px" /></a></p>
<p><strong>Más información: </strong><a href="https://fcmanrique.org/wp-content/uploads/fcmanrique-np-taller-united-unknown.pdf" target="_blank" rel="noopener">Nota de prensa</a></p>
<p><strong>Díptico completo:</strong> <a href="https://fcmanrique.org/wp-content/uploads/fcmanrique-taller-creacion-imagen-ia-diptico.pdf" target="_blank" rel="noopener">Díptico del taller</a>&nbsp;</p>
<p><strong>Grabación de la conferencia</strong>:&nbsp;<a href="https://fcmanrique.org/fcm-video/26719-2/" target="_blank" rel="noopener">Parte I</a>; <a href="https://fcmanrique.org/fcm-video/de-la-imagen-tradicional-a-la-ia-parte-2/" target="_blank" rel="noopener">Parte II</a>; <a href="https://fcmanrique.org/fcm-video/de-la-imagen-tradicional-a-la-ia-parte-iii/" target="_blank" rel="noopener">Parte III</a></p>
