{"id":27134,"date":"2025-09-30T08:19:50","date_gmt":"2025-09-30T08:19:50","guid":{"rendered":"https:\/\/fcmanrique.org\/?post_type=fcm_actividad&#038;p=27134"},"modified":"2025-11-12T10:27:56","modified_gmt":"2025-11-12T10:27:56","slug":"jaime-puig-dorotea-de-armas-tuvo-una-vida-de-sencillez-austeridad-y-sacrificio","status":"publish","type":"fcm_actividad","link":"https:\/\/fcmanrique.org\/de\/fcm-actividad\/jaime-puig-dorotea-de-armas-tuvo-una-vida-de-sencillez-austeridad-y-sacrificio\/","title":{"rendered":"Jaime Puig: \u00abDorotea de Armas tuvo una vida de sencillez, austeridad y sacrificio\u00bb"},"content":{"rendered":"<p class=\"qtranxs-available-languages-message qtranxs-available-languages-message-de\">Leider ist der Eintrag nur auf <a href=\"https:\/\/fcmanrique.org\/es\/wp-json\/wp\/v2\/fcm_actividad\/27134\" class=\"qtranxs-available-language-link qtranxs-available-language-link-es\" title=\"ES\">ES<\/a> verf\u00fcgbar.<\/p><p><em>Dorotea de Armas. La \u00faltima locera de El Moj\u00f3n<\/em>, escrito por Jaime Puig, hace el n\u00famero 9 de la colecci\u00f3n Islas de Memoria, editada por la Fundaci\u00f3n C\u00e9sar Manrique con el objetivo de rescatar personajes que hayan contribuido a construir la historia contempor\u00e1nea de Lanzarote. Esta investigaci\u00f3n \u2014presentada el 25 de septiembre en la sala Jos\u00e9 Saramago\u2014 es la primera dedicada a una mujer dentro de esta serie de libros que, recientemente, tambi\u00e9n protagoniz\u00f3 Antonio Corujo, para el que al comienzo del acto se tuvieron unas palabras de recuerdo, pues hab\u00eda fallecido el d\u00eda anterior. As\u00ed mismo, una vela encendida como s\u00edmbolo de protesta y una luz de esperanza por Gaza presidi\u00f3 el acto.<\/p>\n<p>To\u00f1o Armas, ceramista e investigador de la loza pintada de El Moj\u00f3n, hizo una introducci\u00f3n a este tipo de cer\u00e1mica \u201cdesconocida, tradicional, hecha a mano, guisada al aire libre y pintada\u201d. Dijo que el oficio de locera era exclusivamente de mujeres y apunt\u00f3 que se trata de la \u00fanica loza pintada realizada en Canarias, con dos centros principales de producci\u00f3n: el principal, El Moj\u00f3n, y, posteriormente, Mu\u00f1ique, con los antepasados de Dorotea, que llegaron desde el pueblo de El Moj\u00f3n. Este tipo de cer\u00e1mica coincide con la que se hac\u00eda en el norte de \u00c1frica, donde tambi\u00e9n se aplicaba el tegue o teigue, que se extrae de las tierras calizas.<\/p>\n<div id=\"attachment_27065\" class=\"wp-caption alignnone\" style=\"max-width: 1450px;\"><a href=\"https:\/\/fcmanrique.org\/wp-content\/uploads\/fcmanrique-presentacion-libro-dorotea-t-armas.jpg\"><img loading=\"lazy\" decoding=\"async\" class=\"wp-image-27065 size-full\" src=\"https:\/\/fcmanrique.org\/wp-content\/uploads\/fcmanrique-presentacion-libro-dorotea-t-armas.jpg\" alt=\"\" width=\"1440\" height=\"960\" srcset=\"https:\/\/fcmanrique.org\/wp-content\/uploads\/fcmanrique-presentacion-libro-dorotea-t-armas.jpg 1440w, https:\/\/fcmanrique.org\/wp-content\/uploads\/fcmanrique-presentacion-libro-dorotea-t-armas-300x200.jpg 300w, https:\/\/fcmanrique.org\/wp-content\/uploads\/fcmanrique-presentacion-libro-dorotea-t-armas-1024x683.jpg 1024w, https:\/\/fcmanrique.org\/wp-content\/uploads\/fcmanrique-presentacion-libro-dorotea-t-armas-768x512.jpg 768w, https:\/\/fcmanrique.org\/wp-content\/uploads\/fcmanrique-presentacion-libro-dorotea-t-armas-289x193.jpg 289w\" sizes=\"auto, (max-width: 1440px) 100vw, 1440px\" \/><\/a><p class=\"wp-caption-text\">To\u00f1o Armas, Fundaci\u00f3n C\u00e9sar Manrique, 25\/09\/2025<\/p><\/div>\n<p>Armas explic\u00f3 el proceso de elaboraci\u00f3n de esta cer\u00e1mica destinada fundamentalmente a uso dom\u00e9stico, que serv\u00eda para dar respuesta a las necesidades b\u00e1sicas del hogar. Poco a poco fue desapareciendo en detrimento de otro tipo de cer\u00e1mica m\u00e1s asequible \u2014tanto en t\u00e9rminos econ\u00f3micos como de accesibilidad\u2014, por lo que la profesi\u00f3n se abandon\u00f3 en los a\u00f1os treinta del siglo XX, hasta que Dorotea la recupera, con matices, a finales de la d\u00e9cada de los sesenta con la llegada del turismo a Lanzarote.<\/p>\n<p>Tras la exposici\u00f3n de To\u00f1o Armas, Myriam Ybot, prologuista del libro, mantuvo un di\u00e1logo con el autor, el periodista Jaime Puig, quien confes\u00f3 haber redescubierto a Dorotea durante el proceso de investigaci\u00f3n de su vida, previo a la escritura del libro. Se\u00f1al\u00f3 en este sentido que ya la hab\u00eda conocido en persona y entrevistado en varias ocasiones para la radio. \u201cHab\u00eda mucho material grabado, pero gran parte se perdi\u00f3 porque se grababa en cintas que se reutilizaban\u201d.<\/p>\n<p>Jaime explic\u00f3 c\u00f3mo la Dorotea que todo el mundo recuerda, \u201cvestida de negro, tocada con sombrera, de calma mirada tras unas gafas de pasta igualmente oscuras\u201d, \u2018nace\u2019 con casi setenta a\u00f1os. No se conoc\u00eda su vida anterior (hab\u00eda nacido en 1899) y su misi\u00f3n fue intentar reconstruirla. Para ello, tuvo en cuenta tres aspectos: la protagonista en s\u00ed, la figura de la mujer rural, y su oficio. Aunque Dorotea no naci\u00f3 ni vivi\u00f3 en El Moj\u00f3n, la memoria colectiva la vincula a este pueblo, principalmente por sus figuras m\u00e1s emblem\u00e1ticas: los Novios de El Moj\u00f3n. Siempre vivi\u00f3 en Las Monta\u00f1etas, en Mu\u00f1ique. Para la escritura del libro, el autor estuvo en esa casa de Las Monta\u00f1etas, hoy deshabitada, \u201cun lugar donde ha quedado encerrada su esencia y que ahora solo son recuerdos\u201d.<\/p>\n<p>Dijo Puig que, ya que en El Moj\u00f3n tampoco quedan en pie las casas de las loceras, se podr\u00eda plantear ese espacio como un homenaje a la loza hecha en Lanzarote. Tambi\u00e9n fue el lugar donde \u201cella tropieza, cae y empieza a dejar de ser feliz\u201d y en el que se sentaba en el muro y recib\u00eda a todo el mundo, desde C\u00e9sar Manrique a Alfredo Kraus, pero tambi\u00e9n a cualquier otra persona. Seg\u00fan Puig, \u201call\u00ed hablaba con todo el mundo\u201d.<\/p>\n<div id=\"attachment_27066\" class=\"wp-caption alignnone\" style=\"max-width: 1450px;\"><a href=\"https:\/\/fcmanrique.org\/wp-content\/uploads\/fcmanrique-presentacion-libro-dorotea-jaime-puig-myriam-ybot.jpg\"><img loading=\"lazy\" decoding=\"async\" class=\"wp-image-27066 size-full\" src=\"https:\/\/fcmanrique.org\/wp-content\/uploads\/fcmanrique-presentacion-libro-dorotea-jaime-puig-myriam-ybot.jpg\" alt=\"\" width=\"1440\" height=\"960\" srcset=\"https:\/\/fcmanrique.org\/wp-content\/uploads\/fcmanrique-presentacion-libro-dorotea-jaime-puig-myriam-ybot.jpg 1440w, https:\/\/fcmanrique.org\/wp-content\/uploads\/fcmanrique-presentacion-libro-dorotea-jaime-puig-myriam-ybot-300x200.jpg 300w, https:\/\/fcmanrique.org\/wp-content\/uploads\/fcmanrique-presentacion-libro-dorotea-jaime-puig-myriam-ybot-1024x683.jpg 1024w, https:\/\/fcmanrique.org\/wp-content\/uploads\/fcmanrique-presentacion-libro-dorotea-jaime-puig-myriam-ybot-768x512.jpg 768w, https:\/\/fcmanrique.org\/wp-content\/uploads\/fcmanrique-presentacion-libro-dorotea-jaime-puig-myriam-ybot-289x193.jpg 289w\" sizes=\"auto, (max-width: 1440px) 100vw, 1440px\" \/><\/a><p class=\"wp-caption-text\">Jaime Puig y Myriam Ybot, Fundaci\u00f3n C\u00e9sar Manrique, 25\/09\/2025<\/p><\/div>\n<p>Dorotea de Armas, tuvo una vida de \u201csencillez, austeridad y sacrificio\u201d, indic\u00f3 Puig, como casi todas las mujeres del campo de Lanzarote en el siglo XX. Una vida casi heroica con siete hijos a los que mantener y escasos recursos. A este respecto, Ybot afirm\u00f3 que este libro resulta una especie de homenaje a la mujer rural, a lo que Puig contest\u00f3 que, aunque no era su intenci\u00f3n inicial, es imprescindible reflejar \u201cesas penurias que pasaron sin demasiadas quejas\u201d. No obstante, no se trata de un relato de penurias, sino de una historia llena de amor. \u201cLa familia me transmiti\u00f3 que Dorotea, antes que nada, era todo amor\u201d, puntualiz\u00f3 el autor.<\/p>\n<p>Con el auge del turismo y animada por un joven Juan Brito \u2014interesado en aprender a elaborar loza tradicional\u2014 Dorotea volvi\u00f3 al oficio de locera. Lo hizo adapt\u00e1ndose a los nuevos tiempos, realizando las nuevas piezas que demandaban los visitantes, con gran profesionalidad. \u201cCambi\u00f3 la cer\u00e1mica, pero ella no cambi\u00f3\u201d, concretaron.<\/p>\n<p>A Dorotea de Armas la nombraron Importante del Turismo en 1997, a t\u00edtulo p\u00f3stumo. A juicio del autor del libro muchos de los homenajes realizados en la Isla han servido m\u00e1s para el lucimiento del cargo p\u00fablico del momento que para el homenajeado, pero cree que s\u00ed es necesario que se ponga en valor a la gente, \u201cporque los lugares son grandes por las personas que los habitan\u201d. A Dorotea se le hizo alg\u00fan homenaje y tiene una escultura con su figura en Mancha Blanca, pero, subray\u00f3 Puig, no est\u00e1 reconocida como Hija predilecta de Lanzarote.<\/p>\n<p>Para concluir, Myriam Ybot anim\u00f3 al p\u00fablico a leer este libro que a su juicio est\u00e1 lleno de po\u00e9tica y amor hacia la protagonista. Por su parte, el autor indic\u00f3 que espera que su lectura sirva \u201cpara creernos m\u00e1s lo que somos\u201d, porque en Lanzarote, \u201cbajo esa m\u00e1scara de humildad, de modestia, no tiene por qu\u00e9 ocultarse que tenemos cosas \u00fanicas y muy admirables que hay que poner en valor\u201d. \u201cLa humildad no est\u00e1 re\u00f1ida con la grandeza que tenemos\u201d, finaliz\u00f3.<\/p>\n<p><a href=\"https:\/\/fcmanrique.org\/wp-content\/uploads\/fcmanrique_-presentacion_libro_dorotea_invitacion.jpg\"><img loading=\"lazy\" decoding=\"async\" class=\"alignnone size-full wp-image-27020\" src=\"https:\/\/fcmanrique.org\/wp-content\/uploads\/fcmanrique_-presentacion_libro_dorotea_invitacion.jpg\" alt=\"\" width=\"1200\" height=\"1200\" srcset=\"https:\/\/fcmanrique.org\/wp-content\/uploads\/fcmanrique_-presentacion_libro_dorotea_invitacion.jpg 1200w, https:\/\/fcmanrique.org\/wp-content\/uploads\/fcmanrique_-presentacion_libro_dorotea_invitacion-300x300.jpg 300w, https:\/\/fcmanrique.org\/wp-content\/uploads\/fcmanrique_-presentacion_libro_dorotea_invitacion-1024x1024.jpg 1024w, https:\/\/fcmanrique.org\/wp-content\/uploads\/fcmanrique_-presentacion_libro_dorotea_invitacion-150x150.jpg 150w, https:\/\/fcmanrique.org\/wp-content\/uploads\/fcmanrique_-presentacion_libro_dorotea_invitacion-768x768.jpg 768w, https:\/\/fcmanrique.org\/wp-content\/uploads\/fcmanrique_-presentacion_libro_dorotea_invitacion-246x246.jpg 246w\" sizes=\"auto, (max-width: 1200px) 100vw, 1200px\" \/><\/a><\/p>\n<p><strong>M\u00e1s informaci\u00f3n:&nbsp;<\/strong><a href=\"https:\/\/fcmanrique.org\/wp-content\/uploads\/fcmanrique-presentacion-libro-don-dorotea-jaime-puig.pdf\">Nota de prensa<\/a>&nbsp;<\/p>","protected":false},"featured_media":27067,"parent":0,"template":"","meta":{"_acf_changed":false,"ngg_post_thumbnail":0,"footnotes":""},"actividad_tipo":[36],"actividad_lugar":[49],"actividad_departamento":[31],"actividad_ciclo":[],"class_list":["post-27134","fcm_actividad","type-fcm_actividad","status-publish","has-post-thumbnail","hentry","actividad_tipo-presentacion-libros","actividad_lugar-lugar-sala-saramago","actividad_departamento-departamento-de-programas-culturales"],"acf":[],"_links":{"self":[{"href":"https:\/\/fcmanrique.org\/de\/wp-json\/wp\/v2\/fcm_actividad\/27134","targetHints":{"allow":["GET"]}}],"collection":[{"href":"https:\/\/fcmanrique.org\/de\/wp-json\/wp\/v2\/fcm_actividad"}],"about":[{"href":"https:\/\/fcmanrique.org\/de\/wp-json\/wp\/v2\/types\/fcm_actividad"}],"version-history":[{"count":4,"href":"https:\/\/fcmanrique.org\/de\/wp-json\/wp\/v2\/fcm_actividad\/27134\/revisions"}],"predecessor-version":[{"id":27377,"href":"https:\/\/fcmanrique.org\/de\/wp-json\/wp\/v2\/fcm_actividad\/27134\/revisions\/27377"}],"wp:featuredmedia":[{"embeddable":true,"href":"https:\/\/fcmanrique.org\/de\/wp-json\/wp\/v2\/media\/27067"}],"wp:attachment":[{"href":"https:\/\/fcmanrique.org\/de\/wp-json\/wp\/v2\/media?parent=27134"}],"wp:term":[{"taxonomy":"actividad_tipo","embeddable":true,"href":"https:\/\/fcmanrique.org\/de\/wp-json\/wp\/v2\/actividad_tipo?post=27134"},{"taxonomy":"actividad_lugar","embeddable":true,"href":"https:\/\/fcmanrique.org\/de\/wp-json\/wp\/v2\/actividad_lugar?post=27134"},{"taxonomy":"actividad_departamento","embeddable":true,"href":"https:\/\/fcmanrique.org\/de\/wp-json\/wp\/v2\/actividad_departamento?post=27134"},{"taxonomy":"actividad_ciclo","embeddable":true,"href":"https:\/\/fcmanrique.org\/de\/wp-json\/wp\/v2\/actividad_ciclo?post=27134"}],"curies":[{"name":"wp","href":"https:\/\/api.w.org\/{rel}","templated":true}]}}

<p class="qtranxs-available-languages-message qtranxs-available-languages-message-de">Leider ist der Eintrag nur auf <a href="https://fcmanrique.org/es/wp-json/wp/v2/fcm_actividad/27134" class="qtranxs-available-language-link qtranxs-available-language-link-es" title="ES">ES</a> verfügbar.</p><p><em>Dorotea de Armas. La última locera de El Mojón</em>, escrito por Jaime Puig, hace el número 9 de la colección Islas de Memoria, editada por la Fundación César Manrique con el objetivo de rescatar personajes que hayan contribuido a construir la historia contemporánea de Lanzarote. Esta investigación —presentada el 25 de septiembre en la sala José Saramago— es la primera dedicada a una mujer dentro de esta serie de libros que, recientemente, también protagonizó Antonio Corujo, para el que al comienzo del acto se tuvieron unas palabras de recuerdo, pues había fallecido el día anterior. Así mismo, una vela encendida como símbolo de protesta y una luz de esperanza por Gaza presidió el acto.</p>
<p>Toño Armas, ceramista e investigador de la loza pintada de El Mojón, hizo una introducción a este tipo de cerámica “desconocida, tradicional, hecha a mano, guisada al aire libre y pintada”. Dijo que el oficio de locera era exclusivamente de mujeres y apuntó que se trata de la única loza pintada realizada en Canarias, con dos centros principales de producción: el principal, El Mojón, y, posteriormente, Muñique, con los antepasados de Dorotea, que llegaron desde el pueblo de El Mojón. Este tipo de cerámica coincide con la que se hacía en el norte de África, donde también se aplicaba el tegue o teigue, que se extrae de las tierras calizas.</p>
<div id="attachment_27065" class="wp-caption alignnone" style="max-width: 1450px;"><a href="https://fcmanrique.org/wp-content/uploads/fcmanrique-presentacion-libro-dorotea-t-armas.jpg"><img loading="lazy" decoding="async" class="wp-image-27065 size-full" src="https://fcmanrique.org/wp-content/uploads/fcmanrique-presentacion-libro-dorotea-t-armas.jpg" alt="" width="1440" height="960" srcset="https://fcmanrique.org/wp-content/uploads/fcmanrique-presentacion-libro-dorotea-t-armas.jpg 1440w, https://fcmanrique.org/wp-content/uploads/fcmanrique-presentacion-libro-dorotea-t-armas-300x200.jpg 300w, https://fcmanrique.org/wp-content/uploads/fcmanrique-presentacion-libro-dorotea-t-armas-1024x683.jpg 1024w, https://fcmanrique.org/wp-content/uploads/fcmanrique-presentacion-libro-dorotea-t-armas-768x512.jpg 768w, https://fcmanrique.org/wp-content/uploads/fcmanrique-presentacion-libro-dorotea-t-armas-289x193.jpg 289w" sizes="auto, (max-width: 1440px) 100vw, 1440px" /></a><p class="wp-caption-text">Toño Armas, Fundación César Manrique, 25/09/2025</p></div>
<p>Armas explicó el proceso de elaboración de esta cerámica destinada fundamentalmente a uso doméstico, que servía para dar respuesta a las necesidades básicas del hogar. Poco a poco fue desapareciendo en detrimento de otro tipo de cerámica más asequible —tanto en términos económicos como de accesibilidad—, por lo que la profesión se abandonó en los años treinta del siglo XX, hasta que Dorotea la recupera, con matices, a finales de la década de los sesenta con la llegada del turismo a Lanzarote.</p>
<p>Tras la exposición de Toño Armas, Myriam Ybot, prologuista del libro, mantuvo un diálogo con el autor, el periodista Jaime Puig, quien confesó haber redescubierto a Dorotea durante el proceso de investigación de su vida, previo a la escritura del libro. Señaló en este sentido que ya la había conocido en persona y entrevistado en varias ocasiones para la radio. “Había mucho material grabado, pero gran parte se perdió porque se grababa en cintas que se reutilizaban”.</p>
<p>Jaime explicó cómo la Dorotea que todo el mundo recuerda, “vestida de negro, tocada con sombrera, de calma mirada tras unas gafas de pasta igualmente oscuras”, ‘nace’ con casi setenta años. No se conocía su vida anterior (había nacido en 1899) y su misión fue intentar reconstruirla. Para ello, tuvo en cuenta tres aspectos: la protagonista en sí, la figura de la mujer rural, y su oficio. Aunque Dorotea no nació ni vivió en El Mojón, la memoria colectiva la vincula a este pueblo, principalmente por sus figuras más emblemáticas: los Novios de El Mojón. Siempre vivió en Las Montañetas, en Muñique. Para la escritura del libro, el autor estuvo en esa casa de Las Montañetas, hoy deshabitada, “un lugar donde ha quedado encerrada su esencia y que ahora solo son recuerdos”.</p>
<p>Dijo Puig que, ya que en El Mojón tampoco quedan en pie las casas de las loceras, se podría plantear ese espacio como un homenaje a la loza hecha en Lanzarote. También fue el lugar donde “ella tropieza, cae y empieza a dejar de ser feliz” y en el que se sentaba en el muro y recibía a todo el mundo, desde César Manrique a Alfredo Kraus, pero también a cualquier otra persona. Según Puig, “allí hablaba con todo el mundo”.</p>
<div id="attachment_27066" class="wp-caption alignnone" style="max-width: 1450px;"><a href="https://fcmanrique.org/wp-content/uploads/fcmanrique-presentacion-libro-dorotea-jaime-puig-myriam-ybot.jpg"><img loading="lazy" decoding="async" class="wp-image-27066 size-full" src="https://fcmanrique.org/wp-content/uploads/fcmanrique-presentacion-libro-dorotea-jaime-puig-myriam-ybot.jpg" alt="" width="1440" height="960" srcset="https://fcmanrique.org/wp-content/uploads/fcmanrique-presentacion-libro-dorotea-jaime-puig-myriam-ybot.jpg 1440w, https://fcmanrique.org/wp-content/uploads/fcmanrique-presentacion-libro-dorotea-jaime-puig-myriam-ybot-300x200.jpg 300w, https://fcmanrique.org/wp-content/uploads/fcmanrique-presentacion-libro-dorotea-jaime-puig-myriam-ybot-1024x683.jpg 1024w, https://fcmanrique.org/wp-content/uploads/fcmanrique-presentacion-libro-dorotea-jaime-puig-myriam-ybot-768x512.jpg 768w, https://fcmanrique.org/wp-content/uploads/fcmanrique-presentacion-libro-dorotea-jaime-puig-myriam-ybot-289x193.jpg 289w" sizes="auto, (max-width: 1440px) 100vw, 1440px" /></a><p class="wp-caption-text">Jaime Puig y Myriam Ybot, Fundación César Manrique, 25/09/2025</p></div>
<p>Dorotea de Armas, tuvo una vida de “sencillez, austeridad y sacrificio”, indicó Puig, como casi todas las mujeres del campo de Lanzarote en el siglo XX. Una vida casi heroica con siete hijos a los que mantener y escasos recursos. A este respecto, Ybot afirmó que este libro resulta una especie de homenaje a la mujer rural, a lo que Puig contestó que, aunque no era su intención inicial, es imprescindible reflejar “esas penurias que pasaron sin demasiadas quejas”. No obstante, no se trata de un relato de penurias, sino de una historia llena de amor. “La familia me transmitió que Dorotea, antes que nada, era todo amor”, puntualizó el autor.</p>
<p>Con el auge del turismo y animada por un joven Juan Brito —interesado en aprender a elaborar loza tradicional— Dorotea volvió al oficio de locera. Lo hizo adaptándose a los nuevos tiempos, realizando las nuevas piezas que demandaban los visitantes, con gran profesionalidad. “Cambió la cerámica, pero ella no cambió”, concretaron.</p>
<p>A Dorotea de Armas la nombraron Importante del Turismo en 1997, a título póstumo. A juicio del autor del libro muchos de los homenajes realizados en la Isla han servido más para el lucimiento del cargo público del momento que para el homenajeado, pero cree que sí es necesario que se ponga en valor a la gente, “porque los lugares son grandes por las personas que los habitan”. A Dorotea se le hizo algún homenaje y tiene una escultura con su figura en Mancha Blanca, pero, subrayó Puig, no está reconocida como Hija predilecta de Lanzarote.</p>
<p>Para concluir, Myriam Ybot animó al público a leer este libro que a su juicio está lleno de poética y amor hacia la protagonista. Por su parte, el autor indicó que espera que su lectura sirva “para creernos más lo que somos”, porque en Lanzarote, “bajo esa máscara de humildad, de modestia, no tiene por qué ocultarse que tenemos cosas únicas y muy admirables que hay que poner en valor”. “La humildad no está reñida con la grandeza que tenemos”, finalizó.</p>
<p><a href="https://fcmanrique.org/wp-content/uploads/fcmanrique_-presentacion_libro_dorotea_invitacion.jpg"><img loading="lazy" decoding="async" class="alignnone size-full wp-image-27020" src="https://fcmanrique.org/wp-content/uploads/fcmanrique_-presentacion_libro_dorotea_invitacion.jpg" alt="" width="1200" height="1200" srcset="https://fcmanrique.org/wp-content/uploads/fcmanrique_-presentacion_libro_dorotea_invitacion.jpg 1200w, https://fcmanrique.org/wp-content/uploads/fcmanrique_-presentacion_libro_dorotea_invitacion-300x300.jpg 300w, https://fcmanrique.org/wp-content/uploads/fcmanrique_-presentacion_libro_dorotea_invitacion-1024x1024.jpg 1024w, https://fcmanrique.org/wp-content/uploads/fcmanrique_-presentacion_libro_dorotea_invitacion-150x150.jpg 150w, https://fcmanrique.org/wp-content/uploads/fcmanrique_-presentacion_libro_dorotea_invitacion-768x768.jpg 768w, https://fcmanrique.org/wp-content/uploads/fcmanrique_-presentacion_libro_dorotea_invitacion-246x246.jpg 246w" sizes="auto, (max-width: 1200px) 100vw, 1200px" /></a></p>
<p><strong>Más información:&nbsp;</strong><a href="https://fcmanrique.org/wp-content/uploads/fcmanrique-presentacion-libro-don-dorotea-jaime-puig.pdf">Nota de prensa</a>&nbsp;</p>
