{"id":27449,"date":"2025-12-01T12:32:42","date_gmt":"2025-12-01T12:32:42","guid":{"rendered":"https:\/\/fcmanrique.org\/?post_type=fcm_actividad&#038;p=27449"},"modified":"2025-12-04T09:31:01","modified_gmt":"2025-12-04T09:31:01","slug":"cesar-manrique-construye-la-mirada-sobre-lo-que-es-lanzarote-y-a-su-vez-esa-mirada-le-construye-a-el-mismo","status":"publish","type":"fcm_actividad","link":"https:\/\/fcmanrique.org\/de\/fcm-actividad\/cesar-manrique-construye-la-mirada-sobre-lo-que-es-lanzarote-y-a-su-vez-esa-mirada-le-construye-a-el-mismo\/","title":{"rendered":"\u00abC\u00e9sar Manrique construye la mirada sobre lo que es Lanzarote y, a su vez, esa mirada le construye a \u00e9l mismo\u00bb"},"content":{"rendered":"<p class=\"qtranxs-available-languages-message qtranxs-available-languages-message-de\">Leider ist der Eintrag nur auf <a href=\"https:\/\/fcmanrique.org\/es\/wp-json\/wp\/v2\/fcm_actividad\/27449\" class=\"qtranxs-available-language-link qtranxs-available-language-link-es\" title=\"ES\">ES<\/a> verf\u00fcgbar.<\/p><p>Eduardo Prieto, doctor arquitecto internacional, imparti\u00f3 el jueves 27 de noviembre, la conferencia titulada \u201cEl futuro del pasado. C\u00e9sar Manrique y la arquitectura popular\u201d en la sala Jos\u00e9 Saramago de la Fundaci\u00f3n C\u00e9sar Manrique. Comenz\u00f3 describiendo a C\u00e9sar Manrique como una figura \u201cparad\u00f3jica\u201d de la arquitectura popular ya que, seg\u00fan el ponente, a trav\u00e9s de su libro <em>Lanzarote. Arquitectura in\u00e9dita <\/em>tuvo el empe\u00f1o de \u201cdocumentar una arquitectura a la cual no se hab\u00eda prestado demasiada atenci\u00f3n\u201d y utilizarla como un modo de construir \u201ccierta modernidad, la utop\u00eda, el futuro\u201d. En este sentido, Prieto habl\u00f3 de la doble mirada de C\u00e9sar sobre la arquitectura popular: la de quien conoce su entorno y la de quien lo redescubre despu\u00e9s de haber viajado. Su estancia en Nueva York y su contacto con las vanguardias son fundamentales, consider\u00f3. A C\u00e9sar le interesa \u201cese valor intemporal de la arquitectura popular y el modo en que esa arquitectura se inserta en el paisaje\u201d. En Espa\u00f1a es pionero en ese tipo de trabajo, afirm\u00f3 el arquitecto.<\/p>\n<p><a href=\"https:\/\/fcmanrique.org\/wp-content\/uploads\/fcmanrique-conferencia-eduardo-prieto.jpg\"><img loading=\"lazy\" decoding=\"async\" class=\"alignnone size-full wp-image-27453\" src=\"https:\/\/fcmanrique.org\/wp-content\/uploads\/fcmanrique-conferencia-eduardo-prieto.jpg\" alt=\"\" width=\"1440\" height=\"960\" srcset=\"https:\/\/fcmanrique.org\/wp-content\/uploads\/fcmanrique-conferencia-eduardo-prieto.jpg 1440w, https:\/\/fcmanrique.org\/wp-content\/uploads\/fcmanrique-conferencia-eduardo-prieto-300x200.jpg 300w, https:\/\/fcmanrique.org\/wp-content\/uploads\/fcmanrique-conferencia-eduardo-prieto-1024x683.jpg 1024w, https:\/\/fcmanrique.org\/wp-content\/uploads\/fcmanrique-conferencia-eduardo-prieto-768x512.jpg 768w, https:\/\/fcmanrique.org\/wp-content\/uploads\/fcmanrique-conferencia-eduardo-prieto-289x193.jpg 289w\" sizes=\"auto, (max-width: 1440px) 100vw, 1440px\" \/><\/a><\/p>\n<p>Para revelar el secreto de la relaci\u00f3n de Manrique con la arquitectura popular, Prieto se remont\u00f3 a otros ejemplos, a otras islas que ayudan al artista a anticipar ideas, conceptos y visiones. La primera es Capri, la s\u00edntesis de lo mediterr\u00e1neo que atrajo tanto a Goethe, como a Schinkel o a Herder, porque se trata de una arquitectura que habla de cierto modo de vida m\u00e1s sencillo y en contacto con la naturaleza. \u201cEn parte, la modernidad arquitect\u00f3nica se inventa a trav\u00e9s del descubrimiento de la arquitectura popular\u201d, se\u00f1al\u00f3. La segunda isla es Ibiza, que va a ser para los espa\u00f1oles lo que Capri para los europeos y tambi\u00e9n seduce a Walter Benjamin, Le Corbusier o Walter Gropius, el fundador de la Bauhaus. Volviendo a Lanzarote, Prieto destac\u00f3 que, para C\u00e9sar, la belleza es clave.<\/p>\n<p>Prieto explic\u00f3 c\u00f3mo C\u00e9sar Manrique construye la mirada sobre lo que es Lanzarote y, a su vez, esa mirada le construye a \u00e9l mismo. En la obra del artista \u2014matiz\u00f3\u2014planea una dicotom\u00eda complementaria: la arquitectura como elemento que construye el territorio y al mismo tiempo es construida por ese territorio. A juicio del conferenciante, el libro, publicado en 1974, se puede leer tambi\u00e9n como un manifiesto incluso retroactivo de lo que se hab\u00eda hecho antes en la Isla, y encierra una mirada \u201cque va a convertir la arquitectura en expresi\u00f3n de algo m\u00e1s\u201d, una expresi\u00f3n social, etnogr\u00e1fica, de las costumbres. Le interesa esta arquitectura no tanto como un registro del pasado, sino como una proyecci\u00f3n hacia el futuro, una arquitectura moderna pero anclada en la tradici\u00f3n, adem\u00e1s de una mirada sobre la esencia de Lanzarote, manifest\u00f3.<\/p>\n<p><a href=\"https:\/\/fcmanrique.org\/wp-content\/uploads\/fcmanrique-conferencia-eduardo-prieto1.jpg\"><img loading=\"lazy\" decoding=\"async\" class=\"alignnone size-full wp-image-27452\" src=\"https:\/\/fcmanrique.org\/wp-content\/uploads\/fcmanrique-conferencia-eduardo-prieto1.jpg\" alt=\"\" width=\"1440\" height=\"960\" srcset=\"https:\/\/fcmanrique.org\/wp-content\/uploads\/fcmanrique-conferencia-eduardo-prieto1.jpg 1440w, https:\/\/fcmanrique.org\/wp-content\/uploads\/fcmanrique-conferencia-eduardo-prieto1-300x200.jpg 300w, https:\/\/fcmanrique.org\/wp-content\/uploads\/fcmanrique-conferencia-eduardo-prieto1-1024x683.jpg 1024w, https:\/\/fcmanrique.org\/wp-content\/uploads\/fcmanrique-conferencia-eduardo-prieto1-768x512.jpg 768w, https:\/\/fcmanrique.org\/wp-content\/uploads\/fcmanrique-conferencia-eduardo-prieto1-289x193.jpg 289w\" sizes=\"auto, (max-width: 1440px) 100vw, 1440px\" \/><\/a><\/p>\n<p>Durante la conferencia, Prieto afirm\u00f3 que <em>Lanzarote. Arquitectura in\u00e9dita<\/em> \u201cno es simplemente un trabajo etnogr\u00e1fico, sino un trabajo propositivo\u201d, y destac\u00f3 dos posibles precedentes: el libro <em>El genio nativo en la arquitectura an\u00f3nima de Norteam\u00e9rica<\/em>, de Sibyl Moholy-Nagy y, sobre todo, la exposici\u00f3n \u00abArquitectura sin arquitectos\u00bb, que se inaugur\u00f3 en 1964 en el MoMA, comisariada por Bernard Rudofsky y que inclu\u00eda una foto de La Geria. Esas miradas e influencias van a confluir en la manera en que C\u00e9sar Manrique trabaja una arquitectura social, con base etnogr\u00e1fica, de vanguardia y ligada al contexto peculiar de Lanzarote. Cuando se plantea esta arquitectura, en Espa\u00f1a hay arquitectos que est\u00e1n pensando de manera parecida, como Alejandro de la Sota, Miguel Fisac, Coderch o Fern\u00e1ndez del Amo.<\/p>\n<p>A C\u00e9sar Manrique \u201cno le interesa la arquitectura popular como una receta, aunque luego se haya convertido en una receta en el caso de Lanzarote\u201d, indic\u00f3 Eduardo Prieto para luego explicar que \u201cle interesa, fundamentalmente, como un material que puede ser reprogramado en clave moderna para hacer un arte distinto, y tambi\u00e9n de manera social\u201d porque no la construye un individuo, sino la sociedad en su conjunto. \u201cEn realidad \u2014se\u00f1al\u00f3 Prieto\u2014, para el artista, la arquitectura popular no es solamente un documento para hacer la Lanzarote que \u00e9l pensaba y su futuro, no es solo un pegamento social con el cual todo el mundo se puede reconocer o una herramienta para construir un estilo nuevo, una arquitectura moderna, sino que es la materia a la cual se le puede dar forma para construir lo propio\u201d. <em>L<\/em>a<em>nzarote. Arquitectura in\u00e9dita <\/em>cumple todas estas funciones, pero, adem\u00e1s, \u201cse tiene que entender por el personaje que lo ide\u00f3, lo concibi\u00f3 y que utiliz\u00f3 el libro como un programa ut\u00f3pico\u201d, concluy\u00f3 Prieto.<\/p>\n<p><strong>M\u00e1s informaci\u00f3n<\/strong>: <a href=\"https:\/\/fcmanrique.org\/wp-content\/uploads\/np-19.25-Conferencia-Eduardo-Prieto.pdf\" target=\"_blank\" rel=\"noopener\">Nota de prensa<\/a><\/p>\n<p><strong>Grabaci\u00f3n de la conferencia:<\/strong>&nbsp;<a href=\"https:\/\/fcmanrique.org\/fcm-video\/eduardo-prieto\/\" target=\"_blank\" rel=\"noopener\">Grabaci\u00f3n<\/a><\/p>\n<p><a href=\"https:\/\/fcmanrique.org\/wp-content\/uploads\/fcmanrique-fronteras-y-direcciones-eduardo-prieto.jpg\"><img loading=\"lazy\" decoding=\"async\" class=\"alignnone size-full wp-image-27415\" src=\"https:\/\/fcmanrique.org\/wp-content\/uploads\/fcmanrique-fronteras-y-direcciones-eduardo-prieto.jpg\" alt=\"\" width=\"1200\" height=\"1200\" srcset=\"https:\/\/fcmanrique.org\/wp-content\/uploads\/fcmanrique-fronteras-y-direcciones-eduardo-prieto.jpg 1200w, https:\/\/fcmanrique.org\/wp-content\/uploads\/fcmanrique-fronteras-y-direcciones-eduardo-prieto-300x300.jpg 300w, https:\/\/fcmanrique.org\/wp-content\/uploads\/fcmanrique-fronteras-y-direcciones-eduardo-prieto-1024x1024.jpg 1024w, https:\/\/fcmanrique.org\/wp-content\/uploads\/fcmanrique-fronteras-y-direcciones-eduardo-prieto-150x150.jpg 150w, https:\/\/fcmanrique.org\/wp-content\/uploads\/fcmanrique-fronteras-y-direcciones-eduardo-prieto-768x768.jpg 768w, https:\/\/fcmanrique.org\/wp-content\/uploads\/fcmanrique-fronteras-y-direcciones-eduardo-prieto-246x246.jpg 246w\" sizes=\"auto, (max-width: 1200px) 100vw, 1200px\" \/><\/a><\/p>","protected":false},"featured_media":27450,"parent":0,"template":"","meta":{"_acf_changed":false,"ngg_post_thumbnail":0,"footnotes":""},"actividad_tipo":[34],"actividad_lugar":[],"actividad_departamento":[],"actividad_ciclo":[],"class_list":["post-27449","fcm_actividad","type-fcm_actividad","status-publish","has-post-thumbnail","hentry","actividad_tipo-conferencias"],"acf":[],"_links":{"self":[{"href":"https:\/\/fcmanrique.org\/de\/wp-json\/wp\/v2\/fcm_actividad\/27449","targetHints":{"allow":["GET"]}}],"collection":[{"href":"https:\/\/fcmanrique.org\/de\/wp-json\/wp\/v2\/fcm_actividad"}],"about":[{"href":"https:\/\/fcmanrique.org\/de\/wp-json\/wp\/v2\/types\/fcm_actividad"}],"version-history":[{"count":5,"href":"https:\/\/fcmanrique.org\/de\/wp-json\/wp\/v2\/fcm_actividad\/27449\/revisions"}],"predecessor-version":[{"id":27465,"href":"https:\/\/fcmanrique.org\/de\/wp-json\/wp\/v2\/fcm_actividad\/27449\/revisions\/27465"}],"wp:featuredmedia":[{"embeddable":true,"href":"https:\/\/fcmanrique.org\/de\/wp-json\/wp\/v2\/media\/27450"}],"wp:attachment":[{"href":"https:\/\/fcmanrique.org\/de\/wp-json\/wp\/v2\/media?parent=27449"}],"wp:term":[{"taxonomy":"actividad_tipo","embeddable":true,"href":"https:\/\/fcmanrique.org\/de\/wp-json\/wp\/v2\/actividad_tipo?post=27449"},{"taxonomy":"actividad_lugar","embeddable":true,"href":"https:\/\/fcmanrique.org\/de\/wp-json\/wp\/v2\/actividad_lugar?post=27449"},{"taxonomy":"actividad_departamento","embeddable":true,"href":"https:\/\/fcmanrique.org\/de\/wp-json\/wp\/v2\/actividad_departamento?post=27449"},{"taxonomy":"actividad_ciclo","embeddable":true,"href":"https:\/\/fcmanrique.org\/de\/wp-json\/wp\/v2\/actividad_ciclo?post=27449"}],"curies":[{"name":"wp","href":"https:\/\/api.w.org\/{rel}","templated":true}]}}

«César Manrique construye la mirada sobre lo que es Lanzarote y, a su vez, esa mirada le construye a él mismo»

<p class="qtranxs-available-languages-message qtranxs-available-languages-message-de">Leider ist der Eintrag nur auf <a href="https://fcmanrique.org/es/wp-json/wp/v2/fcm_actividad/27449" class="qtranxs-available-language-link qtranxs-available-language-link-es" title="ES">ES</a> verfügbar.</p><p>Eduardo Prieto, doctor arquitecto internacional, impartió el jueves 27 de noviembre, la conferencia titulada “El futuro del pasado. César Manrique y la arquitectura popular” en la sala José Saramago de la Fundación César Manrique. Comenzó describiendo a César Manrique como una figura “paradójica” de la arquitectura popular ya que, según el ponente, a través de su libro <em>Lanzarote. Arquitectura inédita </em>tuvo el empeño de “documentar una arquitectura a la cual no se había prestado demasiada atención” y utilizarla como un modo de construir “cierta modernidad, la utopía, el futuro”. En este sentido, Prieto habló de la doble mirada de César sobre la arquitectura popular: la de quien conoce su entorno y la de quien lo redescubre después de haber viajado. Su estancia en Nueva York y su contacto con las vanguardias son fundamentales, consideró. A César le interesa “ese valor intemporal de la arquitectura popular y el modo en que esa arquitectura se inserta en el paisaje”. En España es pionero en ese tipo de trabajo, afirmó el arquitecto.</p>
<p><a href="https://fcmanrique.org/wp-content/uploads/fcmanrique-conferencia-eduardo-prieto.jpg"><img loading="lazy" decoding="async" class="alignnone size-full wp-image-27453" src="https://fcmanrique.org/wp-content/uploads/fcmanrique-conferencia-eduardo-prieto.jpg" alt="" width="1440" height="960" srcset="https://fcmanrique.org/wp-content/uploads/fcmanrique-conferencia-eduardo-prieto.jpg 1440w, https://fcmanrique.org/wp-content/uploads/fcmanrique-conferencia-eduardo-prieto-300x200.jpg 300w, https://fcmanrique.org/wp-content/uploads/fcmanrique-conferencia-eduardo-prieto-1024x683.jpg 1024w, https://fcmanrique.org/wp-content/uploads/fcmanrique-conferencia-eduardo-prieto-768x512.jpg 768w, https://fcmanrique.org/wp-content/uploads/fcmanrique-conferencia-eduardo-prieto-289x193.jpg 289w" sizes="auto, (max-width: 1440px) 100vw, 1440px" /></a></p>
<p>Para revelar el secreto de la relación de Manrique con la arquitectura popular, Prieto se remontó a otros ejemplos, a otras islas que ayudan al artista a anticipar ideas, conceptos y visiones. La primera es Capri, la síntesis de lo mediterráneo que atrajo tanto a Goethe, como a Schinkel o a Herder, porque se trata de una arquitectura que habla de cierto modo de vida más sencillo y en contacto con la naturaleza. “En parte, la modernidad arquitectónica se inventa a través del descubrimiento de la arquitectura popular”, señaló. La segunda isla es Ibiza, que va a ser para los españoles lo que Capri para los europeos y también seduce a Walter Benjamin, Le Corbusier o Walter Gropius, el fundador de la Bauhaus. Volviendo a Lanzarote, Prieto destacó que, para César, la belleza es clave.</p>
<p>Prieto explicó cómo César Manrique construye la mirada sobre lo que es Lanzarote y, a su vez, esa mirada le construye a él mismo. En la obra del artista —matizó—planea una dicotomía complementaria: la arquitectura como elemento que construye el territorio y al mismo tiempo es construida por ese territorio. A juicio del conferenciante, el libro, publicado en 1974, se puede leer también como un manifiesto incluso retroactivo de lo que se había hecho antes en la Isla, y encierra una mirada “que va a convertir la arquitectura en expresión de algo más”, una expresión social, etnográfica, de las costumbres. Le interesa esta arquitectura no tanto como un registro del pasado, sino como una proyección hacia el futuro, una arquitectura moderna pero anclada en la tradición, además de una mirada sobre la esencia de Lanzarote, manifestó.</p>
<p><a href="https://fcmanrique.org/wp-content/uploads/fcmanrique-conferencia-eduardo-prieto1.jpg"><img loading="lazy" decoding="async" class="alignnone size-full wp-image-27452" src="https://fcmanrique.org/wp-content/uploads/fcmanrique-conferencia-eduardo-prieto1.jpg" alt="" width="1440" height="960" srcset="https://fcmanrique.org/wp-content/uploads/fcmanrique-conferencia-eduardo-prieto1.jpg 1440w, https://fcmanrique.org/wp-content/uploads/fcmanrique-conferencia-eduardo-prieto1-300x200.jpg 300w, https://fcmanrique.org/wp-content/uploads/fcmanrique-conferencia-eduardo-prieto1-1024x683.jpg 1024w, https://fcmanrique.org/wp-content/uploads/fcmanrique-conferencia-eduardo-prieto1-768x512.jpg 768w, https://fcmanrique.org/wp-content/uploads/fcmanrique-conferencia-eduardo-prieto1-289x193.jpg 289w" sizes="auto, (max-width: 1440px) 100vw, 1440px" /></a></p>
<p>Durante la conferencia, Prieto afirmó que <em>Lanzarote. Arquitectura inédita</em> “no es simplemente un trabajo etnográfico, sino un trabajo propositivo”, y destacó dos posibles precedentes: el libro <em>El genio nativo en la arquitectura anónima de Norteamérica</em>, de Sibyl Moholy-Nagy y, sobre todo, la exposición «Arquitectura sin arquitectos», que se inauguró en 1964 en el MoMA, comisariada por Bernard Rudofsky y que incluía una foto de La Geria. Esas miradas e influencias van a confluir en la manera en que César Manrique trabaja una arquitectura social, con base etnográfica, de vanguardia y ligada al contexto peculiar de Lanzarote. Cuando se plantea esta arquitectura, en España hay arquitectos que están pensando de manera parecida, como Alejandro de la Sota, Miguel Fisac, Coderch o Fernández del Amo.</p>
<p>A César Manrique “no le interesa la arquitectura popular como una receta, aunque luego se haya convertido en una receta en el caso de Lanzarote”, indicó Eduardo Prieto para luego explicar que “le interesa, fundamentalmente, como un material que puede ser reprogramado en clave moderna para hacer un arte distinto, y también de manera social” porque no la construye un individuo, sino la sociedad en su conjunto. “En realidad —señaló Prieto—, para el artista, la arquitectura popular no es solamente un documento para hacer la Lanzarote que él pensaba y su futuro, no es solo un pegamento social con el cual todo el mundo se puede reconocer o una herramienta para construir un estilo nuevo, una arquitectura moderna, sino que es la materia a la cual se le puede dar forma para construir lo propio”. <em>L</em>a<em>nzarote. Arquitectura inédita </em>cumple todas estas funciones, pero, además, “se tiene que entender por el personaje que lo ideó, lo concibió y que utilizó el libro como un programa utópico”, concluyó Prieto.</p>
<p><strong>Más información</strong>: <a href="https://fcmanrique.org/wp-content/uploads/np-19.25-Conferencia-Eduardo-Prieto.pdf" target="_blank" rel="noopener">Nota de prensa</a></p>
<p><strong>Grabación de la conferencia:</strong>&nbsp;<a href="https://fcmanrique.org/fcm-video/eduardo-prieto/" target="_blank" rel="noopener">Grabación</a></p>
<p><a href="https://fcmanrique.org/wp-content/uploads/fcmanrique-fronteras-y-direcciones-eduardo-prieto.jpg"><img loading="lazy" decoding="async" class="alignnone size-full wp-image-27415" src="https://fcmanrique.org/wp-content/uploads/fcmanrique-fronteras-y-direcciones-eduardo-prieto.jpg" alt="" width="1200" height="1200" srcset="https://fcmanrique.org/wp-content/uploads/fcmanrique-fronteras-y-direcciones-eduardo-prieto.jpg 1200w, https://fcmanrique.org/wp-content/uploads/fcmanrique-fronteras-y-direcciones-eduardo-prieto-300x300.jpg 300w, https://fcmanrique.org/wp-content/uploads/fcmanrique-fronteras-y-direcciones-eduardo-prieto-1024x1024.jpg 1024w, https://fcmanrique.org/wp-content/uploads/fcmanrique-fronteras-y-direcciones-eduardo-prieto-150x150.jpg 150w, https://fcmanrique.org/wp-content/uploads/fcmanrique-fronteras-y-direcciones-eduardo-prieto-768x768.jpg 768w, https://fcmanrique.org/wp-content/uploads/fcmanrique-fronteras-y-direcciones-eduardo-prieto-246x246.jpg 246w" sizes="auto, (max-width: 1200px) 100vw, 1200px" /></a></p>
