{"id":3613,"date":"2012-11-09T00:00:00","date_gmt":"2012-11-09T00:00:00","guid":{"rendered":"https:\/\/fcmanrique.org\/2012\/11\/09\/la-supervivencia-de-manrique-como-icono-mediatico-dependera-de-la-supervivencia-de-la-lanzarote-que-el-creo\/?lang=es"},"modified":"2018-06-25T16:10:26","modified_gmt":"2018-06-25T16:10:26","slug":"la-supervivencia-de-manrique-como-icono-mediatico-dependera-de-la-supervivencia-de-la-lanzarote-que-el-creo","status":"publish","type":"fcm_actividad","link":"https:\/\/fcmanrique.org\/de\/fcm-actividad\/la-supervivencia-de-manrique-como-icono-mediatico-dependera-de-la-supervivencia-de-la-lanzarote-que-el-creo\/","title":{"rendered":"<em>La supervivencia de Manrique como icono medi\u00e1tico depender\u00e1 de la supervivencia de la Lanzarote que \u00e9l cre\u00f3<\/em>"},"content":{"rendered":"<p><!--[if gte mso 9]><xml>\n \n  Normal\n  0\n  21\n  \n  \n  false\n  false\n  false\n  \n   \n   \n   \n   \n   \n  \n  MicrosoftInternetExplorer4\n \n<\/xml><![endif]--><\/p>\n<p style=\"text-align:\njustify;line-height:normal\"><span >La proyecci&oacute;n de unas im&aacute;genes extra&iacute;das del documental &lsquo;Taro. El eco de Manrique&rsquo;, con palabras del artista ante las c&aacute;maras, abri&oacute; la &uacute;ltima de las mesas redondas dedicadas a Manrique este a&ntilde;o en la FCM, <\/span><span ><span style=\"line-height:115%;\"><\/span><span style=\"line-height:115%;\"><span style=\"line-height:115%;\">celebrada el 8 de noviembre de 2012<\/span><\/span>. Siete periodistas, incluidos los dos moderadores, Manuel Riveiro e Isabel Lusarreta, disertaron sobre C&eacute;sar Manrique como icono medi&aacute;tico. Comenz&oacute; Techi Acosta con una an&eacute;cdota que ejemplifica la relaci&oacute;n de Manrique y el uso de los medios que &eacute;l hac&iacute;a, recordando que Manrique entraba en Radio Lanzarote y le dec&iacute;a a su director, Agust&iacute;n Acosta: &ldquo;Agust&iacute;n, voy a hablar&rdquo;. El otro periodista lanzarote&ntilde;o de la mesa, Salvador Hern&aacute;ndez, destac&oacute; que le sorprend&iacute;a de C&eacute;sar su esp&iacute;ritu did&aacute;ctico porque se esforzaba en que el periodista viera la importancia de su mensaje. Por su parte, Javier Dur&aacute;n, que se desplaz&oacute; en varias ocasiones desde Las Palmas para entrevistar a Manrique, cont&oacute; que en esas entrevistas siempre sal&iacute;a la misma pregunta: &ldquo;&iquest;Qu&eacute; hacemos con el Sur de Gran Canaria?&rdquo;, y la misma respuesta: &ldquo;Ponerle una bomba&rdquo;. Como un &ldquo;animal medi&aacute;tico&rdquo; defini&oacute; Victoriano Su&aacute;rez &Aacute;lamo a Manrique: &ldquo;Era un fil&oacute;n, un caramelo para un periodista y sab&iacute;a el poder que ten&iacute;an los medios para hacer llegar su mensaje al pueblo&rdquo;. Algo que corrobor&oacute; Juan Manuel Pardellas, para quien fue un privilegio entrevistarle porque &ldquo;daba muchos palos al poder establecido&rdquo;: &ldquo;Cada palabra de C&eacute;sar era un titular a cinco columnas&rdquo;.<\/span><\/p>\n<p style=\"text-align:\njustify;line-height:normal\"><span >El debate se centr&oacute; brevemente sobre la intimidad y la vida personal de Manrique, un aspecto en el que todos coincidieron que era secundario y que no le interesaba a la prensa del momento, y pas&oacute; a analizar el cambio del Manrique medi&aacute;tico amable que promociona Lanzarote al reivindicativo que se queja de la especulaci&oacute;n. Ese icono ya comenzaba a molestar a los poderes f&aacute;cticos. Salvador Hern&aacute;ndez record&oacute; que tras la entrevista a &lsquo;Der Spiegel&rsquo; en 1988, en la que denunciaba la situaci&oacute;n de la  Isla, se reuni&oacute; el Patronato de Turismo para intentar hacerle callar, pero que &ldquo;nadie fue capaz de hacer callar a C&eacute;sar Manrique&rdquo;. Seg&uacute;n Javier Dur&aacute;n, Manrique es un icono medi&aacute;tico porque supo hacer algo ins&oacute;lito, como llevar a cabo un proyecto tur&iacute;stico diferente al de la &eacute;poca, en Espa&ntilde;a y &ldquo;sacar del hambre a una Isla&rdquo;. Pardellas habl&oacute; de la llegada de C&eacute;sar a Tenerife &ldquo;poniendo &aacute;rboles del&nbsp;rev&eacute;s&rdquo; en el Puerto de la Cruz, su contribuci&oacute;n a la revalorizaci&oacute;n de ese destino tur&iacute;stico y su posible influencia para evitar el derribo de unas naves de carb&oacute;n, &uacute;ltimo vestigio de aquella &eacute;poca en Santa Cruz y que los vecinos reclamaban que quedaran en pie.<\/span><\/p>\n<p style=\"text-align:\njustify;line-height:normal\"><span >Haciendo un ejercicio de imaginaci&oacute;n motivado por los moderadores, Su&aacute;rez &Aacute;lamo, que asegur&oacute; que a C&eacute;sar habr&iacute;a que estudiarlo en las escuelas de comunicaci&oacute;n por su forma de emplear a los medios, dijo que tuvo suerte con los medios de aquella &eacute;poca porque ten&iacute;a m&aacute;s peso el periodista que el empresario, mientras que ahora se desvirtuar&iacute;a m&aacute;s su mensaje. Techi Acosta dijo que &ldquo;se echa de menos un personaje como C&eacute;sar Manrique&rdquo;, que se mov&iacute;a en una Isla en la que los medios de comunicaci&oacute;n pertenec&iacute;an a periodistas y no a empresarios de la construcci&oacute;n: &ldquo;En la actualidad ser&iacute;a peor tratado por los medios y quiz&aacute; ni siquiera vivir&iacute;a en Lanzarote&rdquo;. Cogiendo ese hilo, Hern&aacute;ndez asegur&oacute; que los poderes f&aacute;cticos le ten&iacute;an acorralado en los &uacute;ltimos a&ntilde;os de su vida y que se quer&iacute;a ir a vivir a Marrakech, y afirm&oacute; que el mensaje de C&eacute;sar permanecer&aacute; porque en vida dej&oacute; preparado su relevo, depositado en la Fundaci&oacute;n que lleva su nombre. Javier Dur&aacute;n concluy&oacute; sus intervenciones diciendo que el gran reto es el de mantener a Manrique como icono medi&aacute;tico frente a la corrupci&oacute;n y los esc&aacute;ndalos: &ldquo;La supervivencia de Manrique como icono medi&aacute;tico depender&aacute; de la supervivencia de la Lanzarote que &eacute;l creo&rdquo;, y alent&oacute; a que Manrique no se convierta en un souvenir cultural o tur&iacute;stico sino que se mantenga como s&iacute;mbolo de lo que realmente fue. Finalmente, Juan Manuel Pardellas dijo que se queda de C&eacute;sar con &ldquo;c&oacute;mo era temido por los gobernantes&rdquo; y lament&oacute; que su muerte &ldquo;nos dej&oacute; hu&eacute;rfanos en la lucha ambiental&rdquo;.<\/span><\/p>\n<p><\/p>","protected":false},"featured_media":3614,"parent":0,"template":"","meta":{"_acf_changed":false,"ngg_post_thumbnail":0,"footnotes":""},"actividad_tipo":[37],"actividad_lugar":[],"actividad_departamento":[],"actividad_ciclo":[],"class_list":["post-3613","fcm_actividad","type-fcm_actividad","status-publish","has-post-thumbnail","hentry","actividad_tipo-otras-actividades"],"acf":[],"_links":{"self":[{"href":"https:\/\/fcmanrique.org\/de\/wp-json\/wp\/v2\/fcm_actividad\/3613","targetHints":{"allow":["GET"]}}],"collection":[{"href":"https:\/\/fcmanrique.org\/de\/wp-json\/wp\/v2\/fcm_actividad"}],"about":[{"href":"https:\/\/fcmanrique.org\/de\/wp-json\/wp\/v2\/types\/fcm_actividad"}],"version-history":[{"count":3,"href":"https:\/\/fcmanrique.org\/de\/wp-json\/wp\/v2\/fcm_actividad\/3613\/revisions"}],"predecessor-version":[{"id":17316,"href":"https:\/\/fcmanrique.org\/de\/wp-json\/wp\/v2\/fcm_actividad\/3613\/revisions\/17316"}],"wp:featuredmedia":[{"embeddable":true,"href":"https:\/\/fcmanrique.org\/de\/wp-json\/wp\/v2\/media\/3614"}],"wp:attachment":[{"href":"https:\/\/fcmanrique.org\/de\/wp-json\/wp\/v2\/media?parent=3613"}],"wp:term":[{"taxonomy":"actividad_tipo","embeddable":true,"href":"https:\/\/fcmanrique.org\/de\/wp-json\/wp\/v2\/actividad_tipo?post=3613"},{"taxonomy":"actividad_lugar","embeddable":true,"href":"https:\/\/fcmanrique.org\/de\/wp-json\/wp\/v2\/actividad_lugar?post=3613"},{"taxonomy":"actividad_departamento","embeddable":true,"href":"https:\/\/fcmanrique.org\/de\/wp-json\/wp\/v2\/actividad_departamento?post=3613"},{"taxonomy":"actividad_ciclo","embeddable":true,"href":"https:\/\/fcmanrique.org\/de\/wp-json\/wp\/v2\/actividad_ciclo?post=3613"}],"curies":[{"name":"wp","href":"https:\/\/api.w.org\/{rel}","templated":true}]}}

<em>La supervivencia de Manrique como icono mediático dependerá de la supervivencia de la Lanzarote que él creó</em>
