{"id":4533,"date":"2017-05-16T12:56:41","date_gmt":"2017-05-16T12:56:41","guid":{"rendered":"https:\/\/fcmanrique.org\/?p=4533"},"modified":"2018-06-25T13:04:35","modified_gmt":"2018-06-25T13:04:35","slug":"el-espectaculo-cesar-manrique-rojo-negro-blanco-se-represento-los-dias-8-9-10-y-11-de-mayo-en-la-sala-jose-saramago-de-la-fundacion-cesar-manrique","status":"publish","type":"fcm_actividad","link":"https:\/\/fcmanrique.org\/de\/fcm-actividad\/el-espectaculo-cesar-manrique-rojo-negro-blanco-se-represento-los-dias-8-9-10-y-11-de-mayo-en-la-sala-jose-saramago-de-la-fundacion-cesar-manrique\/","title":{"rendered":"El espect\u00e1culo &#8222;C\u00e9sar Manrique. Rojo, negro, blanco&#8220; se represent\u00f3 los d\u00edas 8, 9, 10 y 11 de mayo en la Sala Jos\u00e9 Saramago de la Fundaci\u00f3n C\u00e9sar Manrique"},"content":{"rendered":"<p>El martes, 9 de mayo y el mi\u00e9rcoles, 10 de mayo, a las 19h, en la Sala Jos\u00e9 Saramago de la Fundaci\u00f3n C\u00e9sar Manrique (FCM), tuvieron lugar las representaciones del cuento \u201cC\u00e9sar Manrique. Rojo, negro, blanco\u201d, dirigidas al p\u00fablico familiar.<\/p>\n<p><a href=\"https:\/\/fcmanrique.org\/wp-content\/uploads\/fcmanrique-narr-c-temprano1.jpg\"><img loading=\"lazy\" decoding=\"async\" class=\"wp-image-4534 alignleft\" src=\"https:\/\/fcmanrique.org\/wp-content\/uploads\/fcmanrique-narr-c-temprano1.jpg\" alt=\"\" width=\"311\" height=\"200\" srcset=\"https:\/\/fcmanrique.org\/wp-content\/uploads\/fcmanrique-narr-c-temprano1.jpg 1280w, https:\/\/fcmanrique.org\/wp-content\/uploads\/fcmanrique-narr-c-temprano1-300x193.jpg 300w, https:\/\/fcmanrique.org\/wp-content\/uploads\/fcmanrique-narr-c-temprano1-768x495.jpg 768w, https:\/\/fcmanrique.org\/wp-content\/uploads\/fcmanrique-narr-c-temprano1-1024x660.jpg 1024w\" sizes=\"auto, (max-width: 311px) 100vw, 311px\" \/><\/a> <a href=\"https:\/\/fcmanrique.org\/wp-content\/uploads\/fcmanrique-narrac-c-temprano2.jpg\"><img loading=\"lazy\" decoding=\"async\" class=\"wp-image-4535 alignright\" src=\"https:\/\/fcmanrique.org\/wp-content\/uploads\/fcmanrique-narrac-c-temprano2.jpg\" alt=\"\" width=\"313\" height=\"206\" srcset=\"https:\/\/fcmanrique.org\/wp-content\/uploads\/fcmanrique-narrac-c-temprano2.jpg 1280w, https:\/\/fcmanrique.org\/wp-content\/uploads\/fcmanrique-narrac-c-temprano2-300x197.jpg 300w, https:\/\/fcmanrique.org\/wp-content\/uploads\/fcmanrique-narrac-c-temprano2-768x505.jpg 768w, https:\/\/fcmanrique.org\/wp-content\/uploads\/fcmanrique-narrac-c-temprano2-1024x673.jpg 1024w\" sizes=\"auto, (max-width: 313px) 100vw, 313px\" \/><\/a><\/p>\n<p>Se trata de un espect\u00e1culo de narraci\u00f3n con m\u00fasica de piano y clarinete, creado e interpretado por la narradora de historias Cristina Temprano, en cuya puesta en escena participa Ayoze Rodr\u00edguez, creador e int\u00e9rprete de la m\u00fasica.<\/p>\n<p>Siguiendo la trayectoria vital de un ni\u00f1o llamado C\u00e9sar, nacido en Lanzarote y futuro gran artista, se construye un rico tejido visual mediante objetos encontrados en la orilla del mar, recursos narrativos diversos, juegos, sombras chinescas y m\u00fasica que sirven para despertar en los m\u00e1s peque\u00f1os la curiosidad por la creaci\u00f3n, el amor por Lanzarote y el cultivo de la sensibilidad.&nbsp;<\/p>\n<p>Este espect\u00e1culo fue encargado y producido por la FCM e intenta acercar la poblaci\u00f3n escolar de la isla al placer de la creaci\u00f3n art\u00edstica mediante una narraci\u00f3n oral que sigue la pauta de la vida de C\u00e9sar Manrique.<\/p>\n<p>La actividad se desarroll\u00f3 a<a href=\"https:\/\/fcmanrique.org\/wp-content\/uploads\/fcmanrique-narrac-c-temprano4.jpg\"><img loading=\"lazy\" decoding=\"async\" class=\"wp-image-4537 alignleft\" src=\"https:\/\/fcmanrique.org\/wp-content\/uploads\/fcmanrique-narrac-c-temprano4.jpg\" alt=\"\" width=\"293\" height=\"195\" srcset=\"https:\/\/fcmanrique.org\/wp-content\/uploads\/fcmanrique-narrac-c-temprano4.jpg 1280w, https:\/\/fcmanrique.org\/wp-content\/uploads\/fcmanrique-narrac-c-temprano4-300x199.jpg 300w, https:\/\/fcmanrique.org\/wp-content\/uploads\/fcmanrique-narrac-c-temprano4-768x511.jpg 768w, https:\/\/fcmanrique.org\/wp-content\/uploads\/fcmanrique-narrac-c-temprano4-1024x681.jpg 1024w\" sizes=\"auto, (max-width: 293px) 100vw, 293px\" \/><\/a>dem\u00e1s, a trav\u00e9s de un programa de representaciones para escolares, coordinado por el Departamento Pedag\u00f3gico d<a href=\"https:\/\/fcmanrique.org\/wp-content\/uploads\/fcmanrique-narrac-c-temprano3.jpg\"><img loading=\"lazy\" decoding=\"async\" class=\"wp-image-4536 alignright\" src=\"https:\/\/fcmanrique.org\/wp-content\/uploads\/fcmanrique-narrac-c-temprano3.jpg\" alt=\"\" width=\"262\" height=\"196\" srcset=\"https:\/\/fcmanrique.org\/wp-content\/uploads\/fcmanrique-narrac-c-temprano3.jpg 640w, https:\/\/fcmanrique.org\/wp-content\/uploads\/fcmanrique-narrac-c-temprano3-300x225.jpg 300w\" sizes=\"auto, (max-width: 262px) 100vw, 262px\" \/><\/a>e la FCM, al que se invit\u00f3 a distintos centros de ense\u00f1anza primaria y secundaria de Lanzarote. Se concertaron un total de 10 sesiones para escolares los d\u00edas 8, 9, 10 y 11 de mayo (dos actuaciones cada d\u00eda en horario de ma\u00f1ana), de modo que m\u00e1s de 750 alumnos y 40 profesores disfrutaron de la teatralizaci\u00f3n sobre la vida y las creaciones del artista lanzarote\u00f1o.<\/p>\n<p>M\u00e1s informaci\u00f3n en la nota de prensa en PDF:<\/p>\n<p><a href=\"https:\/\/fcmanrique.org\/wp-content\/uploads\/fcm-narrac-cmanrique-rojo-negro-blanco.pdf\">fcm-narrac-cmanrique-rojo-negro-blanco<\/a><\/p>\n<p><a href=\"https:\/\/fcmanrique.org\/wp-content\/uploads\/fcm-narracion-c-temprano.jpg\"><img loading=\"lazy\" decoding=\"async\" class=\"wp-image-4511 aligncenter\" src=\"https:\/\/fcmanrique.org\/wp-content\/uploads\/fcm-narracion-c-temprano.jpg\" alt=\"\" width=\"559\" height=\"371\" srcset=\"https:\/\/fcmanrique.org\/wp-content\/uploads\/fcm-narracion-c-temprano.jpg 843w, https:\/\/fcmanrique.org\/wp-content\/uploads\/fcm-narracion-c-temprano-300x199.jpg 300w, https:\/\/fcmanrique.org\/wp-content\/uploads\/fcm-narracion-c-temprano-768x509.jpg 768w\" sizes=\"auto, (max-width: 559px) 100vw, 559px\" \/><\/a><\/p>\n<p>&nbsp;<\/p>\n","protected":false},"featured_media":4535,"parent":0,"template":"","meta":{"_acf_changed":false,"ngg_post_thumbnail":0,"footnotes":""},"actividad_tipo":[37],"actividad_lugar":[],"actividad_departamento":[],"actividad_ciclo":[],"class_list":["post-4533","fcm_actividad","type-fcm_actividad","status-publish","has-post-thumbnail","hentry","actividad_tipo-otras-actividades"],"acf":[],"_links":{"self":[{"href":"https:\/\/fcmanrique.org\/de\/wp-json\/wp\/v2\/fcm_actividad\/4533","targetHints":{"allow":["GET"]}}],"collection":[{"href":"https:\/\/fcmanrique.org\/de\/wp-json\/wp\/v2\/fcm_actividad"}],"about":[{"href":"https:\/\/fcmanrique.org\/de\/wp-json\/wp\/v2\/types\/fcm_actividad"}],"version-history":[{"count":17,"href":"https:\/\/fcmanrique.org\/de\/wp-json\/wp\/v2\/fcm_actividad\/4533\/revisions"}],"predecessor-version":[{"id":17240,"href":"https:\/\/fcmanrique.org\/de\/wp-json\/wp\/v2\/fcm_actividad\/4533\/revisions\/17240"}],"wp:featuredmedia":[{"embeddable":true,"href":"https:\/\/fcmanrique.org\/de\/wp-json\/wp\/v2\/media\/4535"}],"wp:attachment":[{"href":"https:\/\/fcmanrique.org\/de\/wp-json\/wp\/v2\/media?parent=4533"}],"wp:term":[{"taxonomy":"actividad_tipo","embeddable":true,"href":"https:\/\/fcmanrique.org\/de\/wp-json\/wp\/v2\/actividad_tipo?post=4533"},{"taxonomy":"actividad_lugar","embeddable":true,"href":"https:\/\/fcmanrique.org\/de\/wp-json\/wp\/v2\/actividad_lugar?post=4533"},{"taxonomy":"actividad_departamento","embeddable":true,"href":"https:\/\/fcmanrique.org\/de\/wp-json\/wp\/v2\/actividad_departamento?post=4533"},{"taxonomy":"actividad_ciclo","embeddable":true,"href":"https:\/\/fcmanrique.org\/de\/wp-json\/wp\/v2\/actividad_ciclo?post=4533"}],"curies":[{"name":"wp","href":"https:\/\/api.w.org\/{rel}","templated":true}]}}

El espectáculo &#8222;César Manrique. Rojo, negro, blanco&#8220; se representó los días 8, 9, 10 y 11 de mayo en la Sala José Saramago de la Fundación César Manrique

<p>El martes, 9 de mayo y el miércoles, 10 de mayo, a las 19h, en la Sala José Saramago de la Fundación César Manrique (FCM), tuvieron lugar las representaciones del cuento “César Manrique. Rojo, negro, blanco”, dirigidas al público familiar.</p>
<p><a href="https://fcmanrique.org/wp-content/uploads/fcmanrique-narr-c-temprano1.jpg"><img loading="lazy" decoding="async" class="wp-image-4534 alignleft" src="https://fcmanrique.org/wp-content/uploads/fcmanrique-narr-c-temprano1.jpg" alt="" width="311" height="200" srcset="https://fcmanrique.org/wp-content/uploads/fcmanrique-narr-c-temprano1.jpg 1280w, https://fcmanrique.org/wp-content/uploads/fcmanrique-narr-c-temprano1-300x193.jpg 300w, https://fcmanrique.org/wp-content/uploads/fcmanrique-narr-c-temprano1-768x495.jpg 768w, https://fcmanrique.org/wp-content/uploads/fcmanrique-narr-c-temprano1-1024x660.jpg 1024w" sizes="auto, (max-width: 311px) 100vw, 311px" /></a> <a href="https://fcmanrique.org/wp-content/uploads/fcmanrique-narrac-c-temprano2.jpg"><img loading="lazy" decoding="async" class="wp-image-4535 alignright" src="https://fcmanrique.org/wp-content/uploads/fcmanrique-narrac-c-temprano2.jpg" alt="" width="313" height="206" srcset="https://fcmanrique.org/wp-content/uploads/fcmanrique-narrac-c-temprano2.jpg 1280w, https://fcmanrique.org/wp-content/uploads/fcmanrique-narrac-c-temprano2-300x197.jpg 300w, https://fcmanrique.org/wp-content/uploads/fcmanrique-narrac-c-temprano2-768x505.jpg 768w, https://fcmanrique.org/wp-content/uploads/fcmanrique-narrac-c-temprano2-1024x673.jpg 1024w" sizes="auto, (max-width: 313px) 100vw, 313px" /></a></p>
<p>Se trata de un espectáculo de narración con música de piano y clarinete, creado e interpretado por la narradora de historias Cristina Temprano, en cuya puesta en escena participa Ayoze Rodríguez, creador e intérprete de la música.</p>
<p>Siguiendo la trayectoria vital de un niño llamado César, nacido en Lanzarote y futuro gran artista, se construye un rico tejido visual mediante objetos encontrados en la orilla del mar, recursos narrativos diversos, juegos, sombras chinescas y música que sirven para despertar en los más pequeños la curiosidad por la creación, el amor por Lanzarote y el cultivo de la sensibilidad.&nbsp;</p>
<p>Este espectáculo fue encargado y producido por la FCM e intenta acercar la población escolar de la isla al placer de la creación artística mediante una narración oral que sigue la pauta de la vida de César Manrique.</p>
<p>La actividad se desarrolló a<a href="https://fcmanrique.org/wp-content/uploads/fcmanrique-narrac-c-temprano4.jpg"><img loading="lazy" decoding="async" class="wp-image-4537 alignleft" src="https://fcmanrique.org/wp-content/uploads/fcmanrique-narrac-c-temprano4.jpg" alt="" width="293" height="195" srcset="https://fcmanrique.org/wp-content/uploads/fcmanrique-narrac-c-temprano4.jpg 1280w, https://fcmanrique.org/wp-content/uploads/fcmanrique-narrac-c-temprano4-300x199.jpg 300w, https://fcmanrique.org/wp-content/uploads/fcmanrique-narrac-c-temprano4-768x511.jpg 768w, https://fcmanrique.org/wp-content/uploads/fcmanrique-narrac-c-temprano4-1024x681.jpg 1024w" sizes="auto, (max-width: 293px) 100vw, 293px" /></a>demás, a través de un programa de representaciones para escolares, coordinado por el Departamento Pedagógico d<a href="https://fcmanrique.org/wp-content/uploads/fcmanrique-narrac-c-temprano3.jpg"><img loading="lazy" decoding="async" class="wp-image-4536 alignright" src="https://fcmanrique.org/wp-content/uploads/fcmanrique-narrac-c-temprano3.jpg" alt="" width="262" height="196" srcset="https://fcmanrique.org/wp-content/uploads/fcmanrique-narrac-c-temprano3.jpg 640w, https://fcmanrique.org/wp-content/uploads/fcmanrique-narrac-c-temprano3-300x225.jpg 300w" sizes="auto, (max-width: 262px) 100vw, 262px" /></a>e la FCM, al que se invitó a distintos centros de enseñanza primaria y secundaria de Lanzarote. Se concertaron un total de 10 sesiones para escolares los días 8, 9, 10 y 11 de mayo (dos actuaciones cada día en horario de mañana), de modo que más de 750 alumnos y 40 profesores disfrutaron de la teatralización sobre la vida y las creaciones del artista lanzaroteño.</p>
<p>Más información en la nota de prensa en PDF:</p>
<p><a href="https://fcmanrique.org/wp-content/uploads/fcm-narrac-cmanrique-rojo-negro-blanco.pdf">fcm-narrac-cmanrique-rojo-negro-blanco</a></p>
<p><a href="https://fcmanrique.org/wp-content/uploads/fcm-narracion-c-temprano.jpg"><img loading="lazy" decoding="async" class="wp-image-4511 aligncenter" src="https://fcmanrique.org/wp-content/uploads/fcm-narracion-c-temprano.jpg" alt="" width="559" height="371" srcset="https://fcmanrique.org/wp-content/uploads/fcm-narracion-c-temprano.jpg 843w, https://fcmanrique.org/wp-content/uploads/fcm-narracion-c-temprano-300x199.jpg 300w, https://fcmanrique.org/wp-content/uploads/fcm-narracion-c-temprano-768x509.jpg 768w" sizes="auto, (max-width: 559px) 100vw, 559px" /></a></p>
<p>&nbsp;</p>
