{"id":4768,"date":"2017-11-17T14:03:33","date_gmt":"2017-11-17T14:03:33","guid":{"rendered":"https:\/\/fcmanrique.org\/?p=4768"},"modified":"2024-04-05T10:02:17","modified_gmt":"2024-04-05T10:02:17","slug":"marius-navazo-para-cambiar-la-movilidad-hay-que-pasar-a-la-accion","status":"publish","type":"fcm_actividad","link":"https:\/\/fcmanrique.org\/de\/fcm-actividad\/marius-navazo-para-cambiar-la-movilidad-hay-que-pasar-a-la-accion\/","title":{"rendered":"M\u00e0rius Navazo: &#8222;Para cambiar la movilidad hay que pasar a la acci\u00f3n&#8220;"},"content":{"rendered":"<p>El ge\u00f3grafo M\u00e0rius Navazo explic\u00f3 en seis pasos el cambio \u201cDe la ciudad tr\u00e1nsito a la ciudad hogar\u201d, el nombre de su conferencia, que se celebr\u00f3 el 16 de noviembre en la sala Jos\u00e9 Saramago de la Fundaci\u00f3n C\u00e9sar Manrique.<\/p>\n<p><a href=\"https:\/\/fcmanrique.org\/wp-content\/uploads\/fc-manrique-marius-navazo-2-1.jpg\"><img loading=\"lazy\" decoding=\"async\" class=\"wp-image-4769 aligncenter\" src=\"https:\/\/fcmanrique.org\/wp-content\/uploads\/fc-manrique-marius-navazo-2-1.jpg\" alt=\"\" width=\"581\" height=\"395\" srcset=\"https:\/\/fcmanrique.org\/wp-content\/uploads\/fc-manrique-marius-navazo-2-1.jpg 2126w, https:\/\/fcmanrique.org\/wp-content\/uploads\/fc-manrique-marius-navazo-2-1-300x204.jpg 300w, https:\/\/fcmanrique.org\/wp-content\/uploads\/fc-manrique-marius-navazo-2-1-768x523.jpg 768w, https:\/\/fcmanrique.org\/wp-content\/uploads\/fc-manrique-marius-navazo-2-1-1024x697.jpg 1024w\" sizes=\"auto, (max-width: 581px) 100vw, 581px\" \/><\/a><\/p>\n<p>Para hacer ese tr\u00e1nsito primero surge una pregunta: \u00bfpodemos planificar como queramos el espacio p\u00fablico? \u201cLo primero que tiene que estar presente es que hay un marco legal que hay que cumplir\u201d, y que regula sobre todo la salud p\u00fablica (calidad del aire, ac\u00fastica, seguridad vial&#8230;), y despu\u00e9s hay otros retos, que no son obligados pero son recomendables, como la autonom\u00eda de las personas, los v\u00ednculos entre \u00e9stas y su entorno urbano o la seguridad ciudadana. \u201cHay una tendencia entre los t\u00e9cnicos -se\u00f1al\u00f3 Navazo -, a decir que todo se va a solucionar con las nuevas tecnolog\u00edas, y son bienvenidas, pero se solucionar\u00e1 si hay menos coches en circulaci\u00f3n\u201d. La mitad de los desplazamientos en coche en Espa\u00f1a son de menos de tres kil\u00f3metros, as\u00ed que se podr\u00edan hacer a pie o en bici, pero \u201ctenemos un s\u00edndrome de Estocolmo con el coche\u201d. \u201cHablamos de una vaca sagrada y no sabemos c\u00f3mo tocarla\u201d, apunt\u00f3. Tambi\u00e9n hay que tener en cuenta que el espacio p\u00fablico es escaso, lo conforman \u201cesos hilillos que rodean a la propiedad privada\u201d, es decir, las calles. Y hay mucha competencia por un recurso \u201cescaso y finito\u201d, as\u00ed que no se puede contentar a todos. Si se gana espacio para el coche se le quita al peat\u00f3n y viceversa. Muchas calles se han convertido en calles pasillo, sirven para circular, \u201cpero las calles no son carreteras\u201d. Para iniciar el cambio, seg\u00fan Navazo, \u201cla respuesta debe tener poco de t\u00e9cnico y mucho de ideol\u00f3gico\u201d. \u201cLas calles son espacios de conflicto y no hay soluciones m\u00e1gicas\u201d.<\/p>\n<p>Llegamos al segundo punto: de las calles pasillo a las calles habitaci\u00f3n. En las calles pasillo hemos entregado la parte central a los coches y lo que sobra, las aceras, a los peatones. Para que la gente disfrute del espacio p\u00fablico la hemos mandado a las zonas verdes \u201cpero su espacio natural es la puerta de su casa\u201d. Navazo pidi\u00f3 un acto de fe: afirm\u00f3 que despu\u00e9s de d\u00e9cadas dise\u00f1ando aparcamientos y calles de paso, si reducimos ambos no pasa nada, \u201cla actividad econ\u00f3mica no se hunde\u201d. Compar\u00f3 el dise\u00f1o de las calles con el de las casas. \u201c\u00bfPor qu\u00e9 no hacemos lo mismo que hacemos con las viviendas? Las cosas ocurren en la habitaciones, no en los pasillos, \u201cpero el espacio p\u00fablico es casi todo pasillo\u201d. En una calle habitaci\u00f3n, el coche es el invitado, no el anfitri\u00f3n, su papel el de \u201cun invitado que pasa con pudor\u201d, y eso se logra reduciendo la velocidad de los coches, pero no s\u00f3lo con esa medida.<\/p>\n<p>La tercera cuesti\u00f3n es d\u00f3nde actuar, hay que buscar los espacios para transformar. S\u00f3lo una de cada cuatro calles de las ciudades pertenece a la red principal, aquella que te permite llegar de una punta a otra. El resto son calles secundarias. Esas son, pues, las calles para transformar.<\/p>\n<p><a href=\"https:\/\/fcmanrique.org\/wp-content\/uploads\/fc-manrique-marius-navazo-1.jpg\"><img loading=\"lazy\" decoding=\"async\" class=\"wp-image-4763 aligncenter\" src=\"https:\/\/fcmanrique.org\/wp-content\/uploads\/fc-manrique-marius-navazo-1.jpg\" alt=\"\" width=\"591\" height=\"376\" srcset=\"https:\/\/fcmanrique.org\/wp-content\/uploads\/fc-manrique-marius-navazo-1.jpg 2126w, https:\/\/fcmanrique.org\/wp-content\/uploads\/fc-manrique-marius-navazo-1-300x191.jpg 300w, https:\/\/fcmanrique.org\/wp-content\/uploads\/fc-manrique-marius-navazo-1-768x489.jpg 768w, https:\/\/fcmanrique.org\/wp-content\/uploads\/fc-manrique-marius-navazo-1-1024x652.jpg 1024w\" sizes=\"auto, (max-width: 591px) 100vw, 591px\" \/><\/a><\/p>\n<p>Despu\u00e9s del lugar, la forma. \u00bfC\u00f3mo actuar? \u201cCambiando las reglas del juego pero sin cambiar el tablero\u201d. El reto es recortar el statu quo del coche, sin hacer obras. \u201cEs la manera m\u00e1s inteligente de hacerlo\u201d, seg\u00fan Navazo. As\u00ed lo hicieron en Nueva York, donde peatonalizaron Times Square s\u00f3lo con pintura y mobiliario urbano. Y la intervenci\u00f3n dur\u00f3 ocho a\u00f1os, hasta que se pudieron acometer las obras definitivas. \u00bfPor qu\u00e9 actuar as\u00ed? Si se plantea una obra se acaba confrontando el modelo que ya se conoce, con algo que no se sabe c\u00f3mo va a ser. Se debate una realidad frente a una propuesta, y s\u00f3lo se especula. Una intervenci\u00f3n sin hacer obras es una prueba, y sobre una prueba \u201cno puede haber argumentos en contra, se trata de experimentar\u201d. Dos o tres meses despu\u00e9s se eval\u00faa la intervenci\u00f3n y se debate lo que es acertado y lo que no, y as\u00ed se confrontan ya, dos modelos que se conocen. Tanto si la calle se queda como est\u00e1 como si vuelve a su estado anterior, ser\u00e1 el resultado de una decisi\u00f3n colectiva, no de un cargo p\u00fablico ni de un t\u00e9cnico. \u201cSuele ocurrir -se\u00f1al\u00f3 Navazo- que si no pasas a la acci\u00f3n s\u00f3lo oyes a los que lo ven todo negro. Y, a los que les parece bien, no los conocemos porque no dan la cara, pero si cambias la calle y luego quieres volver a la situaci\u00f3n que hab\u00eda, ah\u00ed aparecer\u00e1n los que les parece bien el cambio para pedir que no se revierta la situaci\u00f3n\u201d.<\/p>\n<p>Una caso pr\u00e1ctico es la calle Ricom\u00e1, en Granollers, una calle pasillo, estrecha, con coches aparcados a un lado y poca vida. Se cambi\u00f3 sin coste. Se pusieron dos piezas de cemento en mitad de la longitud de la calle, con lo cual los coches pod\u00edan llegar hasta esa mitad pero no traspasarla, se coloc\u00f3 un banco y la gente empez\u00f3 a llenar el espacio p\u00fablico: los ni\u00f1os jugaban en la calle, los bares sacaron terrazas, la gente se sentaba en su puerta&#8230; A los dos meses decidieron que quer\u00edan seguir as\u00ed, cambiaron el cemento por un \u00e1rbol, y poco despu\u00e9s, vecinos que no se conoc\u00edan unos meses antes, ya organizaron en la calle una casta\u00f1ada, y despu\u00e9s una cal\u00e7otada y una butifarrada.<\/p>\n<p><a href=\"https:\/\/fcmanrique.org\/wp-content\/uploads\/fc-manrique-marius-navazo-3.jpg\"><img loading=\"lazy\" decoding=\"async\" class=\"wp-image-4765 aligncenter\" src=\"https:\/\/fcmanrique.org\/wp-content\/uploads\/fc-manrique-marius-navazo-3.jpg\" alt=\"\" width=\"574\" height=\"372\" srcset=\"https:\/\/fcmanrique.org\/wp-content\/uploads\/fc-manrique-marius-navazo-3.jpg 2126w, https:\/\/fcmanrique.org\/wp-content\/uploads\/fc-manrique-marius-navazo-3-300x195.jpg 300w, https:\/\/fcmanrique.org\/wp-content\/uploads\/fc-manrique-marius-navazo-3-768x498.jpg 768w, https:\/\/fcmanrique.org\/wp-content\/uploads\/fc-manrique-marius-navazo-3-1024x664.jpg 1024w\" sizes=\"auto, (max-width: 574px) 100vw, 574px\" \/><\/a><\/p>\n<p>El ep\u00edlogo es el final de la conferencia pero responde a la pregunta de por d\u00f3nde empezar. \u201cPor donde tengas un aliado\u201d. Navazo asegura que lo que tienen en com\u00fan todos los lugares, todas las ciudades, es que va a haber personas y colectivos en contra del cambio, \u201cpero en alg\u00fan lugar habr\u00e1 un aliado, una asociaci\u00f3n de vecinos, un AMPA de una escuela\u2026 que est\u00e9 a favor\u201d. \u201cHay que hacer lo posible para que la primera experiencia funcione bien, porque si no, est\u00e1s perdido\u201d. Y si funciona bien se sumar\u00e1 otra aliada: \u201cla envidia sana\u201d. Los vecinos de otras calles querr\u00e1n que tambi\u00e9n se intervenga en la suya y se quiten los coches. \u201cEsa envidia sana s\u00f3lo se activa si se pasa a la acci\u00f3n\u201d, concluy\u00f3.<\/p>\n<p><a href=\"https:\/\/fcmanrique.org\/wp-content\/uploads\/fc-manrique-conf-marius-navazo.jpg\"><img loading=\"lazy\" decoding=\"async\" class=\"wp-image-4749 aligncenter\" src=\"https:\/\/fcmanrique.org\/wp-content\/uploads\/fc-manrique-conf-marius-navazo.jpg\" alt=\"\" width=\"547\" height=\"363\" srcset=\"https:\/\/fcmanrique.org\/wp-content\/uploads\/fc-manrique-conf-marius-navazo.jpg 1170w, https:\/\/fcmanrique.org\/wp-content\/uploads\/fc-manrique-conf-marius-navazo-300x199.jpg 300w, https:\/\/fcmanrique.org\/wp-content\/uploads\/fc-manrique-conf-marius-navazo-768x510.jpg 768w, https:\/\/fcmanrique.org\/wp-content\/uploads\/fc-manrique-conf-marius-navazo-1024x680.jpg 1024w\" sizes=\"auto, (max-width: 547px) 100vw, 547px\" \/><\/a><\/p>\n<p>Nota de prensa en PDF:<\/p>\n<p><a href=\"https:\/\/fcmanrique.org\/wp-content\/uploads\/fc-manrique-conferencia-marius-navazo.pdf\">fc-manrique-conferencia-marius-navazo<\/a><\/p>","protected":false},"featured_media":4764,"parent":0,"template":"","meta":{"_acf_changed":false,"ngg_post_thumbnail":0,"footnotes":""},"actividad_tipo":[34],"actividad_lugar":[],"actividad_departamento":[],"actividad_ciclo":[],"class_list":["post-4768","fcm_actividad","type-fcm_actividad","status-publish","has-post-thumbnail","hentry","actividad_tipo-conferencias"],"acf":[],"_links":{"self":[{"href":"https:\/\/fcmanrique.org\/de\/wp-json\/wp\/v2\/fcm_actividad\/4768","targetHints":{"allow":["GET"]}}],"collection":[{"href":"https:\/\/fcmanrique.org\/de\/wp-json\/wp\/v2\/fcm_actividad"}],"about":[{"href":"https:\/\/fcmanrique.org\/de\/wp-json\/wp\/v2\/types\/fcm_actividad"}],"version-history":[{"count":4,"href":"https:\/\/fcmanrique.org\/de\/wp-json\/wp\/v2\/fcm_actividad\/4768\/revisions"}],"predecessor-version":[{"id":25163,"href":"https:\/\/fcmanrique.org\/de\/wp-json\/wp\/v2\/fcm_actividad\/4768\/revisions\/25163"}],"wp:featuredmedia":[{"embeddable":true,"href":"https:\/\/fcmanrique.org\/de\/wp-json\/wp\/v2\/media\/4764"}],"wp:attachment":[{"href":"https:\/\/fcmanrique.org\/de\/wp-json\/wp\/v2\/media?parent=4768"}],"wp:term":[{"taxonomy":"actividad_tipo","embeddable":true,"href":"https:\/\/fcmanrique.org\/de\/wp-json\/wp\/v2\/actividad_tipo?post=4768"},{"taxonomy":"actividad_lugar","embeddable":true,"href":"https:\/\/fcmanrique.org\/de\/wp-json\/wp\/v2\/actividad_lugar?post=4768"},{"taxonomy":"actividad_departamento","embeddable":true,"href":"https:\/\/fcmanrique.org\/de\/wp-json\/wp\/v2\/actividad_departamento?post=4768"},{"taxonomy":"actividad_ciclo","embeddable":true,"href":"https:\/\/fcmanrique.org\/de\/wp-json\/wp\/v2\/actividad_ciclo?post=4768"}],"curies":[{"name":"wp","href":"https:\/\/api.w.org\/{rel}","templated":true}]}}

Màrius Navazo: &#8222;Para cambiar la movilidad hay que pasar a la acción&#8220;

<p>El geógrafo Màrius Navazo explicó en seis pasos el cambio “De la ciudad tránsito a la ciudad hogar”, el nombre de su conferencia, que se celebró el 16 de noviembre en la sala José Saramago de la Fundación César Manrique.</p>
<p><a href="https://fcmanrique.org/wp-content/uploads/fc-manrique-marius-navazo-2-1.jpg"><img loading="lazy" decoding="async" class="wp-image-4769 aligncenter" src="https://fcmanrique.org/wp-content/uploads/fc-manrique-marius-navazo-2-1.jpg" alt="" width="581" height="395" srcset="https://fcmanrique.org/wp-content/uploads/fc-manrique-marius-navazo-2-1.jpg 2126w, https://fcmanrique.org/wp-content/uploads/fc-manrique-marius-navazo-2-1-300x204.jpg 300w, https://fcmanrique.org/wp-content/uploads/fc-manrique-marius-navazo-2-1-768x523.jpg 768w, https://fcmanrique.org/wp-content/uploads/fc-manrique-marius-navazo-2-1-1024x697.jpg 1024w" sizes="auto, (max-width: 581px) 100vw, 581px" /></a></p>
<p>Para hacer ese tránsito primero surge una pregunta: ¿podemos planificar como queramos el espacio público? “Lo primero que tiene que estar presente es que hay un marco legal que hay que cumplir”, y que regula sobre todo la salud pública (calidad del aire, acústica, seguridad vial&#8230;), y después hay otros retos, que no son obligados pero son recomendables, como la autonomía de las personas, los vínculos entre éstas y su entorno urbano o la seguridad ciudadana. “Hay una tendencia entre los técnicos -señaló Navazo -, a decir que todo se va a solucionar con las nuevas tecnologías, y son bienvenidas, pero se solucionará si hay menos coches en circulación”. La mitad de los desplazamientos en coche en España son de menos de tres kilómetros, así que se podrían hacer a pie o en bici, pero “tenemos un síndrome de Estocolmo con el coche”. “Hablamos de una vaca sagrada y no sabemos cómo tocarla”, apuntó. También hay que tener en cuenta que el espacio público es escaso, lo conforman “esos hilillos que rodean a la propiedad privada”, es decir, las calles. Y hay mucha competencia por un recurso “escaso y finito”, así que no se puede contentar a todos. Si se gana espacio para el coche se le quita al peatón y viceversa. Muchas calles se han convertido en calles pasillo, sirven para circular, “pero las calles no son carreteras”. Para iniciar el cambio, según Navazo, “la respuesta debe tener poco de técnico y mucho de ideológico”. “Las calles son espacios de conflicto y no hay soluciones mágicas”.</p>
<p>Llegamos al segundo punto: de las calles pasillo a las calles habitación. En las calles pasillo hemos entregado la parte central a los coches y lo que sobra, las aceras, a los peatones. Para que la gente disfrute del espacio público la hemos mandado a las zonas verdes “pero su espacio natural es la puerta de su casa”. Navazo pidió un acto de fe: afirmó que después de décadas diseñando aparcamientos y calles de paso, si reducimos ambos no pasa nada, “la actividad económica no se hunde”. Comparó el diseño de las calles con el de las casas. “¿Por qué no hacemos lo mismo que hacemos con las viviendas? Las cosas ocurren en la habitaciones, no en los pasillos, “pero el espacio público es casi todo pasillo”. En una calle habitación, el coche es el invitado, no el anfitrión, su papel el de “un invitado que pasa con pudor”, y eso se logra reduciendo la velocidad de los coches, pero no sólo con esa medida.</p>
<p>La tercera cuestión es dónde actuar, hay que buscar los espacios para transformar. Sólo una de cada cuatro calles de las ciudades pertenece a la red principal, aquella que te permite llegar de una punta a otra. El resto son calles secundarias. Esas son, pues, las calles para transformar.</p>
<p><a href="https://fcmanrique.org/wp-content/uploads/fc-manrique-marius-navazo-1.jpg"><img loading="lazy" decoding="async" class="wp-image-4763 aligncenter" src="https://fcmanrique.org/wp-content/uploads/fc-manrique-marius-navazo-1.jpg" alt="" width="591" height="376" srcset="https://fcmanrique.org/wp-content/uploads/fc-manrique-marius-navazo-1.jpg 2126w, https://fcmanrique.org/wp-content/uploads/fc-manrique-marius-navazo-1-300x191.jpg 300w, https://fcmanrique.org/wp-content/uploads/fc-manrique-marius-navazo-1-768x489.jpg 768w, https://fcmanrique.org/wp-content/uploads/fc-manrique-marius-navazo-1-1024x652.jpg 1024w" sizes="auto, (max-width: 591px) 100vw, 591px" /></a></p>
<p>Después del lugar, la forma. ¿Cómo actuar? “Cambiando las reglas del juego pero sin cambiar el tablero”. El reto es recortar el statu quo del coche, sin hacer obras. “Es la manera más inteligente de hacerlo”, según Navazo. Así lo hicieron en Nueva York, donde peatonalizaron Times Square sólo con pintura y mobiliario urbano. Y la intervención duró ocho años, hasta que se pudieron acometer las obras definitivas. ¿Por qué actuar así? Si se plantea una obra se acaba confrontando el modelo que ya se conoce, con algo que no se sabe cómo va a ser. Se debate una realidad frente a una propuesta, y sólo se especula. Una intervención sin hacer obras es una prueba, y sobre una prueba “no puede haber argumentos en contra, se trata de experimentar”. Dos o tres meses después se evalúa la intervención y se debate lo que es acertado y lo que no, y así se confrontan ya, dos modelos que se conocen. Tanto si la calle se queda como está como si vuelve a su estado anterior, será el resultado de una decisión colectiva, no de un cargo público ni de un técnico. “Suele ocurrir -señaló Navazo- que si no pasas a la acción sólo oyes a los que lo ven todo negro. Y, a los que les parece bien, no los conocemos porque no dan la cara, pero si cambias la calle y luego quieres volver a la situación que había, ahí aparecerán los que les parece bien el cambio para pedir que no se revierta la situación”.</p>
<p>Una caso práctico es la calle Ricomá, en Granollers, una calle pasillo, estrecha, con coches aparcados a un lado y poca vida. Se cambió sin coste. Se pusieron dos piezas de cemento en mitad de la longitud de la calle, con lo cual los coches podían llegar hasta esa mitad pero no traspasarla, se colocó un banco y la gente empezó a llenar el espacio público: los niños jugaban en la calle, los bares sacaron terrazas, la gente se sentaba en su puerta&#8230; A los dos meses decidieron que querían seguir así, cambiaron el cemento por un árbol, y poco después, vecinos que no se conocían unos meses antes, ya organizaron en la calle una castañada, y después una calçotada y una butifarrada.</p>
<p><a href="https://fcmanrique.org/wp-content/uploads/fc-manrique-marius-navazo-3.jpg"><img loading="lazy" decoding="async" class="wp-image-4765 aligncenter" src="https://fcmanrique.org/wp-content/uploads/fc-manrique-marius-navazo-3.jpg" alt="" width="574" height="372" srcset="https://fcmanrique.org/wp-content/uploads/fc-manrique-marius-navazo-3.jpg 2126w, https://fcmanrique.org/wp-content/uploads/fc-manrique-marius-navazo-3-300x195.jpg 300w, https://fcmanrique.org/wp-content/uploads/fc-manrique-marius-navazo-3-768x498.jpg 768w, https://fcmanrique.org/wp-content/uploads/fc-manrique-marius-navazo-3-1024x664.jpg 1024w" sizes="auto, (max-width: 574px) 100vw, 574px" /></a></p>
<p>El epílogo es el final de la conferencia pero responde a la pregunta de por dónde empezar. “Por donde tengas un aliado”. Navazo asegura que lo que tienen en común todos los lugares, todas las ciudades, es que va a haber personas y colectivos en contra del cambio, “pero en algún lugar habrá un aliado, una asociación de vecinos, un AMPA de una escuela… que esté a favor”. “Hay que hacer lo posible para que la primera experiencia funcione bien, porque si no, estás perdido”. Y si funciona bien se sumará otra aliada: “la envidia sana”. Los vecinos de otras calles querrán que también se intervenga en la suya y se quiten los coches. “Esa envidia sana sólo se activa si se pasa a la acción”, concluyó.</p>
<p><a href="https://fcmanrique.org/wp-content/uploads/fc-manrique-conf-marius-navazo.jpg"><img loading="lazy" decoding="async" class="wp-image-4749 aligncenter" src="https://fcmanrique.org/wp-content/uploads/fc-manrique-conf-marius-navazo.jpg" alt="" width="547" height="363" srcset="https://fcmanrique.org/wp-content/uploads/fc-manrique-conf-marius-navazo.jpg 1170w, https://fcmanrique.org/wp-content/uploads/fc-manrique-conf-marius-navazo-300x199.jpg 300w, https://fcmanrique.org/wp-content/uploads/fc-manrique-conf-marius-navazo-768x510.jpg 768w, https://fcmanrique.org/wp-content/uploads/fc-manrique-conf-marius-navazo-1024x680.jpg 1024w" sizes="auto, (max-width: 547px) 100vw, 547px" /></a></p>
<p>Nota de prensa en PDF:</p>
<p><a href="https://fcmanrique.org/wp-content/uploads/fc-manrique-conferencia-marius-navazo.pdf">fc-manrique-conferencia-marius-navazo</a></p>
