{"id":18653,"date":"2019-04-25T10:56:07","date_gmt":"2019-04-25T10:56:07","guid":{"rendered":"https:\/\/fcmanrique.org\/?post_type=fcm_c_acti_celebrada&#038;p=18653"},"modified":"2019-04-26T11:25:28","modified_gmt":"2019-04-26T11:25:28","slug":"musica-en-la-calle","status":"publish","type":"fcm_c_acti_celebrada","link":"https:\/\/fcmanrique.org\/de\/fcm-c-acti-celebrada\/musica-en-la-calle\/","title":{"rendered":"M\u00fasica en la calle"},"content":{"rendered":"<p class=\"qtranxs-available-languages-message qtranxs-available-languages-message-de\">Leider ist der Eintrag nur auf <a href=\"https:\/\/fcmanrique.org\/es\/wp-json\/wp\/v2\/fcm_c_acti_celebrada\/18653\" class=\"qtranxs-available-language-link qtranxs-available-language-link-es\" title=\"ES\">ES<\/a> verf\u00fcgbar.<\/p><p>La FCM, en colaboraci\u00f3n con el Ayuntamiento de Arrecife, organiz\u00f3 actividades musicales en las calles del centro de Arrecife, a cargo de las <strong>Parrandas Malvas\u00eda y Tabona<\/strong>, que rindieron homenaje a C\u00e9sar Manrique entre las 11:30 y las 13:00 horas.<\/p>\n<p>Por la tarde, entre las 18:00 y las 19:00 horas, la m\u00fasica sigui\u00f3 sonando en las calles c\u00e9ntricas de Arrecife de la mano de la <strong>Batucada Menuda Ca\u00f1a<\/strong>.<\/p>\n<p>Entre las 18:30 y 19:30 horas, el cuarteto <strong>Bosco D\u00edaz Quartet<\/strong> ofreci\u00f3 un concierto de jazz fusi\u00f3n en La Plazuela, en el que estrenaron una pieza compuesta con motivo del centenario del nacimiento de C\u00e9sar Manrique, titulada &#8222;Juguetes del viento&#8220;.<\/p>\n<p><a href=\"https:\/\/fcmanrique.org\/wp-content\/uploads\/fc-manrique-musica-en-la-calle2-1.jpg\"><img loading=\"lazy\" decoding=\"async\" class=\"alignnone size-full wp-image-18700\" src=\"https:\/\/fcmanrique.org\/wp-content\/uploads\/fc-manrique-musica-en-la-calle2-1.jpg\" alt=\"\" width=\"920\" height=\"609\" srcset=\"https:\/\/fcmanrique.org\/wp-content\/uploads\/fc-manrique-musica-en-la-calle2-1.jpg 920w, https:\/\/fcmanrique.org\/wp-content\/uploads\/fc-manrique-musica-en-la-calle2-1-300x199.jpg 300w, https:\/\/fcmanrique.org\/wp-content\/uploads\/fc-manrique-musica-en-la-calle2-1-768x508.jpg 768w, https:\/\/fcmanrique.org\/wp-content\/uploads\/fc-manrique-musica-en-la-calle2-1-289x191.jpg 289w\" sizes=\"auto, (max-width: 920px) 100vw, 920px\" \/><\/a><\/p>\n<p><a href=\"https:\/\/fcmanrique.org\/wp-content\/uploads\/fc-manrique-musica-en-la-calle3.jpg\"><img loading=\"lazy\" decoding=\"async\" class=\"alignnone size-full wp-image-18702\" src=\"https:\/\/fcmanrique.org\/wp-content\/uploads\/fc-manrique-musica-en-la-calle3.jpg\" alt=\"\" width=\"920\" height=\"603\" srcset=\"https:\/\/fcmanrique.org\/wp-content\/uploads\/fc-manrique-musica-en-la-calle3.jpg 920w, https:\/\/fcmanrique.org\/wp-content\/uploads\/fc-manrique-musica-en-la-calle3-300x197.jpg 300w, https:\/\/fcmanrique.org\/wp-content\/uploads\/fc-manrique-musica-en-la-calle3-768x503.jpg 768w, https:\/\/fcmanrique.org\/wp-content\/uploads\/fc-manrique-musica-en-la-calle3-289x189.jpg 289w\" sizes=\"auto, (max-width: 920px) 100vw, 920px\" \/><\/a><\/p>\n<p><a href=\"https:\/\/fcmanrique.org\/wp-content\/uploads\/fc-manrique-musica-en-la-calle1.jpg\"><img loading=\"lazy\" decoding=\"async\" class=\"alignnone size-full wp-image-18698\" src=\"https:\/\/fcmanrique.org\/wp-content\/uploads\/fc-manrique-musica-en-la-calle1.jpg\" alt=\"\" width=\"920\" height=\"619\" srcset=\"https:\/\/fcmanrique.org\/wp-content\/uploads\/fc-manrique-musica-en-la-calle1.jpg 920w, https:\/\/fcmanrique.org\/wp-content\/uploads\/fc-manrique-musica-en-la-calle1-300x202.jpg 300w, https:\/\/fcmanrique.org\/wp-content\/uploads\/fc-manrique-musica-en-la-calle1-768x517.jpg 768w, https:\/\/fcmanrique.org\/wp-content\/uploads\/fc-manrique-musica-en-la-calle1-289x194.jpg 289w\" sizes=\"auto, (max-width: 920px) 100vw, 920px\" \/><\/a><\/p>","protected":false},"excerpt":{"rendered":"<p>Leider ist der Eintrag nur auf ES verf\u00fcgbar.La FCM, en colaboraci\u00f3n con el Ayuntamiento de Arrecife, organiz\u00f3 actividades musicales en las calles del centro de Arrecife, a cargo de las Parrandas Malvas\u00eda y Tabona, que rindieron homenaje a C\u00e9sar Manrique entre las 11:30 y las 13:00 horas. Por la tarde, entre las 18:00 y las&#8230; <a href=\"https:\/\/fcmanrique.org\/de\/fcm-c-acti-celebrada\/musica-en-la-calle\/\" class=\"readmore\">Contin\u00faa leyendo \u2192<\/a><\/p>\n","protected":false},"featured_media":18676,"parent":0,"template":"","meta":{"_acf_changed":false,"ngg_post_thumbnail":0,"footnotes":""},"class_list":["post-18653","fcm_c_acti_celebrada","type-fcm_c_acti_celebrada","status-publish","has-post-thumbnail","hentry","c_acti_celebrada_categoria-musica"],"acf":[],"_links":{"self":[{"href":"https:\/\/fcmanrique.org\/de\/wp-json\/wp\/v2\/fcm_c_acti_celebrada\/18653","targetHints":{"allow":["GET"]}}],"collection":[{"href":"https:\/\/fcmanrique.org\/de\/wp-json\/wp\/v2\/fcm_c_acti_celebrada"}],"about":[{"href":"https:\/\/fcmanrique.org\/de\/wp-json\/wp\/v2\/types\/fcm_c_acti_celebrada"}],"version-history":[{"count":5,"href":"https:\/\/fcmanrique.org\/de\/wp-json\/wp\/v2\/fcm_c_acti_celebrada\/18653\/revisions"}],"predecessor-version":[{"id":18711,"href":"https:\/\/fcmanrique.org\/de\/wp-json\/wp\/v2\/fcm_c_acti_celebrada\/18653\/revisions\/18711"}],"wp:featuredmedia":[{"embeddable":true,"href":"https:\/\/fcmanrique.org\/de\/wp-json\/wp\/v2\/media\/18676"}],"wp:attachment":[{"href":"https:\/\/fcmanrique.org\/de\/wp-json\/wp\/v2\/media?parent=18653"}],"curies":[{"name":"wp","href":"https:\/\/api.w.org\/{rel}","templated":true}]}}

Música en la calle

<p class="qtranxs-available-languages-message qtranxs-available-languages-message-de">Leider ist der Eintrag nur auf <a href="https://fcmanrique.org/es/wp-json/wp/v2/fcm_c_acti_celebrada/18653" class="qtranxs-available-language-link qtranxs-available-language-link-es" title="ES">ES</a> verfügbar.</p><p>La FCM, en colaboración con el Ayuntamiento de Arrecife, organizó actividades musicales en las calles del centro de Arrecife, a cargo de las <strong>Parrandas Malvasía y Tabona</strong>, que rindieron homenaje a César Manrique entre las 11:30 y las 13:00 horas.</p>
<p>Por la tarde, entre las 18:00 y las 19:00 horas, la música siguió sonando en las calles céntricas de Arrecife de la mano de la <strong>Batucada Menuda Caña</strong>.</p>
<p>Entre las 18:30 y 19:30 horas, el cuarteto <strong>Bosco Díaz Quartet</strong> ofreció un concierto de jazz fusión en La Plazuela, en el que estrenaron una pieza compuesta con motivo del centenario del nacimiento de César Manrique, titulada &#8222;Juguetes del viento&#8220;.</p>
<p><a href="https://fcmanrique.org/wp-content/uploads/fc-manrique-musica-en-la-calle2-1.jpg"><img loading="lazy" decoding="async" class="alignnone size-full wp-image-18700" src="https://fcmanrique.org/wp-content/uploads/fc-manrique-musica-en-la-calle2-1.jpg" alt="" width="920" height="609" srcset="https://fcmanrique.org/wp-content/uploads/fc-manrique-musica-en-la-calle2-1.jpg 920w, https://fcmanrique.org/wp-content/uploads/fc-manrique-musica-en-la-calle2-1-300x199.jpg 300w, https://fcmanrique.org/wp-content/uploads/fc-manrique-musica-en-la-calle2-1-768x508.jpg 768w, https://fcmanrique.org/wp-content/uploads/fc-manrique-musica-en-la-calle2-1-289x191.jpg 289w" sizes="auto, (max-width: 920px) 100vw, 920px" /></a></p>
<p><a href="https://fcmanrique.org/wp-content/uploads/fc-manrique-musica-en-la-calle3.jpg"><img loading="lazy" decoding="async" class="alignnone size-full wp-image-18702" src="https://fcmanrique.org/wp-content/uploads/fc-manrique-musica-en-la-calle3.jpg" alt="" width="920" height="603" srcset="https://fcmanrique.org/wp-content/uploads/fc-manrique-musica-en-la-calle3.jpg 920w, https://fcmanrique.org/wp-content/uploads/fc-manrique-musica-en-la-calle3-300x197.jpg 300w, https://fcmanrique.org/wp-content/uploads/fc-manrique-musica-en-la-calle3-768x503.jpg 768w, https://fcmanrique.org/wp-content/uploads/fc-manrique-musica-en-la-calle3-289x189.jpg 289w" sizes="auto, (max-width: 920px) 100vw, 920px" /></a></p>
<p><a href="https://fcmanrique.org/wp-content/uploads/fc-manrique-musica-en-la-calle1.jpg"><img loading="lazy" decoding="async" class="alignnone size-full wp-image-18698" src="https://fcmanrique.org/wp-content/uploads/fc-manrique-musica-en-la-calle1.jpg" alt="" width="920" height="619" srcset="https://fcmanrique.org/wp-content/uploads/fc-manrique-musica-en-la-calle1.jpg 920w, https://fcmanrique.org/wp-content/uploads/fc-manrique-musica-en-la-calle1-300x202.jpg 300w, https://fcmanrique.org/wp-content/uploads/fc-manrique-musica-en-la-calle1-768x517.jpg 768w, https://fcmanrique.org/wp-content/uploads/fc-manrique-musica-en-la-calle1-289x194.jpg 289w" sizes="auto, (max-width: 920px) 100vw, 920px" /></a></p>

<p>Leider ist der Eintrag nur auf ES verfügbar.La FCM, en colaboración con el Ayuntamiento de Arrecife, organizó actividades musicales en las calles del centro de Arrecife, a cargo de las Parrandas Malvasía y Tabona, que rindieron homenaje a César Manrique entre las 11:30 y las 13:00 horas. Por la tarde, entre las 18:00 y las&#8230; <a href="https://fcmanrique.org/de/fcm-c-acti-celebrada/musica-en-la-calle/" class="readmore">Continúa leyendo →</a></p>
