{"id":20967,"date":"2019-11-15T14:04:51","date_gmt":"2019-11-15T14:04:51","guid":{"rendered":"https:\/\/fcmanrique.org\/?post_type=fcm_c_acti_celebrada&#038;p=20967"},"modified":"2020-11-24T11:51:34","modified_gmt":"2020-11-24T11:51:34","slug":"inaugurada-la-exposicion-cesar-manrique-100-anos-de-vida-de-vida-en-san-bartolome","status":"publish","type":"fcm_c_acti_celebrada","link":"https:\/\/fcmanrique.org\/de\/fcm-c-acti-celebrada\/inaugurada-la-exposicion-cesar-manrique-100-anos-de-vida-de-vida-en-san-bartolome\/","title":{"rendered":"Inaugurada la exposici\u00f3n \u00abC\u00e9sar Manrique. 100 a\u00f1os de vida\u00bb en San Bartolom\u00e9"},"content":{"rendered":"<p class=\"qtranxs-available-languages-message qtranxs-available-languages-message-de\">Leider ist der Eintrag nur auf <a href=\"https:\/\/fcmanrique.org\/es\/wp-json\/wp\/v2\/fcm_c_acti_celebrada\/20967\" class=\"qtranxs-available-language-link qtranxs-available-language-link-es\" title=\"ES\">ES<\/a> verf\u00fcgbar.<\/p><p>La exposici\u00f3n itinerante \u201cC\u00e9sar Manrique. 100 a\u00f1os de vida\u201d, producida por la Fundaci\u00f3n C\u00e9sar Manrique (FCM) y comisariada por Adonay Berm\u00fadez, se exhibe desde ayer, 14 de noviembre, en la sala la Bodeguita de la Casa Cerde\u00f1a ubicada en&nbsp; San Bartolom\u00e9. La entrada es gratuita y el aforo limitado.<\/p>\n<p>A la inauguraci\u00f3n de la muestra, que ofrece una lectura cronol\u00f3gica y divulgativa sobre la vida y la obra de C\u00e9sar Manrique con el objetivo de que todas las personas se acerquen a la figura del artista lanzarote\u00f1o m\u00e1s universal, acudi\u00f3 el presidente de la FCM, Jos\u00e9 Juan Ram\u00edrez; el alcalde de San Bartolom\u00e9, Alexis Tejera; el comisario de la muestra, Adonay Berm\u00fadez; el concejal de Cultura del municipio, Isidro P\u00e9rez, as\u00ed como otros ediles de la Corporaci\u00f3n.<\/p>\n<p>Esta actividad, desarrollada en colaboraci\u00f3n con el Ayuntamiento de San Bartolom\u00e9, forma parte del programa de actividades conmemorativas del centenario del nacimiento de C\u00e9sar Manrique (Lanzarote, 1919-1992) que desarrolla la Fundaci\u00f3n que lleva su nombre.<\/p>\n<p><a href=\"https:\/\/fcmanrique.org\/wp-content\/uploads\/fc-manrique-inauguracion-exposicion-san-bartolome1.jpg\"><img loading=\"lazy\" decoding=\"async\" class=\"alignnone size-full wp-image-20965\" src=\"https:\/\/fcmanrique.org\/wp-content\/uploads\/fc-manrique-inauguracion-exposicion-san-bartolome1.jpg\" alt=\"\" width=\"920\" height=\"608\" srcset=\"https:\/\/fcmanrique.org\/wp-content\/uploads\/fc-manrique-inauguracion-exposicion-san-bartolome1.jpg 920w, https:\/\/fcmanrique.org\/wp-content\/uploads\/fc-manrique-inauguracion-exposicion-san-bartolome1-300x198.jpg 300w, https:\/\/fcmanrique.org\/wp-content\/uploads\/fc-manrique-inauguracion-exposicion-san-bartolome1-768x508.jpg 768w, https:\/\/fcmanrique.org\/wp-content\/uploads\/fc-manrique-inauguracion-exposicion-san-bartolome1-289x191.jpg 289w\" sizes=\"auto, (max-width: 920px) 100vw, 920px\" \/><\/a><em>Jos\u00e9 Juan Ram\u00edrez, Adonay Berm\u00fadez y Alexis Tejera<\/em><\/p>\n<p>Esta actividad, desarrollada en colaboraci\u00f3n con el Ayuntamiento de San Bartolom\u00e9, forma parte del programa de actividades conmemorativas del centenario del nacimiento de C\u00e9sar Manrique (Lanzarote, 1919-1992) que desarrolla la Fundaci\u00f3n que lleva su nombre.<\/p>\n<p>As\u00ed mismo, la exposici\u00f3n se enmarca dentro un monogr\u00e1fico que el Ayuntamiento de San Bartolom\u00e9 ha dedicado a C\u00e9sar Manrique con motivo de su centenario. Se trata de tres jornadas que giran en torno a la figura del artista aunando teatro, arte y m\u00fasica.<\/p>\n<p>La exposici\u00f3n permanecer\u00e1 abierta al p\u00fablico en los siguientes horarios: viernes 15 de noviembre de 10:00 a 14:00 horas y de 17:00 a 19:00 horas; s\u00e1bado 16 y domingo 17 de 10:00 a 14:00 horas y lunes 18 el horario de 10:00 a 14:00 y de 17:00 a 19:00 horas.<\/p>\n<p><a href=\"https:\/\/fcmanrique.org\/wp-content\/uploads\/fc-manrique-inauguracion-exposicion-san-bartolome2.jpg\"><img loading=\"lazy\" decoding=\"async\" class=\"alignnone size-full wp-image-20966\" src=\"https:\/\/fcmanrique.org\/wp-content\/uploads\/fc-manrique-inauguracion-exposicion-san-bartolome2.jpg\" alt=\"\" width=\"920\" height=\"613\" srcset=\"https:\/\/fcmanrique.org\/wp-content\/uploads\/fc-manrique-inauguracion-exposicion-san-bartolome2.jpg 920w, https:\/\/fcmanrique.org\/wp-content\/uploads\/fc-manrique-inauguracion-exposicion-san-bartolome2-300x200.jpg 300w, https:\/\/fcmanrique.org\/wp-content\/uploads\/fc-manrique-inauguracion-exposicion-san-bartolome2-768x512.jpg 768w, https:\/\/fcmanrique.org\/wp-content\/uploads\/fc-manrique-inauguracion-exposicion-san-bartolome2-289x193.jpg 289w\" sizes=\"auto, (max-width: 920px) 100vw, 920px\" \/><\/a><\/p>\n<p>&#8222;C\u00e9sar Manrique. 100 a\u00f1os de vida&#8220; est\u00e1 compuesta por una treintena de paneles con im\u00e1genes y textos que incluyen no solo la obra pict\u00f3rica del artista, sino tambi\u00e9n su obra p\u00fablica y escult\u00f3rica. Adem\u00e1s, la muestra tiene una parte en la que se resalta la labor de protecci\u00f3n medioambiental y el car\u00e1cter activista, a trav\u00e9s de las propias palabras del artista.<\/p>\n<p>La Casa Cerde\u00f1a de San Bartolom\u00e9 es el quinto espacio que acoge esta exposici\u00f3n desde que comenzase su itinerancia el pasado 7 de junio en la sede de Correos de Arrecife y se haya mostrado en la Biblioteca Municipal de La Laguna, en la Sociedad Democracia de Arrecife y en la nueva terminal de pasajeros de la naviera Fred. Olsen Express en el Puerto de Los M\u00e1rmoles.<\/p>\n<p>Programa del homenaje a Manrique en el Ayuntamiento de San Bartolom\u00e9:<\/p>\n<p><a href=\"https:\/\/fcmanrique.org\/wp-content\/uploads\/Cartel-actos-conmemorativos-Centenario-C\u00e9sar-Manrique-en-el-municipio-de-San-Bartolom\u00e9-nov-2019.jpg\"><img loading=\"lazy\" decoding=\"async\" class=\"alignnone size-full wp-image-20954\" src=\"https:\/\/fcmanrique.org\/wp-content\/uploads\/Cartel-actos-conmemorativos-Centenario-C\u00e9sar-Manrique-en-el-municipio-de-San-Bartolom\u00e9-nov-2019.jpg\" alt=\"\" width=\"550\" height=\"778\" srcset=\"https:\/\/fcmanrique.org\/wp-content\/uploads\/Cartel-actos-conmemorativos-Centenario-C\u00e9sar-Manrique-en-el-municipio-de-San-Bartolom\u00e9-nov-2019.jpg 550w, https:\/\/fcmanrique.org\/wp-content\/uploads\/Cartel-actos-conmemorativos-Centenario-C\u00e9sar-Manrique-en-el-municipio-de-San-Bartolom\u00e9-nov-2019-212x300.jpg 212w, https:\/\/fcmanrique.org\/wp-content\/uploads\/Cartel-actos-conmemorativos-Centenario-C\u00e9sar-Manrique-en-el-municipio-de-San-Bartolom\u00e9-nov-2019-174x246.jpg 174w\" sizes=\"auto, (max-width: 550px) 100vw, 550px\" \/><\/a><\/p>","protected":false},"excerpt":{"rendered":"<p>Leider ist der Eintrag nur auf ES verf\u00fcgbar.La exposici\u00f3n itinerante \u201cC\u00e9sar Manrique. 100 a\u00f1os de vida\u201d, producida por la Fundaci\u00f3n C\u00e9sar Manrique (FCM) y comisariada por Adonay Berm\u00fadez, se exhibe desde ayer, 14 de noviembre, en la sala la Bodeguita de la Casa Cerde\u00f1a ubicada en&nbsp; San Bartolom\u00e9. La entrada es gratuita y el aforo&#8230; <a href=\"https:\/\/fcmanrique.org\/de\/fcm-c-acti-celebrada\/inaugurada-la-exposicion-cesar-manrique-100-anos-de-vida-de-vida-en-san-bartolome\/\" class=\"readmore\">Contin\u00faa leyendo \u2192<\/a><\/p>\n","protected":false},"featured_media":20964,"parent":0,"template":"","meta":{"_acf_changed":false,"ngg_post_thumbnail":0,"footnotes":""},"class_list":["post-20967","fcm_c_acti_celebrada","type-fcm_c_acti_celebrada","status-publish","has-post-thumbnail","hentry","c_acti_celebrada_categoria-inauguracion"],"acf":[],"_links":{"self":[{"href":"https:\/\/fcmanrique.org\/de\/wp-json\/wp\/v2\/fcm_c_acti_celebrada\/20967","targetHints":{"allow":["GET"]}}],"collection":[{"href":"https:\/\/fcmanrique.org\/de\/wp-json\/wp\/v2\/fcm_c_acti_celebrada"}],"about":[{"href":"https:\/\/fcmanrique.org\/de\/wp-json\/wp\/v2\/types\/fcm_c_acti_celebrada"}],"version-history":[{"count":7,"href":"https:\/\/fcmanrique.org\/de\/wp-json\/wp\/v2\/fcm_c_acti_celebrada\/20967\/revisions"}],"predecessor-version":[{"id":22317,"href":"https:\/\/fcmanrique.org\/de\/wp-json\/wp\/v2\/fcm_c_acti_celebrada\/20967\/revisions\/22317"}],"wp:featuredmedia":[{"embeddable":true,"href":"https:\/\/fcmanrique.org\/de\/wp-json\/wp\/v2\/media\/20964"}],"wp:attachment":[{"href":"https:\/\/fcmanrique.org\/de\/wp-json\/wp\/v2\/media?parent=20967"}],"curies":[{"name":"wp","href":"https:\/\/api.w.org\/{rel}","templated":true}]}}

Inaugurada la exposición «César Manrique. 100 años de vida» en San Bartolomé

<p class="qtranxs-available-languages-message qtranxs-available-languages-message-de">Leider ist der Eintrag nur auf <a href="https://fcmanrique.org/es/wp-json/wp/v2/fcm_c_acti_celebrada/20967" class="qtranxs-available-language-link qtranxs-available-language-link-es" title="ES">ES</a> verfügbar.</p><p>La exposición itinerante “César Manrique. 100 años de vida”, producida por la Fundación César Manrique (FCM) y comisariada por Adonay Bermúdez, se exhibe desde ayer, 14 de noviembre, en la sala la Bodeguita de la Casa Cerdeña ubicada en&nbsp; San Bartolomé. La entrada es gratuita y el aforo limitado.</p>
<p>A la inauguración de la muestra, que ofrece una lectura cronológica y divulgativa sobre la vida y la obra de César Manrique con el objetivo de que todas las personas se acerquen a la figura del artista lanzaroteño más universal, acudió el presidente de la FCM, José Juan Ramírez; el alcalde de San Bartolomé, Alexis Tejera; el comisario de la muestra, Adonay Bermúdez; el concejal de Cultura del municipio, Isidro Pérez, así como otros ediles de la Corporación.</p>
<p>Esta actividad, desarrollada en colaboración con el Ayuntamiento de San Bartolomé, forma parte del programa de actividades conmemorativas del centenario del nacimiento de César Manrique (Lanzarote, 1919-1992) que desarrolla la Fundación que lleva su nombre.</p>
<p><a href="https://fcmanrique.org/wp-content/uploads/fc-manrique-inauguracion-exposicion-san-bartolome1.jpg"><img loading="lazy" decoding="async" class="alignnone size-full wp-image-20965" src="https://fcmanrique.org/wp-content/uploads/fc-manrique-inauguracion-exposicion-san-bartolome1.jpg" alt="" width="920" height="608" srcset="https://fcmanrique.org/wp-content/uploads/fc-manrique-inauguracion-exposicion-san-bartolome1.jpg 920w, https://fcmanrique.org/wp-content/uploads/fc-manrique-inauguracion-exposicion-san-bartolome1-300x198.jpg 300w, https://fcmanrique.org/wp-content/uploads/fc-manrique-inauguracion-exposicion-san-bartolome1-768x508.jpg 768w, https://fcmanrique.org/wp-content/uploads/fc-manrique-inauguracion-exposicion-san-bartolome1-289x191.jpg 289w" sizes="auto, (max-width: 920px) 100vw, 920px" /></a><em>José Juan Ramírez, Adonay Bermúdez y Alexis Tejera</em></p>
<p>Esta actividad, desarrollada en colaboración con el Ayuntamiento de San Bartolomé, forma parte del programa de actividades conmemorativas del centenario del nacimiento de César Manrique (Lanzarote, 1919-1992) que desarrolla la Fundación que lleva su nombre.</p>
<p>Así mismo, la exposición se enmarca dentro un monográfico que el Ayuntamiento de San Bartolomé ha dedicado a César Manrique con motivo de su centenario. Se trata de tres jornadas que giran en torno a la figura del artista aunando teatro, arte y música.</p>
<p>La exposición permanecerá abierta al público en los siguientes horarios: viernes 15 de noviembre de 10:00 a 14:00 horas y de 17:00 a 19:00 horas; sábado 16 y domingo 17 de 10:00 a 14:00 horas y lunes 18 el horario de 10:00 a 14:00 y de 17:00 a 19:00 horas.</p>
<p><a href="https://fcmanrique.org/wp-content/uploads/fc-manrique-inauguracion-exposicion-san-bartolome2.jpg"><img loading="lazy" decoding="async" class="alignnone size-full wp-image-20966" src="https://fcmanrique.org/wp-content/uploads/fc-manrique-inauguracion-exposicion-san-bartolome2.jpg" alt="" width="920" height="613" srcset="https://fcmanrique.org/wp-content/uploads/fc-manrique-inauguracion-exposicion-san-bartolome2.jpg 920w, https://fcmanrique.org/wp-content/uploads/fc-manrique-inauguracion-exposicion-san-bartolome2-300x200.jpg 300w, https://fcmanrique.org/wp-content/uploads/fc-manrique-inauguracion-exposicion-san-bartolome2-768x512.jpg 768w, https://fcmanrique.org/wp-content/uploads/fc-manrique-inauguracion-exposicion-san-bartolome2-289x193.jpg 289w" sizes="auto, (max-width: 920px) 100vw, 920px" /></a></p>
<p>&#8222;César Manrique. 100 años de vida&#8220; está compuesta por una treintena de paneles con imágenes y textos que incluyen no solo la obra pictórica del artista, sino también su obra pública y escultórica. Además, la muestra tiene una parte en la que se resalta la labor de protección medioambiental y el carácter activista, a través de las propias palabras del artista.</p>
<p>La Casa Cerdeña de San Bartolomé es el quinto espacio que acoge esta exposición desde que comenzase su itinerancia el pasado 7 de junio en la sede de Correos de Arrecife y se haya mostrado en la Biblioteca Municipal de La Laguna, en la Sociedad Democracia de Arrecife y en la nueva terminal de pasajeros de la naviera Fred. Olsen Express en el Puerto de Los Mármoles.</p>
<p>Programa del homenaje a Manrique en el Ayuntamiento de San Bartolomé:</p>
<p><a href="https://fcmanrique.org/wp-content/uploads/Cartel-actos-conmemorativos-Centenario-César-Manrique-en-el-municipio-de-San-Bartolomé-nov-2019.jpg"><img loading="lazy" decoding="async" class="alignnone size-full wp-image-20954" src="https://fcmanrique.org/wp-content/uploads/Cartel-actos-conmemorativos-Centenario-César-Manrique-en-el-municipio-de-San-Bartolomé-nov-2019.jpg" alt="" width="550" height="778" srcset="https://fcmanrique.org/wp-content/uploads/Cartel-actos-conmemorativos-Centenario-César-Manrique-en-el-municipio-de-San-Bartolomé-nov-2019.jpg 550w, https://fcmanrique.org/wp-content/uploads/Cartel-actos-conmemorativos-Centenario-César-Manrique-en-el-municipio-de-San-Bartolomé-nov-2019-212x300.jpg 212w, https://fcmanrique.org/wp-content/uploads/Cartel-actos-conmemorativos-Centenario-César-Manrique-en-el-municipio-de-San-Bartolomé-nov-2019-174x246.jpg 174w" sizes="auto, (max-width: 550px) 100vw, 550px" /></a></p>

<p>Leider ist der Eintrag nur auf ES verfügbar.La exposición itinerante “César Manrique. 100 años de vida”, producida por la Fundación César Manrique (FCM) y comisariada por Adonay Bermúdez, se exhibe desde ayer, 14 de noviembre, en la sala la Bodeguita de la Casa Cerdeña ubicada en&nbsp; San Bartolomé. La entrada es gratuita y el aforo&#8230; <a href="https://fcmanrique.org/de/fcm-c-acti-celebrada/inaugurada-la-exposicion-cesar-manrique-100-anos-de-vida-de-vida-en-san-bartolome/" class="readmore">Continúa leyendo →</a></p>
