{"id":21028,"date":"2019-11-19T10:20:05","date_gmt":"2019-11-19T10:20:05","guid":{"rendered":"https:\/\/fcmanrique.org\/?post_type=fcm_c_acti_celebrada&#038;p=21028"},"modified":"2019-11-22T16:23:13","modified_gmt":"2019-11-22T16:23:13","slug":"unanimidad-en-el-concurso-de-fotografia-cesar-manrique-paisajes-de-vida","status":"publish","type":"fcm_c_acti_celebrada","link":"https:\/\/fcmanrique.org\/de\/fcm-c-acti-celebrada\/unanimidad-en-el-concurso-de-fotografia-cesar-manrique-paisajes-de-vida\/","title":{"rendered":"Unanimidad en el concurso de fotograf\u00eda &#8222;C\u00e9sar Manrique. Paisajes de vida&#8220;"},"content":{"rendered":"<p class=\"qtranxs-available-languages-message qtranxs-available-languages-message-de\">Leider ist der Eintrag nur auf <a href=\"https:\/\/fcmanrique.org\/es\/wp-json\/wp\/v2\/fcm_c_acti_celebrada\/21028\" class=\"qtranxs-available-language-link qtranxs-available-language-link-es\" title=\"ES\">ES<\/a> verf\u00fcgbar.<\/p><p>La fotograf\u00eda titulada \u201cMonumento al mar\u201d,&nbsp;cuya autora es Valle Mart\u00edn Palenzuela, ha resultado ganadora del concurso \u201cC\u00e9sar Manrique. Paisajes de vida\u201d sobre la obra p\u00fablica del artista, convocado por la Fundaci\u00f3n C\u00e9sar Manrique (FCM) con motivo del centenario del nacimiento del artista.<\/p>\n<p>El jurado,&nbsp;formado por Adonay Berm\u00fadez, Yolanda Peralta, Adriel Perdomo y Mar\u00eda Luisa Quevedo, se reuni\u00f3 el pasado 14 de noviembre y&nbsp;decidi\u00f3 otorgar, por unanimidad,&nbsp;a la fot\u00f3grafa tinerfe\u00f1a Valle Mart\u00edn&nbsp;este premio dotado con 2.500 euros.<\/p>\n<p>Mediante esta convocatoria, la FCM buscaba reconocer una mirada fresca y diferente sobre la obra p\u00fablica de C\u00e9sar Manrique y proponer, igualmente, un an\u00e1lisis que propiciara el enriquecimiento del imaginario colectivo con nuevas interpretaciones de estas piezas art\u00edsticas que forman parte del archivo patrimonial canario.<\/p>\n<p>El concurso, cuyo plazo se abri\u00f3 a principios de julio y finaliz\u00f3 el pasado 15 de octubre, estaba dirigido a profesionales del sector nacidos o residentes en Canarias, sin l\u00edmite de edad, y que pudieran acreditar experiencia en el campo de las artes pl\u00e1sticas y visuales.<\/p>\n<p><a href=\"https:\/\/fcmanrique.org\/wp-content\/uploads\/fc-manrique-diptico-concurso-fotografia.jpg\"><img loading=\"lazy\" decoding=\"async\" class=\"alignnone size-full wp-image-19863\" src=\"https:\/\/fcmanrique.org\/wp-content\/uploads\/fc-manrique-diptico-concurso-fotografia.jpg\" alt=\"\" width=\"2480\" height=\"2480\" srcset=\"https:\/\/fcmanrique.org\/wp-content\/uploads\/fc-manrique-diptico-concurso-fotografia.jpg 2480w, https:\/\/fcmanrique.org\/wp-content\/uploads\/fc-manrique-diptico-concurso-fotografia-150x150.jpg 150w, https:\/\/fcmanrique.org\/wp-content\/uploads\/fc-manrique-diptico-concurso-fotografia-300x300.jpg 300w, https:\/\/fcmanrique.org\/wp-content\/uploads\/fc-manrique-diptico-concurso-fotografia-768x768.jpg 768w, https:\/\/fcmanrique.org\/wp-content\/uploads\/fc-manrique-diptico-concurso-fotografia-1024x1024.jpg 1024w, https:\/\/fcmanrique.org\/wp-content\/uploads\/fc-manrique-diptico-concurso-fotografia-246x246.jpg 246w\" sizes=\"auto, (max-width: 2480px) 100vw, 2480px\" \/><\/a><\/p>\n<p><a href=\"https:\/\/fcmanrique.org\/wp-content\/uploads\/fc-manrique-diptico-concurso-fotografia1.jpg\"><img loading=\"lazy\" decoding=\"async\" class=\"alignnone size-full wp-image-19909\" src=\"https:\/\/fcmanrique.org\/wp-content\/uploads\/fc-manrique-diptico-concurso-fotografia1.jpg\" alt=\"\" width=\"2480\" height=\"2480\" srcset=\"https:\/\/fcmanrique.org\/wp-content\/uploads\/fc-manrique-diptico-concurso-fotografia1.jpg 2480w, https:\/\/fcmanrique.org\/wp-content\/uploads\/fc-manrique-diptico-concurso-fotografia1-150x150.jpg 150w, https:\/\/fcmanrique.org\/wp-content\/uploads\/fc-manrique-diptico-concurso-fotografia1-300x300.jpg 300w, https:\/\/fcmanrique.org\/wp-content\/uploads\/fc-manrique-diptico-concurso-fotografia1-768x768.jpg 768w, https:\/\/fcmanrique.org\/wp-content\/uploads\/fc-manrique-diptico-concurso-fotografia1-1024x1024.jpg 1024w, https:\/\/fcmanrique.org\/wp-content\/uploads\/fc-manrique-diptico-concurso-fotografia1-246x246.jpg 246w\" sizes=\"auto, (max-width: 2480px) 100vw, 2480px\" \/><\/a><\/p>","protected":false},"excerpt":{"rendered":"<p>Leider ist der Eintrag nur auf ES verf\u00fcgbar.La fotograf\u00eda titulada \u201cMonumento al mar\u201d,&nbsp;cuya autora es Valle Mart\u00edn Palenzuela, ha resultado ganadora del concurso \u201cC\u00e9sar Manrique. Paisajes de vida\u201d sobre la obra p\u00fablica del artista, convocado por la Fundaci\u00f3n C\u00e9sar Manrique (FCM) con motivo del centenario del nacimiento del artista. El jurado,&nbsp;formado por Adonay Berm\u00fadez, Yolanda&#8230; <a href=\"https:\/\/fcmanrique.org\/de\/fcm-c-acti-celebrada\/unanimidad-en-el-concurso-de-fotografia-cesar-manrique-paisajes-de-vida\/\" class=\"readmore\">Contin\u00faa leyendo \u2192<\/a><\/p>\n","protected":false},"featured_media":21031,"parent":0,"template":"","meta":{"_acf_changed":false,"ngg_post_thumbnail":0,"footnotes":""},"class_list":["post-21028","fcm_c_acti_celebrada","type-fcm_c_acti_celebrada","status-publish","has-post-thumbnail","hentry","c_acti_celebrada_categoria-concurso-fotografia"],"acf":[],"_links":{"self":[{"href":"https:\/\/fcmanrique.org\/de\/wp-json\/wp\/v2\/fcm_c_acti_celebrada\/21028","targetHints":{"allow":["GET"]}}],"collection":[{"href":"https:\/\/fcmanrique.org\/de\/wp-json\/wp\/v2\/fcm_c_acti_celebrada"}],"about":[{"href":"https:\/\/fcmanrique.org\/de\/wp-json\/wp\/v2\/types\/fcm_c_acti_celebrada"}],"version-history":[{"count":6,"href":"https:\/\/fcmanrique.org\/de\/wp-json\/wp\/v2\/fcm_c_acti_celebrada\/21028\/revisions"}],"predecessor-version":[{"id":21150,"href":"https:\/\/fcmanrique.org\/de\/wp-json\/wp\/v2\/fcm_c_acti_celebrada\/21028\/revisions\/21150"}],"wp:featuredmedia":[{"embeddable":true,"href":"https:\/\/fcmanrique.org\/de\/wp-json\/wp\/v2\/media\/21031"}],"wp:attachment":[{"href":"https:\/\/fcmanrique.org\/de\/wp-json\/wp\/v2\/media?parent=21028"}],"curies":[{"name":"wp","href":"https:\/\/api.w.org\/{rel}","templated":true}]}}

Unanimidad en el concurso de fotografía &#8222;César Manrique. Paisajes de vida&#8220;

<p class="qtranxs-available-languages-message qtranxs-available-languages-message-de">Leider ist der Eintrag nur auf <a href="https://fcmanrique.org/es/wp-json/wp/v2/fcm_c_acti_celebrada/21028" class="qtranxs-available-language-link qtranxs-available-language-link-es" title="ES">ES</a> verfügbar.</p><p>La fotografía titulada “Monumento al mar”,&nbsp;cuya autora es Valle Martín Palenzuela, ha resultado ganadora del concurso “César Manrique. Paisajes de vida” sobre la obra pública del artista, convocado por la Fundación César Manrique (FCM) con motivo del centenario del nacimiento del artista.</p>
<p>El jurado,&nbsp;formado por Adonay Bermúdez, Yolanda Peralta, Adriel Perdomo y María Luisa Quevedo, se reunió el pasado 14 de noviembre y&nbsp;decidió otorgar, por unanimidad,&nbsp;a la fotógrafa tinerfeña Valle Martín&nbsp;este premio dotado con 2.500 euros.</p>
<p>Mediante esta convocatoria, la FCM buscaba reconocer una mirada fresca y diferente sobre la obra pública de César Manrique y proponer, igualmente, un análisis que propiciara el enriquecimiento del imaginario colectivo con nuevas interpretaciones de estas piezas artísticas que forman parte del archivo patrimonial canario.</p>
<p>El concurso, cuyo plazo se abrió a principios de julio y finalizó el pasado 15 de octubre, estaba dirigido a profesionales del sector nacidos o residentes en Canarias, sin límite de edad, y que pudieran acreditar experiencia en el campo de las artes plásticas y visuales.</p>
<p><a href="https://fcmanrique.org/wp-content/uploads/fc-manrique-diptico-concurso-fotografia.jpg"><img loading="lazy" decoding="async" class="alignnone size-full wp-image-19863" src="https://fcmanrique.org/wp-content/uploads/fc-manrique-diptico-concurso-fotografia.jpg" alt="" width="2480" height="2480" srcset="https://fcmanrique.org/wp-content/uploads/fc-manrique-diptico-concurso-fotografia.jpg 2480w, https://fcmanrique.org/wp-content/uploads/fc-manrique-diptico-concurso-fotografia-150x150.jpg 150w, https://fcmanrique.org/wp-content/uploads/fc-manrique-diptico-concurso-fotografia-300x300.jpg 300w, https://fcmanrique.org/wp-content/uploads/fc-manrique-diptico-concurso-fotografia-768x768.jpg 768w, https://fcmanrique.org/wp-content/uploads/fc-manrique-diptico-concurso-fotografia-1024x1024.jpg 1024w, https://fcmanrique.org/wp-content/uploads/fc-manrique-diptico-concurso-fotografia-246x246.jpg 246w" sizes="auto, (max-width: 2480px) 100vw, 2480px" /></a></p>
<p><a href="https://fcmanrique.org/wp-content/uploads/fc-manrique-diptico-concurso-fotografia1.jpg"><img loading="lazy" decoding="async" class="alignnone size-full wp-image-19909" src="https://fcmanrique.org/wp-content/uploads/fc-manrique-diptico-concurso-fotografia1.jpg" alt="" width="2480" height="2480" srcset="https://fcmanrique.org/wp-content/uploads/fc-manrique-diptico-concurso-fotografia1.jpg 2480w, https://fcmanrique.org/wp-content/uploads/fc-manrique-diptico-concurso-fotografia1-150x150.jpg 150w, https://fcmanrique.org/wp-content/uploads/fc-manrique-diptico-concurso-fotografia1-300x300.jpg 300w, https://fcmanrique.org/wp-content/uploads/fc-manrique-diptico-concurso-fotografia1-768x768.jpg 768w, https://fcmanrique.org/wp-content/uploads/fc-manrique-diptico-concurso-fotografia1-1024x1024.jpg 1024w, https://fcmanrique.org/wp-content/uploads/fc-manrique-diptico-concurso-fotografia1-246x246.jpg 246w" sizes="auto, (max-width: 2480px) 100vw, 2480px" /></a></p>

<p>Leider ist der Eintrag nur auf ES verfügbar.La fotografía titulada “Monumento al mar”,&nbsp;cuya autora es Valle Martín Palenzuela, ha resultado ganadora del concurso “César Manrique. Paisajes de vida” sobre la obra pública del artista, convocado por la Fundación César Manrique (FCM) con motivo del centenario del nacimiento del artista. El jurado,&nbsp;formado por Adonay Bermúdez, Yolanda&#8230; <a href="https://fcmanrique.org/de/fcm-c-acti-celebrada/unanimidad-en-el-concurso-de-fotografia-cesar-manrique-paisajes-de-vida/" class="readmore">Continúa leyendo →</a></p>
