{"id":21294,"date":"2019-11-29T08:39:39","date_gmt":"2019-11-29T08:39:39","guid":{"rendered":"https:\/\/fcmanrique.org\/?post_type=fcm_c_acti_celebrada&#038;p=21294"},"modified":"2019-11-29T11:12:41","modified_gmt":"2019-11-29T11:12:41","slug":"marina-garces","status":"publish","type":"fcm_c_acti_celebrada","link":"https:\/\/fcmanrique.org\/de\/fcm-c-acti-celebrada\/marina-garces\/","title":{"rendered":"Marina Garc\u00e9s: \u201cM\u00e1s que imponer l\u00edmites, la tarea de nuestro tiempo es aprender que somos finitos\u201d"},"content":{"rendered":"<p class=\"qtranxs-available-languages-message qtranxs-available-languages-message-de\">Leider ist der Eintrag nur auf <a href=\"https:\/\/fcmanrique.org\/es\/wp-json\/wp\/v2\/fcm_c_acti_celebrada\/21294\" class=\"qtranxs-available-language-link qtranxs-available-language-link-es\" title=\"ES\">ES<\/a> verf\u00fcgbar.<\/p><p>En 1995 Ram\u00f3n Margalef dio una conferencia en la Fundaci\u00f3n C\u00e9sar Manrique en la que expuso un dibujo donde se ve al mundo con tres miradas: la contemplaci\u00f3n del propio mundo, la contemplaci\u00f3n de la contemplaci\u00f3n y la cr\u00edtica de esta \u00faltima. Con ese mismo dibujo, el d\u00eda 28 de noviembre, comenz\u00f3 Marina Garc\u00e9s su conferencia <i>La experiencia del l\u00edmite. Desaf\u00edos del mundo contempor\u00e1neo<\/i>, y revel\u00f3 que cada a\u00f1o, desde hace diecisiete, pasa una temporada en la Isla con su familia y que este mismo a\u00f1o, en el que Margalef tambi\u00e9n hubiera cumplido cien a\u00f1os, particip\u00f3 en una mesa redonda con el hijo de Margalef en la que \u00e9l expuso ese mismo dibujo que le sirvi\u00f3 como punto de partida: el de la filosof\u00eda como forma de construir un punto de vista.<\/p>\n<p><a href=\"https:\/\/fcmanrique.org\/wp-content\/uploads\/fc-manrique-conferencia-marina-garces3.jpg\"><img loading=\"lazy\" decoding=\"async\" class=\"alignnone size-full wp-image-21303\" src=\"https:\/\/fcmanrique.org\/wp-content\/uploads\/fc-manrique-conferencia-marina-garces3.jpg\" alt=\"\" width=\"920\" height=\"645\" srcset=\"https:\/\/fcmanrique.org\/wp-content\/uploads\/fc-manrique-conferencia-marina-garces3.jpg 920w, https:\/\/fcmanrique.org\/wp-content\/uploads\/fc-manrique-conferencia-marina-garces3-300x210.jpg 300w, https:\/\/fcmanrique.org\/wp-content\/uploads\/fc-manrique-conferencia-marina-garces3-768x538.jpg 768w, https:\/\/fcmanrique.org\/wp-content\/uploads\/fc-manrique-conferencia-marina-garces3-289x203.jpg 289w\" sizes=\"auto, (max-width: 920px) 100vw, 920px\" \/><\/a><\/p>\n<p>Para Garc\u00e9s, este tiempo contempor\u00e1neo se define por la percepci\u00f3n del l\u00edmite. La modernidad (que es producci\u00f3n, expansi\u00f3n y transgresi\u00f3n) tiene una pulsi\u00f3n, que es la de ir siempre m\u00e1s all\u00e1. Ese m\u00e1s all\u00e1 empieza a temblar, entra en crisis y surge la pregunta de hasta d\u00f3nde podemos ir y respecto a qu\u00e9. \u201cHoy ya percibimos el l\u00edmite no como algo a asaltar sino como una amenaza\u201d. Vemos antes la cat\u00e1strofe que el avance y esa sombra es la que gira el sentido del l\u00edmite. Se invierte la experiencia de la modernidad y aparecen l\u00edmites planetarios, civilizatorios e hist\u00f3ricos. Tambi\u00e9n se habla de l\u00edmites de la especie y se va vinculando la extinci\u00f3n de otras especies a nuestra propia extinci\u00f3n.<\/p>\n<p>Otros l\u00edmites son los de las capacidades humanas. Uno de los planteamientos de la inteligencia artificial es el de algo \u201cque nos va a poner m\u00e1s all\u00e1 de nosotros mismos\u201d. Las ficciones pueden acabar dirigiendo la manera de sostener nuestras preguntas y podemos llegar a dejar en manos de la inteligencia artificial algunas decisiones importantes, sobre la guerra o sobre el cuidado de los mayores. \u201c\u00bfQu\u00e9 pasar\u00e1 cuando todos los l\u00edmites los pongamos en manos de una inteligencia artificial porque consideremos que es m\u00e1s capaz de decidir que nosotros mismos?\u201d, se pregunta Garc\u00e9s.<\/p>\n<p><a href=\"https:\/\/fcmanrique.org\/wp-content\/uploads\/fc-manrique-conferencia-marina-garces4.jpg\"><img loading=\"lazy\" decoding=\"async\" class=\"alignnone size-full wp-image-21304\" src=\"https:\/\/fcmanrique.org\/wp-content\/uploads\/fc-manrique-conferencia-marina-garces4.jpg\" alt=\"\" width=\"920\" height=\"616\" srcset=\"https:\/\/fcmanrique.org\/wp-content\/uploads\/fc-manrique-conferencia-marina-garces4.jpg 920w, https:\/\/fcmanrique.org\/wp-content\/uploads\/fc-manrique-conferencia-marina-garces4-300x201.jpg 300w, https:\/\/fcmanrique.org\/wp-content\/uploads\/fc-manrique-conferencia-marina-garces4-768x514.jpg 768w, https:\/\/fcmanrique.org\/wp-content\/uploads\/fc-manrique-conferencia-marina-garces4-289x194.jpg 289w\" sizes=\"auto, (max-width: 920px) 100vw, 920px\" \/><\/a><\/p>\n<p>Todos los l\u00edmites, en definitiva, ya sean planetarios, civilizatorios, de la especie o de las capacidades humanas, aparecen como amenaza o para hacerse cargo de lo que no sabemos c\u00f3mo tratar. Estamos, por tanto en un m\u00e1s all\u00e1 defensivo que nos pone en una situaci\u00f3n de una experiencia del l\u00edmite distinta a la que conoc\u00edamos y que tiene dos caracter\u00edsticas esenciales. La primera es la irreversibilidad. Hablamos de que el futuro ya se nos ha ido de las manos, que estamos en un punto de no retorno en el cambio clim\u00e1tico. Ese argumento de la irreversibilidad se sit\u00faa por encima de la experiencia hist\u00f3rica, que se desprende de la acci\u00f3n de alg\u00fan sujeto. Llega esa irreversibilidad bajo la forma de una condena. Garc\u00e9s cit\u00f3 a Svetlana Alexi\u00e9vich (autora de &#8222;Voces de Chern\u00f3bil&#8220;), que asegura que este no es el tiempo en que ocurren las cat\u00e1strofes, sino que se trata de la cat\u00e1strofe del tiempo. El tiempo rompe el sentido de la historia y se rompe la posibilidad de dar un sentido al ma\u00f1ana.<\/p>\n<p>La otra caracter\u00edstica es la totalidad, que ha sido siempre una imagen del poder y hoy aparece bajo el signo negativo. \u201cEs parad\u00f3jico. Nos vemos como un todo cuando nos damos cuando de que ese todo est\u00e1 amenazado\u201d. \u201cNo tenemos una imagen m\u00e1s viva que cuando sabemos el peligro\u201d. Es el primer momento en que podemos imaginar al conjunto de los seres bajo el signo de su destrucci\u00f3n total y a nosotros como elemento de su destrucci\u00f3n.<\/p>\n<p><a href=\"https:\/\/fcmanrique.org\/wp-content\/uploads\/fc-manrique-conferencia-marina-garces1.jpg\"><img loading=\"lazy\" decoding=\"async\" class=\"alignnone size-full wp-image-21301\" src=\"https:\/\/fcmanrique.org\/wp-content\/uploads\/fc-manrique-conferencia-marina-garces1.jpg\" alt=\"\" width=\"920\" height=\"616\" srcset=\"https:\/\/fcmanrique.org\/wp-content\/uploads\/fc-manrique-conferencia-marina-garces1.jpg 920w, https:\/\/fcmanrique.org\/wp-content\/uploads\/fc-manrique-conferencia-marina-garces1-300x201.jpg 300w, https:\/\/fcmanrique.org\/wp-content\/uploads\/fc-manrique-conferencia-marina-garces1-768x514.jpg 768w, https:\/\/fcmanrique.org\/wp-content\/uploads\/fc-manrique-conferencia-marina-garces1-289x194.jpg 289w\" sizes=\"auto, (max-width: 920px) 100vw, 920px\" \/><\/a><\/p>\n<p>Partiendo de aqu\u00ed, Garc\u00e9s plantea no tanto qu\u00e9 hacer, sino c\u00f3mo estar ah\u00ed, c\u00f3mo estar en esta experiencia contempor\u00e1nea del l\u00edmite sin ser presa del dominio a trav\u00e9s de nuestros miedos. No hay nada m\u00e1s \u00fatil para el poder que el miedo y no es casualidad que se hable tanto de esto desde lo apocal\u00edptico. \u00bfC\u00f3mo estar sin dejarnos dominar por el miedo? Por el miedo o tambi\u00e9n por las industrias de la salvaci\u00f3n, por los nuevos mercaderes de soluciones comprables, que pueden aparecer bajo muchas formas. Y tambi\u00e9n: c\u00f3mo estar ah\u00ed sin caer en la tentaci\u00f3n de responder imponiendo l\u00edmites. Poner l\u00edmites, contener, regular, es necesario como t\u00e1ctica, pero \u201cm\u00e1s que imponer l\u00edmites, la tarea de nuestro tiempo es aprender que somos finitos\u201d, reaprendernos finitos. Este mundo es finito y nosotros tambi\u00e9n. Estamos olvidando que cada uno de nosotros somos finitos, somos mortales, y esa pulsi\u00f3n de ir m\u00e1s all\u00e1, de permanencia, es parte de lo insoportable de nuestra finitud, porque muere todo aquello que generamos. La cultura, y nosotros mismos, se ha preocupado de acoger esta afirmaci\u00f3n o de negarla, pero \u201caprender la finitud pasa por aprender a vivir con lo que somos y tambi\u00e9n con lo que no sabemos de nosotros mismos\u201d.<\/p>\n<p><a href=\"https:\/\/fcmanrique.org\/wp-content\/uploads\/fc-manrique-conferencia-marina-garces2.jpg\"><img loading=\"lazy\" decoding=\"async\" class=\"alignnone size-full wp-image-21302\" src=\"https:\/\/fcmanrique.org\/wp-content\/uploads\/fc-manrique-conferencia-marina-garces2.jpg\" alt=\"\" width=\"920\" height=\"601\" srcset=\"https:\/\/fcmanrique.org\/wp-content\/uploads\/fc-manrique-conferencia-marina-garces2.jpg 920w, https:\/\/fcmanrique.org\/wp-content\/uploads\/fc-manrique-conferencia-marina-garces2-300x196.jpg 300w, https:\/\/fcmanrique.org\/wp-content\/uploads\/fc-manrique-conferencia-marina-garces2-768x502.jpg 768w, https:\/\/fcmanrique.org\/wp-content\/uploads\/fc-manrique-conferencia-marina-garces2-289x189.jpg 289w\" sizes=\"auto, (max-width: 920px) 100vw, 920px\" \/><\/a><\/p>\n<p>Por eso, se\u00f1ala Garc\u00e9s, quiz\u00e1 cuando se hable de decrecimiento \u201cdebamos pensar en aprender a vivir desde nuestra finitud\u201d, desde las posibilidades que nos abre el hecho de estar ah\u00ed sin estar dominados por el miedo sino desde una finitud que nos libre de esos miedos y, por tanto, que nos libere tambi\u00e9n de cualquier forma de poder que se est\u00e9 imponiendo en esta industria del apocalipsis.<\/p>\n<p><a href=\"https:\/\/fcmanrique.org\/wp-content\/uploads\/fc-manrique-conferencia-marina-garces.pdf\">M\u00e1s informaci\u00f3n sobre la conferencia de Marina Garc\u00e9s<\/a><\/p>\n<p><a href=\"https:\/\/fcmanrique.org\/fcm-video\/conferencia-marina-garces-28-de-noviembre\/?lang=es\">Acceder al v\u00eddeo de la conferencia<\/a><\/p>\n<p><a href=\"https:\/\/fcmanrique.org\/wp-content\/uploads\/fc-manrique-invitacion-marina-garces.jpg\"><img loading=\"lazy\" decoding=\"async\" class=\"alignnone size-full wp-image-21295\" src=\"https:\/\/fcmanrique.org\/wp-content\/uploads\/fc-manrique-invitacion-marina-garces.jpg\" alt=\"\" width=\"1200\" height=\"1200\" srcset=\"https:\/\/fcmanrique.org\/wp-content\/uploads\/fc-manrique-invitacion-marina-garces.jpg 1200w, https:\/\/fcmanrique.org\/wp-content\/uploads\/fc-manrique-invitacion-marina-garces-150x150.jpg 150w, https:\/\/fcmanrique.org\/wp-content\/uploads\/fc-manrique-invitacion-marina-garces-300x300.jpg 300w, https:\/\/fcmanrique.org\/wp-content\/uploads\/fc-manrique-invitacion-marina-garces-768x768.jpg 768w, https:\/\/fcmanrique.org\/wp-content\/uploads\/fc-manrique-invitacion-marina-garces-1024x1024.jpg 1024w, https:\/\/fcmanrique.org\/wp-content\/uploads\/fc-manrique-invitacion-marina-garces-246x246.jpg 246w\" sizes=\"auto, (max-width: 1200px) 100vw, 1200px\" \/><\/a><\/p>","protected":false},"excerpt":{"rendered":"<p>Leider ist der Eintrag nur auf ES verf\u00fcgbar.En 1995 Ram\u00f3n Margalef dio una conferencia en la Fundaci\u00f3n C\u00e9sar Manrique en la que expuso un dibujo donde se ve al mundo con tres miradas: la contemplaci\u00f3n del propio mundo, la contemplaci\u00f3n de la contemplaci\u00f3n y la cr\u00edtica de esta \u00faltima. Con ese mismo dibujo, el d\u00eda&#8230; <a href=\"https:\/\/fcmanrique.org\/de\/fcm-c-acti-celebrada\/marina-garces\/\" class=\"readmore\">Contin\u00faa leyendo \u2192<\/a><\/p>\n","protected":false},"featured_media":21300,"parent":0,"template":"","meta":{"_acf_changed":false,"ngg_post_thumbnail":0,"footnotes":""},"class_list":["post-21294","fcm_c_acti_celebrada","type-fcm_c_acti_celebrada","status-publish","has-post-thumbnail","hentry","c_acti_celebrada_categoria-conferencia"],"acf":[],"_links":{"self":[{"href":"https:\/\/fcmanrique.org\/de\/wp-json\/wp\/v2\/fcm_c_acti_celebrada\/21294","targetHints":{"allow":["GET"]}}],"collection":[{"href":"https:\/\/fcmanrique.org\/de\/wp-json\/wp\/v2\/fcm_c_acti_celebrada"}],"about":[{"href":"https:\/\/fcmanrique.org\/de\/wp-json\/wp\/v2\/types\/fcm_c_acti_celebrada"}],"version-history":[{"count":4,"href":"https:\/\/fcmanrique.org\/de\/wp-json\/wp\/v2\/fcm_c_acti_celebrada\/21294\/revisions"}],"predecessor-version":[{"id":21309,"href":"https:\/\/fcmanrique.org\/de\/wp-json\/wp\/v2\/fcm_c_acti_celebrada\/21294\/revisions\/21309"}],"wp:featuredmedia":[{"embeddable":true,"href":"https:\/\/fcmanrique.org\/de\/wp-json\/wp\/v2\/media\/21300"}],"wp:attachment":[{"href":"https:\/\/fcmanrique.org\/de\/wp-json\/wp\/v2\/media?parent=21294"}],"curies":[{"name":"wp","href":"https:\/\/api.w.org\/{rel}","templated":true}]}}

Marina Garcés: “Más que imponer límites, la tarea de nuestro tiempo es aprender que somos finitos”

<p class="qtranxs-available-languages-message qtranxs-available-languages-message-de">Leider ist der Eintrag nur auf <a href="https://fcmanrique.org/es/wp-json/wp/v2/fcm_c_acti_celebrada/21294" class="qtranxs-available-language-link qtranxs-available-language-link-es" title="ES">ES</a> verfügbar.</p><p>En 1995 Ramón Margalef dio una conferencia en la Fundación César Manrique en la que expuso un dibujo donde se ve al mundo con tres miradas: la contemplación del propio mundo, la contemplación de la contemplación y la crítica de esta última. Con ese mismo dibujo, el día 28 de noviembre, comenzó Marina Garcés su conferencia <i>La experiencia del límite. Desafíos del mundo contemporáneo</i>, y reveló que cada año, desde hace diecisiete, pasa una temporada en la Isla con su familia y que este mismo año, en el que Margalef también hubiera cumplido cien años, participó en una mesa redonda con el hijo de Margalef en la que él expuso ese mismo dibujo que le sirvió como punto de partida: el de la filosofía como forma de construir un punto de vista.</p>
<p><a href="https://fcmanrique.org/wp-content/uploads/fc-manrique-conferencia-marina-garces3.jpg"><img loading="lazy" decoding="async" class="alignnone size-full wp-image-21303" src="https://fcmanrique.org/wp-content/uploads/fc-manrique-conferencia-marina-garces3.jpg" alt="" width="920" height="645" srcset="https://fcmanrique.org/wp-content/uploads/fc-manrique-conferencia-marina-garces3.jpg 920w, https://fcmanrique.org/wp-content/uploads/fc-manrique-conferencia-marina-garces3-300x210.jpg 300w, https://fcmanrique.org/wp-content/uploads/fc-manrique-conferencia-marina-garces3-768x538.jpg 768w, https://fcmanrique.org/wp-content/uploads/fc-manrique-conferencia-marina-garces3-289x203.jpg 289w" sizes="auto, (max-width: 920px) 100vw, 920px" /></a></p>
<p>Para Garcés, este tiempo contemporáneo se define por la percepción del límite. La modernidad (que es producción, expansión y transgresión) tiene una pulsión, que es la de ir siempre más allá. Ese más allá empieza a temblar, entra en crisis y surge la pregunta de hasta dónde podemos ir y respecto a qué. “Hoy ya percibimos el límite no como algo a asaltar sino como una amenaza”. Vemos antes la catástrofe que el avance y esa sombra es la que gira el sentido del límite. Se invierte la experiencia de la modernidad y aparecen límites planetarios, civilizatorios e históricos. También se habla de límites de la especie y se va vinculando la extinción de otras especies a nuestra propia extinción.</p>
<p>Otros límites son los de las capacidades humanas. Uno de los planteamientos de la inteligencia artificial es el de algo “que nos va a poner más allá de nosotros mismos”. Las ficciones pueden acabar dirigiendo la manera de sostener nuestras preguntas y podemos llegar a dejar en manos de la inteligencia artificial algunas decisiones importantes, sobre la guerra o sobre el cuidado de los mayores. “¿Qué pasará cuando todos los límites los pongamos en manos de una inteligencia artificial porque consideremos que es más capaz de decidir que nosotros mismos?”, se pregunta Garcés.</p>
<p><a href="https://fcmanrique.org/wp-content/uploads/fc-manrique-conferencia-marina-garces4.jpg"><img loading="lazy" decoding="async" class="alignnone size-full wp-image-21304" src="https://fcmanrique.org/wp-content/uploads/fc-manrique-conferencia-marina-garces4.jpg" alt="" width="920" height="616" srcset="https://fcmanrique.org/wp-content/uploads/fc-manrique-conferencia-marina-garces4.jpg 920w, https://fcmanrique.org/wp-content/uploads/fc-manrique-conferencia-marina-garces4-300x201.jpg 300w, https://fcmanrique.org/wp-content/uploads/fc-manrique-conferencia-marina-garces4-768x514.jpg 768w, https://fcmanrique.org/wp-content/uploads/fc-manrique-conferencia-marina-garces4-289x194.jpg 289w" sizes="auto, (max-width: 920px) 100vw, 920px" /></a></p>
<p>Todos los límites, en definitiva, ya sean planetarios, civilizatorios, de la especie o de las capacidades humanas, aparecen como amenaza o para hacerse cargo de lo que no sabemos cómo tratar. Estamos, por tanto en un más allá defensivo que nos pone en una situación de una experiencia del límite distinta a la que conocíamos y que tiene dos características esenciales. La primera es la irreversibilidad. Hablamos de que el futuro ya se nos ha ido de las manos, que estamos en un punto de no retorno en el cambio climático. Ese argumento de la irreversibilidad se sitúa por encima de la experiencia histórica, que se desprende de la acción de algún sujeto. Llega esa irreversibilidad bajo la forma de una condena. Garcés citó a Svetlana Alexiévich (autora de &#8222;Voces de Chernóbil&#8220;), que asegura que este no es el tiempo en que ocurren las catástrofes, sino que se trata de la catástrofe del tiempo. El tiempo rompe el sentido de la historia y se rompe la posibilidad de dar un sentido al mañana.</p>
<p>La otra característica es la totalidad, que ha sido siempre una imagen del poder y hoy aparece bajo el signo negativo. “Es paradójico. Nos vemos como un todo cuando nos damos cuando de que ese todo está amenazado”. “No tenemos una imagen más viva que cuando sabemos el peligro”. Es el primer momento en que podemos imaginar al conjunto de los seres bajo el signo de su destrucción total y a nosotros como elemento de su destrucción.</p>
<p><a href="https://fcmanrique.org/wp-content/uploads/fc-manrique-conferencia-marina-garces1.jpg"><img loading="lazy" decoding="async" class="alignnone size-full wp-image-21301" src="https://fcmanrique.org/wp-content/uploads/fc-manrique-conferencia-marina-garces1.jpg" alt="" width="920" height="616" srcset="https://fcmanrique.org/wp-content/uploads/fc-manrique-conferencia-marina-garces1.jpg 920w, https://fcmanrique.org/wp-content/uploads/fc-manrique-conferencia-marina-garces1-300x201.jpg 300w, https://fcmanrique.org/wp-content/uploads/fc-manrique-conferencia-marina-garces1-768x514.jpg 768w, https://fcmanrique.org/wp-content/uploads/fc-manrique-conferencia-marina-garces1-289x194.jpg 289w" sizes="auto, (max-width: 920px) 100vw, 920px" /></a></p>
<p>Partiendo de aquí, Garcés plantea no tanto qué hacer, sino cómo estar ahí, cómo estar en esta experiencia contemporánea del límite sin ser presa del dominio a través de nuestros miedos. No hay nada más útil para el poder que el miedo y no es casualidad que se hable tanto de esto desde lo apocalíptico. ¿Cómo estar sin dejarnos dominar por el miedo? Por el miedo o también por las industrias de la salvación, por los nuevos mercaderes de soluciones comprables, que pueden aparecer bajo muchas formas. Y también: cómo estar ahí sin caer en la tentación de responder imponiendo límites. Poner límites, contener, regular, es necesario como táctica, pero “más que imponer límites, la tarea de nuestro tiempo es aprender que somos finitos”, reaprendernos finitos. Este mundo es finito y nosotros también. Estamos olvidando que cada uno de nosotros somos finitos, somos mortales, y esa pulsión de ir más allá, de permanencia, es parte de lo insoportable de nuestra finitud, porque muere todo aquello que generamos. La cultura, y nosotros mismos, se ha preocupado de acoger esta afirmación o de negarla, pero “aprender la finitud pasa por aprender a vivir con lo que somos y también con lo que no sabemos de nosotros mismos”.</p>
<p><a href="https://fcmanrique.org/wp-content/uploads/fc-manrique-conferencia-marina-garces2.jpg"><img loading="lazy" decoding="async" class="alignnone size-full wp-image-21302" src="https://fcmanrique.org/wp-content/uploads/fc-manrique-conferencia-marina-garces2.jpg" alt="" width="920" height="601" srcset="https://fcmanrique.org/wp-content/uploads/fc-manrique-conferencia-marina-garces2.jpg 920w, https://fcmanrique.org/wp-content/uploads/fc-manrique-conferencia-marina-garces2-300x196.jpg 300w, https://fcmanrique.org/wp-content/uploads/fc-manrique-conferencia-marina-garces2-768x502.jpg 768w, https://fcmanrique.org/wp-content/uploads/fc-manrique-conferencia-marina-garces2-289x189.jpg 289w" sizes="auto, (max-width: 920px) 100vw, 920px" /></a></p>
<p>Por eso, señala Garcés, quizá cuando se hable de decrecimiento “debamos pensar en aprender a vivir desde nuestra finitud”, desde las posibilidades que nos abre el hecho de estar ahí sin estar dominados por el miedo sino desde una finitud que nos libre de esos miedos y, por tanto, que nos libere también de cualquier forma de poder que se esté imponiendo en esta industria del apocalipsis.</p>
<p><a href="https://fcmanrique.org/wp-content/uploads/fc-manrique-conferencia-marina-garces.pdf">Más información sobre la conferencia de Marina Garcés</a></p>
<p><a href="https://fcmanrique.org/fcm-video/conferencia-marina-garces-28-de-noviembre/?lang=es">Acceder al vídeo de la conferencia</a></p>
<p><a href="https://fcmanrique.org/wp-content/uploads/fc-manrique-invitacion-marina-garces.jpg"><img loading="lazy" decoding="async" class="alignnone size-full wp-image-21295" src="https://fcmanrique.org/wp-content/uploads/fc-manrique-invitacion-marina-garces.jpg" alt="" width="1200" height="1200" srcset="https://fcmanrique.org/wp-content/uploads/fc-manrique-invitacion-marina-garces.jpg 1200w, https://fcmanrique.org/wp-content/uploads/fc-manrique-invitacion-marina-garces-150x150.jpg 150w, https://fcmanrique.org/wp-content/uploads/fc-manrique-invitacion-marina-garces-300x300.jpg 300w, https://fcmanrique.org/wp-content/uploads/fc-manrique-invitacion-marina-garces-768x768.jpg 768w, https://fcmanrique.org/wp-content/uploads/fc-manrique-invitacion-marina-garces-1024x1024.jpg 1024w, https://fcmanrique.org/wp-content/uploads/fc-manrique-invitacion-marina-garces-246x246.jpg 246w" sizes="auto, (max-width: 1200px) 100vw, 1200px" /></a></p>

<p>Leider ist der Eintrag nur auf ES verfügbar.En 1995 Ramón Margalef dio una conferencia en la Fundación César Manrique en la que expuso un dibujo donde se ve al mundo con tres miradas: la contemplación del propio mundo, la contemplación de la contemplación y la crítica de esta última. Con ese mismo dibujo, el día&#8230; <a href="https://fcmanrique.org/de/fcm-c-acti-celebrada/marina-garces/" class="readmore">Continúa leyendo →</a></p>
