{"id":21441,"date":"2019-12-13T15:45:20","date_gmt":"2019-12-13T15:45:20","guid":{"rendered":"https:\/\/fcmanrique.org\/?post_type=fcm_c_acti_celebrada&#038;p=21441"},"modified":"2019-12-17T09:59:52","modified_gmt":"2019-12-17T09:59:52","slug":"saber-de-isla-tercer-dia","status":"publish","type":"fcm_c_acti_celebrada","link":"https:\/\/fcmanrique.org\/de\/fcm-c-acti-celebrada\/saber-de-isla-tercer-dia\/","title":{"rendered":"Saber de Isla (III): pl\u00e1sticos en el mar y esgrafiados en las paredes"},"content":{"rendered":"<p class=\"qtranxs-available-languages-message qtranxs-available-languages-message-de\">Leider ist der Eintrag nur auf <a href=\"https:\/\/fcmanrique.org\/es\/wp-json\/wp\/v2\/fcm_c_acti_celebrada\/21441\" class=\"qtranxs-available-language-link qtranxs-available-language-link-es\" title=\"ES\">ES<\/a> verf\u00fcgbar.<\/p><p><\/p>\n<p class=\"Textbody\">Alicia Herrera pertenece al Grupo de investigaci\u00f3n en ecofisiolog\u00eda de organismos marinos de la Universidad de Las Palmas de Gran Canaria y el d\u00eda 12 de diciembre ofreci\u00f3 la conferencia <i>Evaluaci\u00f3n de micropl\u00e1sticos y contaminantes qu\u00edmicos asociados en Lanzarote y las Islas Canarias<\/i>. Es un problema global porque la producci\u00f3n de pl\u00e1stico se ha disparado en los \u00faltimos cincuenta a\u00f1os y de seguir as\u00ed, en 2050 habr\u00e1 en el mar m\u00e1s toneladas de basura que de peces. En el mar acaban cada a\u00f1o unos ocho millones de toneladas, que se acumulan principalmente en los cinco \u201cgiros oce\u00e1nicos\u201d [corrientes marinas rotativas: Atl\u00e1ntico Norte, Atl\u00e1ntico Sur, Oc\u00e9ano \u00cdndico, Pac\u00edfico Norte y Pac\u00edfico Sur]. El pl\u00e1stico que vemos es solo \u201cla punta del iceberg\u201d.<\/p>\n<p><a href=\"https:\/\/fcmanrique.org\/wp-content\/uploads\/fc-manrique-saber-de-isla-tercer-dia3.jpg\"><img loading=\"lazy\" decoding=\"async\" class=\"alignnone size-full wp-image-21444\" src=\"https:\/\/fcmanrique.org\/wp-content\/uploads\/fc-manrique-saber-de-isla-tercer-dia3.jpg\" alt=\"\" width=\"920\" height=\"560\" srcset=\"https:\/\/fcmanrique.org\/wp-content\/uploads\/fc-manrique-saber-de-isla-tercer-dia3.jpg 920w, https:\/\/fcmanrique.org\/wp-content\/uploads\/fc-manrique-saber-de-isla-tercer-dia3-300x183.jpg 300w, https:\/\/fcmanrique.org\/wp-content\/uploads\/fc-manrique-saber-de-isla-tercer-dia3-768x467.jpg 768w, https:\/\/fcmanrique.org\/wp-content\/uploads\/fc-manrique-saber-de-isla-tercer-dia3-289x176.jpg 289w\" sizes=\"auto, (max-width: 920px) 100vw, 920px\" \/><\/a><em>Alicia Herrera<\/em><\/p>\n<p class=\"Textbody\">Los micropl\u00e1sticos son piezas menores de cinco mil\u00edmetros. Pueden ser pellets (utilizados para la fabricaci\u00f3n de objetos de pl\u00e1stico), peque\u00f1as unidades, o fragmentos de otros m\u00e1s grandes. Los micropl\u00e1sticos retienen en su superficie contaminantes, que se bioacumulan (a lo largo de la vida de un organismo) y se biomagnifican (m\u00e1s cantidad cuanto m\u00e1s alto est\u00e1 en la cadena tr\u00f3fica). Sus efectos en los organismos vivos no est\u00e1n claros. Herrera trabaj\u00f3 en el Proyecto Microtrofic, que investig\u00f3 d\u00f3nde se acumulan, en qu\u00e9 periodos o sus efectos, a partir de muestras tomadas en tres playas: la del \u00c1mbar en La Graciosa, Famara en Lanzarote y Las Canteras en Gran Canaria. En las tres encontraron niveles altos, aunque con diferencias localizadas. En la superficie del mar, el valor m\u00e1ximo lo encontraron, puntualmente, en La Graciosa aunque en Las Canteras los resultados son m\u00e1s constantes.<\/p>\n<p class=\"Textbody\">Tambi\u00e9n analizaron el contenido gastrointestinal de 120 caballas compradas en las cofrad\u00edas de las tres islas. El 78 por ciento de ellas ten\u00edan micropl\u00e1sticos, sobre todo fibras sint\u00e9ticas, pero tambi\u00e9n pintura, redes o bolsas de pl\u00e1stico. Las fibras pueden llegar por los emisarios de aguas residuales. En Lanzarote hay 31 puntos que emiten a menos de diez kil\u00f3metros de la costa y est\u00e1n en situaci\u00f3n irregular. Considera que hay que hacer estudios espec\u00edficos sobre estos emisarios y prohibir verter aguas sin tratamiento. En cuanto a los contaminantes qu\u00edmicos asociados a los pl\u00e1sticos, han detectado 81 tipos de contaminantes diferentes, y aun as\u00ed \u201ces m\u00e1s importante la cantidad que el n\u00famero\u201d. Canarias sigue estando expuesta al DDT a pesar de que se prohibi\u00f3 su uso en 1978. Tambi\u00e9n se detectan efectos negativos por el uso de cremas solares. La principal reflexi\u00f3n, y soluci\u00f3n, es la necesidad de reducir el consumo.<\/p>\n<p class=\"Textbody\"><b>La piel de la arquitectura<\/b><\/p>\n<p class=\"Textbody\">Manuel Perdomo cerr\u00f3 el curso con su ponencia <i>La piel oculta de la arquitectura<\/i>. Comenz\u00f3 haciendo preguntas al aire: \u00bfEst\u00e1 todo dicho sobre la arquitectura insular? \u00bfY si las cosas no son como creemos que son? \u201cNos hemos pasado la vida pensando que los edificios son de una manera y a lo mejor son de otra que nos puede sorprender\u201d. Perdomo habl\u00f3 principalmente del esgrafiado, una t\u00e9cnica decorativa sobre la piedra, en la fachada, que se populariza en Europa en el siglo XVI pero que ya se utilizaba en Espa\u00f1a desde el siglo XII.<\/p>\n<p><a href=\"https:\/\/fcmanrique.org\/wp-content\/uploads\/fc-manrique-saber-de-isla-tercer-dia2.jpg\"><img loading=\"lazy\" decoding=\"async\" class=\"alignnone size-full wp-image-21443\" src=\"https:\/\/fcmanrique.org\/wp-content\/uploads\/fc-manrique-saber-de-isla-tercer-dia2.jpg\" alt=\"\" width=\"920\" height=\"616\" srcset=\"https:\/\/fcmanrique.org\/wp-content\/uploads\/fc-manrique-saber-de-isla-tercer-dia2.jpg 920w, https:\/\/fcmanrique.org\/wp-content\/uploads\/fc-manrique-saber-de-isla-tercer-dia2-300x201.jpg 300w, https:\/\/fcmanrique.org\/wp-content\/uploads\/fc-manrique-saber-de-isla-tercer-dia2-768x514.jpg 768w, https:\/\/fcmanrique.org\/wp-content\/uploads\/fc-manrique-saber-de-isla-tercer-dia2-289x194.jpg 289w\" sizes=\"auto, (max-width: 920px) 100vw, 920px\" \/><\/a> <em>Manuel Perdomo<\/em><\/p>\n<p>En las islas hay esgrafiado, que se centra sobre todo en reproducir falsos sillares en las esquinas de los edificios. En Lanzarote abundan pero no se han tenido en cuenta porque se pint\u00f3 sobre ellos y se taparon. Se blanquearon las casas en el siglo XIX, probablemente porque el color evolucionaba mal. Hab\u00eda esgrafiados (y los hay bajo la pintura) en la Casa de la Cultura, en la Librer\u00eda Lasso y en numerosas casas de Arrecife y de toda la Isla. \u201cEn Har\u00eda es muy importante, dar\u00eda una gran sorpresa si limpiaran las fachadas y los dejaran ver\u201d. Tambi\u00e9n los hay en molinos, en la iglesia de San Bartolom\u00e9, en la de San Roque en Tinajo o en la parte posterior de la de San Gin\u00e9s.<\/p>\n<p>En Teguise, se\u00f1al\u00f3 Perdomo, \u201cun d\u00eda un alcalde decidi\u00f3 arrancar la piel a los edificios de la Villa\u201d y dejar que se viera la piedra que estaba oculta en las esquinas; esquinas recubiertas con esgrafiados. Esas casas de La Villa de Teguise, seg\u00fan Perdomo, \u201cest\u00e1n enfermas, se mueren por las esquinas\u201d, por haber sacado al exterior la piedra. Considera que es un error de concepto mientras que el esgrafiado es un \u201celemento atractivo notable\u201d. \u201cTenemos una historia que no nos merecemos\u201d. Adem\u00e1s, en Teguise est\u00e1 proliferando la carpinter\u00eda en color negro cuando nunca ha sido negra. S\u00ed verde o gris pero nunca negra. Respecto al color que hab\u00eda en las casas, hay gran variedad y cree que ser\u00eda important\u00edsimo recuperar ese cromatismo. El color se incorpora en el siglo XX. Antes, la Isla estaba llena de edificios bru\u00f1idos en blanco con esgrafiado en las esquinas.<\/p>\n<p>Propuso el reto de elaborar un repertorio de esgrafiados de la Isla, quiz\u00e1 para empezar a leer Lanzarote en otra clave, y para ver los edificios como rehabilitaci\u00f3n y no como restauraci\u00f3n. \u201cProcede hacer una revisi\u00f3n de la imagen de la arquitectura insular\u201d. Termin\u00f3 hablando de que la Ley de patrimonio debe de estar orientada a proteger, no a dar aprovechamiento urban\u00edstico y la actual Ley no mejora a la anterior, de 1999. \u201cHay art\u00edculos hechos para los empresarios de la construcci\u00f3n\u201d. \u201cLos conjuntos hist\u00f3ricos de Canarias corren peligro porque la Ley se perpetr\u00f3 con fines espurios y en la Villa se podr\u00edan hacer segundas y terceras plantas\u201d, concluy\u00f3.<\/p>\n<p><a href=\"https:\/\/fcmanrique.org\/wp-content\/uploads\/fc-manrique-saber-de-isla-tercer-dia1.jpg\"><img loading=\"lazy\" decoding=\"async\" class=\"alignnone size-full wp-image-21442\" src=\"https:\/\/fcmanrique.org\/wp-content\/uploads\/fc-manrique-saber-de-isla-tercer-dia1.jpg\" alt=\"\" width=\"920\" height=\"613\" srcset=\"https:\/\/fcmanrique.org\/wp-content\/uploads\/fc-manrique-saber-de-isla-tercer-dia1.jpg 920w, https:\/\/fcmanrique.org\/wp-content\/uploads\/fc-manrique-saber-de-isla-tercer-dia1-300x200.jpg 300w, https:\/\/fcmanrique.org\/wp-content\/uploads\/fc-manrique-saber-de-isla-tercer-dia1-768x512.jpg 768w, https:\/\/fcmanrique.org\/wp-content\/uploads\/fc-manrique-saber-de-isla-tercer-dia1-289x193.jpg 289w\" sizes=\"auto, (max-width: 920px) 100vw, 920px\" \/><\/a>\u00a0<a href=\"https:\/\/fcmanrique.org\/wp-content\/uploads\/fc-manrique-saber-de-isla-tercer-dia4.jpg\"><img loading=\"lazy\" decoding=\"async\" class=\"alignnone size-full wp-image-21445\" src=\"https:\/\/fcmanrique.org\/wp-content\/uploads\/fc-manrique-saber-de-isla-tercer-dia4.jpg\" alt=\"\" width=\"920\" height=\"592\" srcset=\"https:\/\/fcmanrique.org\/wp-content\/uploads\/fc-manrique-saber-de-isla-tercer-dia4.jpg 920w, https:\/\/fcmanrique.org\/wp-content\/uploads\/fc-manrique-saber-de-isla-tercer-dia4-300x193.jpg 300w, https:\/\/fcmanrique.org\/wp-content\/uploads\/fc-manrique-saber-de-isla-tercer-dia4-768x494.jpg 768w, https:\/\/fcmanrique.org\/wp-content\/uploads\/fc-manrique-saber-de-isla-tercer-dia4-289x186.jpg 289w\" sizes=\"auto, (max-width: 920px) 100vw, 920px\" \/><\/a><\/p>\n<p><a href=\"https:\/\/fcmanrique.org\/wp-content\/uploads\/fc-manrique-saber-de-isla-diptico-portada.jpg\"><img loading=\"lazy\" decoding=\"async\" class=\"alignnone size-full wp-image-21239\" src=\"https:\/\/fcmanrique.org\/wp-content\/uploads\/fc-manrique-saber-de-isla-diptico-portada.jpg\" alt=\"\" width=\"1240\" height=\"1240\" srcset=\"https:\/\/fcmanrique.org\/wp-content\/uploads\/fc-manrique-saber-de-isla-diptico-portada.jpg 1240w, https:\/\/fcmanrique.org\/wp-content\/uploads\/fc-manrique-saber-de-isla-diptico-portada-150x150.jpg 150w, https:\/\/fcmanrique.org\/wp-content\/uploads\/fc-manrique-saber-de-isla-diptico-portada-300x300.jpg 300w, https:\/\/fcmanrique.org\/wp-content\/uploads\/fc-manrique-saber-de-isla-diptico-portada-768x768.jpg 768w, https:\/\/fcmanrique.org\/wp-content\/uploads\/fc-manrique-saber-de-isla-diptico-portada-1024x1024.jpg 1024w, https:\/\/fcmanrique.org\/wp-content\/uploads\/fc-manrique-saber-de-isla-diptico-portada-246x246.jpg 246w\" sizes=\"auto, (max-width: 1240px) 100vw, 1240px\" \/><\/a><\/p>\n<p><a href=\"https:\/\/fcmanrique.org\/wp-content\/uploads\/fc-manrique-curso-saber-de-isla.pdf\">M\u00e1s informaci\u00f3n del curso Saber de Isla<\/a><\/p>\n<p><a href=\"https:\/\/fcmanrique.org\/wp-content\/uploads\/fc-manrique-saber-de-isla-interior-diptico.pdf\">D\u00edptico Curso Saber de Isla (texto interior)<\/a><\/p>\n<p><a href=\"https:\/\/fcmanrique.org\/fcm-video\/curso-saber-de-isla-10-11-y-12-de-diciembre-2-2-2-2-2-2\/?lang=es\">Acceder al v\u00eddeo de las conferencias. Parte 1<\/a><\/p>\n<p><a href=\"https:\/\/fcmanrique.org\/fcm-video\/curso-saber-de-isla-10-11-y-12-de-diciembre-2-2-2-2-2-2-2\/?lang=es\">Acceder al v\u00eddeo de las conferencias. Parte 2<\/a><\/p>","protected":false},"excerpt":{"rendered":"<p>Leider ist der Eintrag nur auf ES verf\u00fcgbar. Alicia Herrera pertenece al Grupo de investigaci\u00f3n en ecofisiolog\u00eda de organismos marinos de la Universidad de Las Palmas de Gran Canaria y el d\u00eda 12 de diciembre ofreci\u00f3 la conferencia Evaluaci\u00f3n de micropl\u00e1sticos y contaminantes qu\u00edmicos asociados en Lanzarote y las Islas Canarias. Es un problema global&#8230; <a href=\"https:\/\/fcmanrique.org\/de\/fcm-c-acti-celebrada\/saber-de-isla-tercer-dia\/\" class=\"readmore\">Contin\u00faa leyendo \u2192<\/a><\/p>\n","protected":false},"featured_media":21447,"parent":0,"template":"","meta":{"_acf_changed":false,"ngg_post_thumbnail":0,"footnotes":""},"class_list":["post-21441","fcm_c_acti_celebrada","type-fcm_c_acti_celebrada","status-publish","has-post-thumbnail","hentry","c_acti_celebrada_categoria-curso"],"acf":[],"_links":{"self":[{"href":"https:\/\/fcmanrique.org\/de\/wp-json\/wp\/v2\/fcm_c_acti_celebrada\/21441","targetHints":{"allow":["GET"]}}],"collection":[{"href":"https:\/\/fcmanrique.org\/de\/wp-json\/wp\/v2\/fcm_c_acti_celebrada"}],"about":[{"href":"https:\/\/fcmanrique.org\/de\/wp-json\/wp\/v2\/types\/fcm_c_acti_celebrada"}],"version-history":[{"count":8,"href":"https:\/\/fcmanrique.org\/de\/wp-json\/wp\/v2\/fcm_c_acti_celebrada\/21441\/revisions"}],"predecessor-version":[{"id":21522,"href":"https:\/\/fcmanrique.org\/de\/wp-json\/wp\/v2\/fcm_c_acti_celebrada\/21441\/revisions\/21522"}],"wp:featuredmedia":[{"embeddable":true,"href":"https:\/\/fcmanrique.org\/de\/wp-json\/wp\/v2\/media\/21447"}],"wp:attachment":[{"href":"https:\/\/fcmanrique.org\/de\/wp-json\/wp\/v2\/media?parent=21441"}],"curies":[{"name":"wp","href":"https:\/\/api.w.org\/{rel}","templated":true}]}}

Saber de Isla (III): plásticos en el mar y esgrafiados en las paredes

<p class="qtranxs-available-languages-message qtranxs-available-languages-message-de">Leider ist der Eintrag nur auf <a href="https://fcmanrique.org/es/wp-json/wp/v2/fcm_c_acti_celebrada/21441" class="qtranxs-available-language-link qtranxs-available-language-link-es" title="ES">ES</a> verfügbar.</p><p></p>
<p class="Textbody">Alicia Herrera pertenece al Grupo de investigación en ecofisiología de organismos marinos de la Universidad de Las Palmas de Gran Canaria y el día 12 de diciembre ofreció la conferencia <i>Evaluación de microplásticos y contaminantes químicos asociados en Lanzarote y las Islas Canarias</i>. Es un problema global porque la producción de plástico se ha disparado en los últimos cincuenta años y de seguir así, en 2050 habrá en el mar más toneladas de basura que de peces. En el mar acaban cada año unos ocho millones de toneladas, que se acumulan principalmente en los cinco “giros oceánicos” [corrientes marinas rotativas: Atlántico Norte, Atlántico Sur, Océano Índico, Pacífico Norte y Pacífico Sur]. El plástico que vemos es solo “la punta del iceberg”.</p>
<p><a href="https://fcmanrique.org/wp-content/uploads/fc-manrique-saber-de-isla-tercer-dia3.jpg"><img loading="lazy" decoding="async" class="alignnone size-full wp-image-21444" src="https://fcmanrique.org/wp-content/uploads/fc-manrique-saber-de-isla-tercer-dia3.jpg" alt="" width="920" height="560" srcset="https://fcmanrique.org/wp-content/uploads/fc-manrique-saber-de-isla-tercer-dia3.jpg 920w, https://fcmanrique.org/wp-content/uploads/fc-manrique-saber-de-isla-tercer-dia3-300x183.jpg 300w, https://fcmanrique.org/wp-content/uploads/fc-manrique-saber-de-isla-tercer-dia3-768x467.jpg 768w, https://fcmanrique.org/wp-content/uploads/fc-manrique-saber-de-isla-tercer-dia3-289x176.jpg 289w" sizes="auto, (max-width: 920px) 100vw, 920px" /></a><em>Alicia Herrera</em></p>
<p class="Textbody">Los microplásticos son piezas menores de cinco milímetros. Pueden ser pellets (utilizados para la fabricación de objetos de plástico), pequeñas unidades, o fragmentos de otros más grandes. Los microplásticos retienen en su superficie contaminantes, que se bioacumulan (a lo largo de la vida de un organismo) y se biomagnifican (más cantidad cuanto más alto está en la cadena trófica). Sus efectos en los organismos vivos no están claros. Herrera trabajó en el Proyecto Microtrofic, que investigó dónde se acumulan, en qué periodos o sus efectos, a partir de muestras tomadas en tres playas: la del Ámbar en La Graciosa, Famara en Lanzarote y Las Canteras en Gran Canaria. En las tres encontraron niveles altos, aunque con diferencias localizadas. En la superficie del mar, el valor máximo lo encontraron, puntualmente, en La Graciosa aunque en Las Canteras los resultados son más constantes.</p>
<p class="Textbody">También analizaron el contenido gastrointestinal de 120 caballas compradas en las cofradías de las tres islas. El 78 por ciento de ellas tenían microplásticos, sobre todo fibras sintéticas, pero también pintura, redes o bolsas de plástico. Las fibras pueden llegar por los emisarios de aguas residuales. En Lanzarote hay 31 puntos que emiten a menos de diez kilómetros de la costa y están en situación irregular. Considera que hay que hacer estudios específicos sobre estos emisarios y prohibir verter aguas sin tratamiento. En cuanto a los contaminantes químicos asociados a los plásticos, han detectado 81 tipos de contaminantes diferentes, y aun así “es más importante la cantidad que el número”. Canarias sigue estando expuesta al DDT a pesar de que se prohibió su uso en 1978. También se detectan efectos negativos por el uso de cremas solares. La principal reflexión, y solución, es la necesidad de reducir el consumo.</p>
<p class="Textbody"><b>La piel de la arquitectura</b></p>
<p class="Textbody">Manuel Perdomo cerró el curso con su ponencia <i>La piel oculta de la arquitectura</i>. Comenzó haciendo preguntas al aire: ¿Está todo dicho sobre la arquitectura insular? ¿Y si las cosas no son como creemos que son? “Nos hemos pasado la vida pensando que los edificios son de una manera y a lo mejor son de otra que nos puede sorprender”. Perdomo habló principalmente del esgrafiado, una técnica decorativa sobre la piedra, en la fachada, que se populariza en Europa en el siglo XVI pero que ya se utilizaba en España desde el siglo XII.</p>
<p><a href="https://fcmanrique.org/wp-content/uploads/fc-manrique-saber-de-isla-tercer-dia2.jpg"><img loading="lazy" decoding="async" class="alignnone size-full wp-image-21443" src="https://fcmanrique.org/wp-content/uploads/fc-manrique-saber-de-isla-tercer-dia2.jpg" alt="" width="920" height="616" srcset="https://fcmanrique.org/wp-content/uploads/fc-manrique-saber-de-isla-tercer-dia2.jpg 920w, https://fcmanrique.org/wp-content/uploads/fc-manrique-saber-de-isla-tercer-dia2-300x201.jpg 300w, https://fcmanrique.org/wp-content/uploads/fc-manrique-saber-de-isla-tercer-dia2-768x514.jpg 768w, https://fcmanrique.org/wp-content/uploads/fc-manrique-saber-de-isla-tercer-dia2-289x194.jpg 289w" sizes="auto, (max-width: 920px) 100vw, 920px" /></a> <em>Manuel Perdomo</em></p>
<p>En las islas hay esgrafiado, que se centra sobre todo en reproducir falsos sillares en las esquinas de los edificios. En Lanzarote abundan pero no se han tenido en cuenta porque se pintó sobre ellos y se taparon. Se blanquearon las casas en el siglo XIX, probablemente porque el color evolucionaba mal. Había esgrafiados (y los hay bajo la pintura) en la Casa de la Cultura, en la Librería Lasso y en numerosas casas de Arrecife y de toda la Isla. “En Haría es muy importante, daría una gran sorpresa si limpiaran las fachadas y los dejaran ver”. También los hay en molinos, en la iglesia de San Bartolomé, en la de San Roque en Tinajo o en la parte posterior de la de San Ginés.</p>
<p>En Teguise, señaló Perdomo, “un día un alcalde decidió arrancar la piel a los edificios de la Villa” y dejar que se viera la piedra que estaba oculta en las esquinas; esquinas recubiertas con esgrafiados. Esas casas de La Villa de Teguise, según Perdomo, “están enfermas, se mueren por las esquinas”, por haber sacado al exterior la piedra. Considera que es un error de concepto mientras que el esgrafiado es un “elemento atractivo notable”. “Tenemos una historia que no nos merecemos”. Además, en Teguise está proliferando la carpintería en color negro cuando nunca ha sido negra. Sí verde o gris pero nunca negra. Respecto al color que había en las casas, hay gran variedad y cree que sería importantísimo recuperar ese cromatismo. El color se incorpora en el siglo XX. Antes, la Isla estaba llena de edificios bruñidos en blanco con esgrafiado en las esquinas.</p>
<p>Propuso el reto de elaborar un repertorio de esgrafiados de la Isla, quizá para empezar a leer Lanzarote en otra clave, y para ver los edificios como rehabilitación y no como restauración. “Procede hacer una revisión de la imagen de la arquitectura insular”. Terminó hablando de que la Ley de patrimonio debe de estar orientada a proteger, no a dar aprovechamiento urbanístico y la actual Ley no mejora a la anterior, de 1999. “Hay artículos hechos para los empresarios de la construcción”. “Los conjuntos históricos de Canarias corren peligro porque la Ley se perpetró con fines espurios y en la Villa se podrían hacer segundas y terceras plantas”, concluyó.</p>
<p><a href="https://fcmanrique.org/wp-content/uploads/fc-manrique-saber-de-isla-tercer-dia1.jpg"><img loading="lazy" decoding="async" class="alignnone size-full wp-image-21442" src="https://fcmanrique.org/wp-content/uploads/fc-manrique-saber-de-isla-tercer-dia1.jpg" alt="" width="920" height="613" srcset="https://fcmanrique.org/wp-content/uploads/fc-manrique-saber-de-isla-tercer-dia1.jpg 920w, https://fcmanrique.org/wp-content/uploads/fc-manrique-saber-de-isla-tercer-dia1-300x200.jpg 300w, https://fcmanrique.org/wp-content/uploads/fc-manrique-saber-de-isla-tercer-dia1-768x512.jpg 768w, https://fcmanrique.org/wp-content/uploads/fc-manrique-saber-de-isla-tercer-dia1-289x193.jpg 289w" sizes="auto, (max-width: 920px) 100vw, 920px" /></a> <a href="https://fcmanrique.org/wp-content/uploads/fc-manrique-saber-de-isla-tercer-dia4.jpg"><img loading="lazy" decoding="async" class="alignnone size-full wp-image-21445" src="https://fcmanrique.org/wp-content/uploads/fc-manrique-saber-de-isla-tercer-dia4.jpg" alt="" width="920" height="592" srcset="https://fcmanrique.org/wp-content/uploads/fc-manrique-saber-de-isla-tercer-dia4.jpg 920w, https://fcmanrique.org/wp-content/uploads/fc-manrique-saber-de-isla-tercer-dia4-300x193.jpg 300w, https://fcmanrique.org/wp-content/uploads/fc-manrique-saber-de-isla-tercer-dia4-768x494.jpg 768w, https://fcmanrique.org/wp-content/uploads/fc-manrique-saber-de-isla-tercer-dia4-289x186.jpg 289w" sizes="auto, (max-width: 920px) 100vw, 920px" /></a></p>
<p><a href="https://fcmanrique.org/wp-content/uploads/fc-manrique-saber-de-isla-diptico-portada.jpg"><img loading="lazy" decoding="async" class="alignnone size-full wp-image-21239" src="https://fcmanrique.org/wp-content/uploads/fc-manrique-saber-de-isla-diptico-portada.jpg" alt="" width="1240" height="1240" srcset="https://fcmanrique.org/wp-content/uploads/fc-manrique-saber-de-isla-diptico-portada.jpg 1240w, https://fcmanrique.org/wp-content/uploads/fc-manrique-saber-de-isla-diptico-portada-150x150.jpg 150w, https://fcmanrique.org/wp-content/uploads/fc-manrique-saber-de-isla-diptico-portada-300x300.jpg 300w, https://fcmanrique.org/wp-content/uploads/fc-manrique-saber-de-isla-diptico-portada-768x768.jpg 768w, https://fcmanrique.org/wp-content/uploads/fc-manrique-saber-de-isla-diptico-portada-1024x1024.jpg 1024w, https://fcmanrique.org/wp-content/uploads/fc-manrique-saber-de-isla-diptico-portada-246x246.jpg 246w" sizes="auto, (max-width: 1240px) 100vw, 1240px" /></a></p>
<p><a href="https://fcmanrique.org/wp-content/uploads/fc-manrique-curso-saber-de-isla.pdf">Más información del curso Saber de Isla</a></p>
<p><a href="https://fcmanrique.org/wp-content/uploads/fc-manrique-saber-de-isla-interior-diptico.pdf">Díptico Curso Saber de Isla (texto interior)</a></p>
<p><a href="https://fcmanrique.org/fcm-video/curso-saber-de-isla-10-11-y-12-de-diciembre-2-2-2-2-2-2/?lang=es">Acceder al vídeo de las conferencias. Parte 1</a></p>
<p><a href="https://fcmanrique.org/fcm-video/curso-saber-de-isla-10-11-y-12-de-diciembre-2-2-2-2-2-2-2/?lang=es">Acceder al vídeo de las conferencias. Parte 2</a></p>

<p>Leider ist der Eintrag nur auf ES verfügbar. Alicia Herrera pertenece al Grupo de investigación en ecofisiología de organismos marinos de la Universidad de Las Palmas de Gran Canaria y el día 12 de diciembre ofreció la conferencia Evaluación de microplásticos y contaminantes químicos asociados en Lanzarote y las Islas Canarias. Es un problema global&#8230; <a href="https://fcmanrique.org/de/fcm-c-acti-celebrada/saber-de-isla-tercer-dia/" class="readmore">Continúa leyendo →</a></p>
