{"id":21907,"date":"2020-01-31T09:06:50","date_gmt":"2020-01-31T09:06:50","guid":{"rendered":"https:\/\/fcmanrique.org\/?post_type=fcm_c_acti_celebrada&#038;p=21907"},"modified":"2020-11-23T15:13:41","modified_gmt":"2020-11-23T15:13:41","slug":"estrella-de-diego","status":"publish","type":"fcm_c_acti_celebrada","link":"https:\/\/fcmanrique.org\/de\/fcm-c-acti-celebrada\/estrella-de-diego\/","title":{"rendered":"C\u00e9sar Manrique y Andy Warhol: dos artistas totales con vidas y estrategias paralelas"},"content":{"rendered":"<p class=\"qtranxs-available-languages-message qtranxs-available-languages-message-de\">Leider ist der Eintrag nur auf <a href=\"https:\/\/fcmanrique.org\/es\/wp-json\/wp\/v2\/fcm_c_acti_celebrada\/21907\" class=\"qtranxs-available-language-link qtranxs-available-language-link-es\" title=\"ES\">ES<\/a> verf\u00fcgbar.<\/p><p>Actividad desarrollada con una subvenci\u00f3n del Gobierno de Canarias.<br \/>\n<img loading=\"lazy\" decoding=\"async\" class=\"size-full wp-image-22274 alignnone\" src=\"https:\/\/fcmanrique.org\/wp-content\/uploads\/logo-gobierno-canarias.png\" alt=\"\" width=\"181\" height=\"91\"><\/p>\n<p>\u201cEs el momento de reivindicar algo distinto sobre C\u00e9sar Manrique\u201d. La ensayista Estrella de Diego considera que hay artistas como Manrique, Warhol o Dal\u00ed que no tuvieron el reconocimiento que merec\u00edan o que fueron puestos bajo sospecha por su \u00e9xito o sus relaciones sociales.<\/p>\n<p>Durante gran parte de su conferencia, el d\u00eda 30 de enero, <i>A prop\u00f3sito del \u00e9xito. C\u00e9sar Manrique agitador cultural<\/i>, incluida en el ciclo <i>C\u00e9sar Manrique y sus contextos<\/i>, De Diego traz\u00f3 un paralelismo ente Andy Warhol y C\u00e9sar Manrique, ambos \u201cartistas totales\u201d y que se construyeron a s\u00ed mismos como personajes y como parte de sus performances. Si Lanzarote es el estudio de C\u00e9sar, Nueva York es el de Warhol. Adem\u00e1s, a los dos \u201clo de fuera no les es suficiente y crean espacios para ser habitados, tienen que adue\u00f1arse de algo\u201d. Ambos tambi\u00e9n son etn\u00f3grafos. C\u00e9sar, a partir de objetos vern\u00e1culos como la cer\u00e1mica y Andy con objetos de consumo, como una lata de sopa. Uno se apropia de lo aut\u00f3ctono, de lo isle\u00f1o, y el otro de objetos comunes.<\/p>\n<p><a href=\"https:\/\/fcmanrique.org\/wp-content\/uploads\/fc-manrique-conferencia-estrella-de-diego1.jpg\"><img loading=\"lazy\" decoding=\"async\" class=\"alignnone size-full wp-image-21908\" src=\"https:\/\/fcmanrique.org\/wp-content\/uploads\/fc-manrique-conferencia-estrella-de-diego1.jpg\" alt=\"\" width=\"920\" height=\"637\" srcset=\"https:\/\/fcmanrique.org\/wp-content\/uploads\/fc-manrique-conferencia-estrella-de-diego1.jpg 920w, https:\/\/fcmanrique.org\/wp-content\/uploads\/fc-manrique-conferencia-estrella-de-diego1-300x208.jpg 300w, https:\/\/fcmanrique.org\/wp-content\/uploads\/fc-manrique-conferencia-estrella-de-diego1-768x532.jpg 768w, https:\/\/fcmanrique.org\/wp-content\/uploads\/fc-manrique-conferencia-estrella-de-diego1-289x200.jpg 289w\" sizes=\"auto, (max-width: 920px) 100vw, 920px\" \/><\/a><em>Estrella de Diego<\/em><\/p>\n<p>Se presentan ambos como personajes de un set cinematogr\u00e1fico. Para C\u00e9sar es toda la Isla y para Warhol The Factory. Todo el que era alguien o quer\u00eda serlo pasaba por la Factory en Nueva York, mientras que en Madrid esa funci\u00f3n la cumpl\u00edan en los a\u00f1os 50 y 60 las casas de C\u00e9sar, sobre todo la de la calle Covarrubias, y en Lanzarote el Taro de Tah\u00edche. Los dos estaban muy bien relacionados y trabajaban su red de contactos.<\/p>\n<p>En los dos artistas \u201cnada es inocente\u201d. Construyen sus personajes y, aunque se lleguen a presentar incluso como personajes fr\u00edvolos, se trata de una estrategia de camuflaje, de ocultaci\u00f3n. Los dos son artistas de estrategia, \u201cuno es el m\u00e1s <i>cool<\/i> y el otro es el m\u00e1s vern\u00e1culo\u201d, se\u00f1al\u00f3 Estrella de Diego, que considera que su \u00e9xito eclips\u00f3 sus propuestas radicales. A los dos artistas tambi\u00e9n les une el uso de s\u00edmbolos para llegar a una cultura popular. \u201cModifican la manera de entender el arte y tienen vidas y estrategias paralelas\u201d.<\/p>\n<p>Tanto uno como otro utilizan objetos que no estaban pensados inicialmente para ser obras de arte, ambos realizan escaparates y los dos hacen series. En el caso de Warhol son evidentes y en el de C\u00e9sar son una forma de reformular su propia obra. Otra coincidencia es que ambos dejaron bastante obra escrita. Los dos son, en el fondo, artistas pol\u00edticos. C\u00e9sar por su influencia social en la Isla y Warhol es \u201carchipol\u00edtico\u201d pero se tiene que camuflar para no presentarse as\u00ed. Ninguno de los dos es complaciente con el poder.<a href=\"https:\/\/fcmanrique.org\/wp-content\/uploads\/fc-manrique-conferencia-estrella-de-diego2.jpg\"><br \/>\n<img loading=\"lazy\" decoding=\"async\" class=\"size-large wp-image-21909 alignleft\" src=\"https:\/\/fcmanrique.org\/wp-content\/uploads\/fc-manrique-conferencia-estrella-de-diego2.jpg\" alt=\"\" width=\"920\" height=\"631\" srcset=\"https:\/\/fcmanrique.org\/wp-content\/uploads\/fc-manrique-conferencia-estrella-de-diego2.jpg 920w, https:\/\/fcmanrique.org\/wp-content\/uploads\/fc-manrique-conferencia-estrella-de-diego2-300x206.jpg 300w, https:\/\/fcmanrique.org\/wp-content\/uploads\/fc-manrique-conferencia-estrella-de-diego2-768x527.jpg 768w, https:\/\/fcmanrique.org\/wp-content\/uploads\/fc-manrique-conferencia-estrella-de-diego2-289x198.jpg 289w\" sizes=\"auto, (max-width: 920px) 100vw, 920px\" \/><\/a>En la segunda parte de la conferencia, Estrella de Diego habl\u00f3 sobre el contexto de los artistas espa\u00f1oles durante el franquismo, que \u201cfue terrible pero pasaron cosas interesantes\u201d para algunos de ellos, que ten\u00edan que utilizar, en cualquier caso, maniobras de camuflaje. C\u00e9sar conoci\u00f3 a Rockefeller a trav\u00e9s de Luis Gonz\u00e1lez Robles, pero tambi\u00e9n entr\u00f3 en contacto con Alberto Greco, que junto con Millares o Saura crean una reformulaci\u00f3n del mundo del arte. Ten\u00edan \u201cplanes a gran escala\u201d. Las fiestas en casa de C\u00e9sar, seg\u00fan la conferenciante, eran en realidad actos sociales de agitaci\u00f3n cultural. \u201cSi no pasa nada fuera, que pase dentro\u201d, algo parecido a lo que hac\u00eda The Factory en Nueva York. A C\u00e9sar y Warhol, \u201cllam\u00e1ndolos artistas nos quedamos cortos\u201d. Sus casas eran sitios donde ocurr\u00eda la vanguardia. \u201cSu casa de Madrid fue un ensayo general para lo que va a hacer en Lanzarote\u201d.<\/p>\n<p>C\u00e9sar siempre est\u00e1 situado \u201cen los lugares de lo intermedio\u201d, en la paradoja. Como Lidia Cabrera, autora cubana, que hace etnograf\u00eda cuando parece que hace literatura, y al contrario, C\u00e9sar entiende que puede ser etn\u00f3grafo de una manera m\u00e1s libre. \u201cNo necesita contar la verdad\u201d. Y as\u00ed, cuando parece que hace arquitectura, est\u00e1 haciendo otra cosa. C\u00e9sar tiene un plan de revisi\u00f3n de lo local y su \u00faltima investigaci\u00f3n es la Isla, en la que siempre piensa cuando est\u00e1 lejos. \u201cSi Marilyn es en realidad el retrato de Warhol, el Jard\u00edn de cactus es el retrato de C\u00e9sar\u201d. \u201cEs un artista convertido en etn\u00f3grafo, el etn\u00f3grafo convertido en ecologista y ambos en un personaje\u201d.<\/p>\n<p><a href=\"https:\/\/fcmanrique.org\/wp-content\/uploads\/fc-manrique-conferencia-estrella-de-diego3.jpg\"><img loading=\"lazy\" decoding=\"async\" class=\"alignnone size-full wp-image-21910\" src=\"https:\/\/fcmanrique.org\/wp-content\/uploads\/fc-manrique-conferencia-estrella-de-diego3.jpg\" alt=\"\" width=\"920\" height=\"561\" srcset=\"https:\/\/fcmanrique.org\/wp-content\/uploads\/fc-manrique-conferencia-estrella-de-diego3.jpg 920w, https:\/\/fcmanrique.org\/wp-content\/uploads\/fc-manrique-conferencia-estrella-de-diego3-300x183.jpg 300w, https:\/\/fcmanrique.org\/wp-content\/uploads\/fc-manrique-conferencia-estrella-de-diego3-768x468.jpg 768w, https:\/\/fcmanrique.org\/wp-content\/uploads\/fc-manrique-conferencia-estrella-de-diego3-289x176.jpg 289w\" sizes=\"auto, (max-width: 920px) 100vw, 920px\" \/><\/a><\/p>\n<p><a href=\"https:\/\/fcmanrique.org\/wp-content\/uploads\/fc-manrique-invitacion-estrella-de-diego.jpg\"><img loading=\"lazy\" decoding=\"async\" class=\"alignnone size-full wp-image-21879\" src=\"https:\/\/fcmanrique.org\/wp-content\/uploads\/fc-manrique-invitacion-estrella-de-diego.jpg\" alt=\"\" width=\"1200\" height=\"1200\" srcset=\"https:\/\/fcmanrique.org\/wp-content\/uploads\/fc-manrique-invitacion-estrella-de-diego.jpg 1200w, https:\/\/fcmanrique.org\/wp-content\/uploads\/fc-manrique-invitacion-estrella-de-diego-300x300.jpg 300w, https:\/\/fcmanrique.org\/wp-content\/uploads\/fc-manrique-invitacion-estrella-de-diego-1024x1024.jpg 1024w, https:\/\/fcmanrique.org\/wp-content\/uploads\/fc-manrique-invitacion-estrella-de-diego-150x150.jpg 150w, https:\/\/fcmanrique.org\/wp-content\/uploads\/fc-manrique-invitacion-estrella-de-diego-768x768.jpg 768w, https:\/\/fcmanrique.org\/wp-content\/uploads\/fc-manrique-invitacion-estrella-de-diego-246x246.jpg 246w\" sizes=\"auto, (max-width: 1200px) 100vw, 1200px\" \/><\/a><\/p>\n<p><a href=\"https:\/\/fcmanrique.org\/wp-content\/uploads\/fc-manrique-conferencia-estrella-de-diego.pdf\">M\u00e1s informaci\u00f3n sobre la conferencia de Estrella de Diego<\/a><\/p>\n<p><a href=\"https:\/\/fcmanrique.org\/fcm-video\/conferencia-estrella-de-diego-a-proposito-del-exito-cesar-manrique-agitador-cultural-30-enero\/?lang=es\">Acceder al v\u00eddeo de la conferencia<\/a><\/p>","protected":false},"excerpt":{"rendered":"<p>Leider ist der Eintrag nur auf ES verf\u00fcgbar.Actividad desarrollada con una subvenci\u00f3n del Gobierno de Canarias. \u201cEs el momento de reivindicar algo distinto sobre C\u00e9sar Manrique\u201d. La ensayista Estrella de Diego considera que hay artistas como Manrique, Warhol o Dal\u00ed que no tuvieron el reconocimiento que merec\u00edan o que fueron puestos bajo sospecha por su&#8230; <a href=\"https:\/\/fcmanrique.org\/de\/fcm-c-acti-celebrada\/estrella-de-diego\/\" class=\"readmore\">Contin\u00faa leyendo \u2192<\/a><\/p>\n","protected":false},"featured_media":21911,"parent":0,"template":"","meta":{"_acf_changed":false,"ngg_post_thumbnail":0,"footnotes":""},"class_list":["post-21907","fcm_c_acti_celebrada","type-fcm_c_acti_celebrada","status-publish","has-post-thumbnail","hentry","c_acti_celebrada_categoria-conferencia"],"acf":[],"_links":{"self":[{"href":"https:\/\/fcmanrique.org\/de\/wp-json\/wp\/v2\/fcm_c_acti_celebrada\/21907","targetHints":{"allow":["GET"]}}],"collection":[{"href":"https:\/\/fcmanrique.org\/de\/wp-json\/wp\/v2\/fcm_c_acti_celebrada"}],"about":[{"href":"https:\/\/fcmanrique.org\/de\/wp-json\/wp\/v2\/types\/fcm_c_acti_celebrada"}],"version-history":[{"count":7,"href":"https:\/\/fcmanrique.org\/de\/wp-json\/wp\/v2\/fcm_c_acti_celebrada\/21907\/revisions"}],"predecessor-version":[{"id":22304,"href":"https:\/\/fcmanrique.org\/de\/wp-json\/wp\/v2\/fcm_c_acti_celebrada\/21907\/revisions\/22304"}],"wp:featuredmedia":[{"embeddable":true,"href":"https:\/\/fcmanrique.org\/de\/wp-json\/wp\/v2\/media\/21911"}],"wp:attachment":[{"href":"https:\/\/fcmanrique.org\/de\/wp-json\/wp\/v2\/media?parent=21907"}],"curies":[{"name":"wp","href":"https:\/\/api.w.org\/{rel}","templated":true}]}}

César Manrique y Andy Warhol: dos artistas totales con vidas y estrategias paralelas

<p class="qtranxs-available-languages-message qtranxs-available-languages-message-de">Leider ist der Eintrag nur auf <a href="https://fcmanrique.org/es/wp-json/wp/v2/fcm_c_acti_celebrada/21907" class="qtranxs-available-language-link qtranxs-available-language-link-es" title="ES">ES</a> verfügbar.</p><p>Actividad desarrollada con una subvención del Gobierno de Canarias.<br />
<img loading="lazy" decoding="async" class="size-full wp-image-22274 alignnone" src="https://fcmanrique.org/wp-content/uploads/logo-gobierno-canarias.png" alt="" width="181" height="91"></p>
<p>“Es el momento de reivindicar algo distinto sobre César Manrique”. La ensayista Estrella de Diego considera que hay artistas como Manrique, Warhol o Dalí que no tuvieron el reconocimiento que merecían o que fueron puestos bajo sospecha por su éxito o sus relaciones sociales.</p>
<p>Durante gran parte de su conferencia, el día 30 de enero, <i>A propósito del éxito. César Manrique agitador cultural</i>, incluida en el ciclo <i>César Manrique y sus contextos</i>, De Diego trazó un paralelismo ente Andy Warhol y César Manrique, ambos “artistas totales” y que se construyeron a sí mismos como personajes y como parte de sus performances. Si Lanzarote es el estudio de César, Nueva York es el de Warhol. Además, a los dos “lo de fuera no les es suficiente y crean espacios para ser habitados, tienen que adueñarse de algo”. Ambos también son etnógrafos. César, a partir de objetos vernáculos como la cerámica y Andy con objetos de consumo, como una lata de sopa. Uno se apropia de lo autóctono, de lo isleño, y el otro de objetos comunes.</p>
<p><a href="https://fcmanrique.org/wp-content/uploads/fc-manrique-conferencia-estrella-de-diego1.jpg"><img loading="lazy" decoding="async" class="alignnone size-full wp-image-21908" src="https://fcmanrique.org/wp-content/uploads/fc-manrique-conferencia-estrella-de-diego1.jpg" alt="" width="920" height="637" srcset="https://fcmanrique.org/wp-content/uploads/fc-manrique-conferencia-estrella-de-diego1.jpg 920w, https://fcmanrique.org/wp-content/uploads/fc-manrique-conferencia-estrella-de-diego1-300x208.jpg 300w, https://fcmanrique.org/wp-content/uploads/fc-manrique-conferencia-estrella-de-diego1-768x532.jpg 768w, https://fcmanrique.org/wp-content/uploads/fc-manrique-conferencia-estrella-de-diego1-289x200.jpg 289w" sizes="auto, (max-width: 920px) 100vw, 920px" /></a><em>Estrella de Diego</em></p>
<p>Se presentan ambos como personajes de un set cinematográfico. Para César es toda la Isla y para Warhol The Factory. Todo el que era alguien o quería serlo pasaba por la Factory en Nueva York, mientras que en Madrid esa función la cumplían en los años 50 y 60 las casas de César, sobre todo la de la calle Covarrubias, y en Lanzarote el Taro de Tahíche. Los dos estaban muy bien relacionados y trabajaban su red de contactos.</p>
<p>En los dos artistas “nada es inocente”. Construyen sus personajes y, aunque se lleguen a presentar incluso como personajes frívolos, se trata de una estrategia de camuflaje, de ocultación. Los dos son artistas de estrategia, “uno es el más <i>cool</i> y el otro es el más vernáculo”, señaló Estrella de Diego, que considera que su éxito eclipsó sus propuestas radicales. A los dos artistas también les une el uso de símbolos para llegar a una cultura popular. “Modifican la manera de entender el arte y tienen vidas y estrategias paralelas”.</p>
<p>Tanto uno como otro utilizan objetos que no estaban pensados inicialmente para ser obras de arte, ambos realizan escaparates y los dos hacen series. En el caso de Warhol son evidentes y en el de César son una forma de reformular su propia obra. Otra coincidencia es que ambos dejaron bastante obra escrita. Los dos son, en el fondo, artistas políticos. César por su influencia social en la Isla y Warhol es “archipolítico” pero se tiene que camuflar para no presentarse así. Ninguno de los dos es complaciente con el poder.<a href="https://fcmanrique.org/wp-content/uploads/fc-manrique-conferencia-estrella-de-diego2.jpg"><br />
<img loading="lazy" decoding="async" class="size-large wp-image-21909 alignleft" src="https://fcmanrique.org/wp-content/uploads/fc-manrique-conferencia-estrella-de-diego2.jpg" alt="" width="920" height="631" srcset="https://fcmanrique.org/wp-content/uploads/fc-manrique-conferencia-estrella-de-diego2.jpg 920w, https://fcmanrique.org/wp-content/uploads/fc-manrique-conferencia-estrella-de-diego2-300x206.jpg 300w, https://fcmanrique.org/wp-content/uploads/fc-manrique-conferencia-estrella-de-diego2-768x527.jpg 768w, https://fcmanrique.org/wp-content/uploads/fc-manrique-conferencia-estrella-de-diego2-289x198.jpg 289w" sizes="auto, (max-width: 920px) 100vw, 920px" /></a>En la segunda parte de la conferencia, Estrella de Diego habló sobre el contexto de los artistas españoles durante el franquismo, que “fue terrible pero pasaron cosas interesantes” para algunos de ellos, que tenían que utilizar, en cualquier caso, maniobras de camuflaje. César conoció a Rockefeller a través de Luis González Robles, pero también entró en contacto con Alberto Greco, que junto con Millares o Saura crean una reformulación del mundo del arte. Tenían “planes a gran escala”. Las fiestas en casa de César, según la conferenciante, eran en realidad actos sociales de agitación cultural. “Si no pasa nada fuera, que pase dentro”, algo parecido a lo que hacía The Factory en Nueva York. A César y Warhol, “llamándolos artistas nos quedamos cortos”. Sus casas eran sitios donde ocurría la vanguardia. “Su casa de Madrid fue un ensayo general para lo que va a hacer en Lanzarote”.</p>
<p>César siempre está situado “en los lugares de lo intermedio”, en la paradoja. Como Lidia Cabrera, autora cubana, que hace etnografía cuando parece que hace literatura, y al contrario, César entiende que puede ser etnógrafo de una manera más libre. “No necesita contar la verdad”. Y así, cuando parece que hace arquitectura, está haciendo otra cosa. César tiene un plan de revisión de lo local y su última investigación es la Isla, en la que siempre piensa cuando está lejos. “Si Marilyn es en realidad el retrato de Warhol, el Jardín de cactus es el retrato de César”. “Es un artista convertido en etnógrafo, el etnógrafo convertido en ecologista y ambos en un personaje”.</p>
<p><a href="https://fcmanrique.org/wp-content/uploads/fc-manrique-conferencia-estrella-de-diego3.jpg"><img loading="lazy" decoding="async" class="alignnone size-full wp-image-21910" src="https://fcmanrique.org/wp-content/uploads/fc-manrique-conferencia-estrella-de-diego3.jpg" alt="" width="920" height="561" srcset="https://fcmanrique.org/wp-content/uploads/fc-manrique-conferencia-estrella-de-diego3.jpg 920w, https://fcmanrique.org/wp-content/uploads/fc-manrique-conferencia-estrella-de-diego3-300x183.jpg 300w, https://fcmanrique.org/wp-content/uploads/fc-manrique-conferencia-estrella-de-diego3-768x468.jpg 768w, https://fcmanrique.org/wp-content/uploads/fc-manrique-conferencia-estrella-de-diego3-289x176.jpg 289w" sizes="auto, (max-width: 920px) 100vw, 920px" /></a></p>
<p><a href="https://fcmanrique.org/wp-content/uploads/fc-manrique-invitacion-estrella-de-diego.jpg"><img loading="lazy" decoding="async" class="alignnone size-full wp-image-21879" src="https://fcmanrique.org/wp-content/uploads/fc-manrique-invitacion-estrella-de-diego.jpg" alt="" width="1200" height="1200" srcset="https://fcmanrique.org/wp-content/uploads/fc-manrique-invitacion-estrella-de-diego.jpg 1200w, https://fcmanrique.org/wp-content/uploads/fc-manrique-invitacion-estrella-de-diego-300x300.jpg 300w, https://fcmanrique.org/wp-content/uploads/fc-manrique-invitacion-estrella-de-diego-1024x1024.jpg 1024w, https://fcmanrique.org/wp-content/uploads/fc-manrique-invitacion-estrella-de-diego-150x150.jpg 150w, https://fcmanrique.org/wp-content/uploads/fc-manrique-invitacion-estrella-de-diego-768x768.jpg 768w, https://fcmanrique.org/wp-content/uploads/fc-manrique-invitacion-estrella-de-diego-246x246.jpg 246w" sizes="auto, (max-width: 1200px) 100vw, 1200px" /></a></p>
<p><a href="https://fcmanrique.org/wp-content/uploads/fc-manrique-conferencia-estrella-de-diego.pdf">Más información sobre la conferencia de Estrella de Diego</a></p>
<p><a href="https://fcmanrique.org/fcm-video/conferencia-estrella-de-diego-a-proposito-del-exito-cesar-manrique-agitador-cultural-30-enero/?lang=es">Acceder al vídeo de la conferencia</a></p>

<p>Leider ist der Eintrag nur auf ES verfügbar.Actividad desarrollada con una subvención del Gobierno de Canarias. “Es el momento de reivindicar algo distinto sobre César Manrique”. La ensayista Estrella de Diego considera que hay artistas como Manrique, Warhol o Dalí que no tuvieron el reconocimiento que merecían o que fueron puestos bajo sospecha por su&#8230; <a href="https://fcmanrique.org/de/fcm-c-acti-celebrada/estrella-de-diego/" class="readmore">Continúa leyendo →</a></p>
