{"id":21203,"date":"2020-01-16T09:33:40","date_gmt":"2020-01-16T09:33:40","guid":{"rendered":"https:\/\/fcmanrique.org\/?post_type=fcm_c_agenda&#038;p=21203"},"modified":"2020-03-12T12:13:35","modified_gmt":"2020-03-12T12:13:35","slug":"conferencia-de-german-diaz","status":"publish","type":"fcm_c_agenda","link":"https:\/\/fcmanrique.org\/de\/fcm-c-agenda\/conferencia-de-german-diaz\/","title":{"rendered":"CANCELADO Conferencia de G. D\u00edaz CANCELADO"},"content":{"rendered":"<p class=\"qtranxs-available-languages-message qtranxs-available-languages-message-de\">Leider ist der Eintrag nur auf <a href=\"https:\/\/fcmanrique.org\/es\/wp-json\/wp\/v2\/fcm_c_agenda\/21203\" class=\"qtranxs-available-language-link qtranxs-available-language-link-es\" title=\"ES\">ES<\/a> verf\u00fcgbar.<\/p><p><em>La zanfona en la pen\u00ednsula ib\u00e9rica. Mil a\u00f1os de historia<\/em><\/p>\n<p>ACTIVIDAD CANCELADA<\/p>","protected":false},"parent":0,"template":"","meta":{"_acf_changed":false,"ngg_post_thumbnail":0,"footnotes":""},"class_list":["post-21203","fcm_c_agenda","type-fcm_c_agenda","status-publish","hentry","c_agenda_categoria-conferencia"],"acf":[],"_links":{"self":[{"href":"https:\/\/fcmanrique.org\/de\/wp-json\/wp\/v2\/fcm_c_agenda\/21203","targetHints":{"allow":["GET"]}}],"collection":[{"href":"https:\/\/fcmanrique.org\/de\/wp-json\/wp\/v2\/fcm_c_agenda"}],"about":[{"href":"https:\/\/fcmanrique.org\/de\/wp-json\/wp\/v2\/types\/fcm_c_agenda"}],"version-history":[{"count":4,"href":"https:\/\/fcmanrique.org\/de\/wp-json\/wp\/v2\/fcm_c_agenda\/21203\/revisions"}],"predecessor-version":[{"id":22152,"href":"https:\/\/fcmanrique.org\/de\/wp-json\/wp\/v2\/fcm_c_agenda\/21203\/revisions\/22152"}],"wp:attachment":[{"href":"https:\/\/fcmanrique.org\/de\/wp-json\/wp\/v2\/media?parent=21203"}],"curies":[{"name":"wp","href":"https:\/\/api.w.org\/{rel}","templated":true}]}}

CANCELADO Conferencia de G. Díaz CANCELADO

<p class="qtranxs-available-languages-message qtranxs-available-languages-message-de">Leider ist der Eintrag nur auf <a href="https://fcmanrique.org/es/wp-json/wp/v2/fcm_c_agenda/21203" class="qtranxs-available-language-link qtranxs-available-language-link-es" title="ES">ES</a> verfügbar.</p><p><em>La zanfona en la península ibérica. Mil años de historia</em></p>
<p>ACTIVIDAD CANCELADA</p>
