{"id":22122,"date":"2020-03-10T14:30:39","date_gmt":"2020-03-10T14:30:39","guid":{"rendered":"https:\/\/fcmanrique.org\/?post_type=fcm_c_agenda&#038;p=22122"},"modified":"2020-03-13T13:22:26","modified_gmt":"2020-03-13T13:22:26","slug":"concurso-saber-de-cesar","status":"publish","type":"fcm_c_agenda","link":"https:\/\/fcmanrique.org\/de\/fcm-c-agenda\/concurso-saber-de-cesar\/","title":{"rendered":"CANCELADO Concurso &#8222;Saber de C\u00e9sar&#8220; CANCELADO"},"content":{"rendered":"<p class=\"qtranxs-available-languages-message qtranxs-available-languages-message-de\">Leider ist der Eintrag nur auf <a href=\"https:\/\/fcmanrique.org\/es\/wp-json\/wp\/v2\/fcm_c_agenda\/22122\" class=\"qtranxs-available-language-link qtranxs-available-language-link-es\" title=\"ES\">ES<\/a> verf\u00fcgbar.<\/p><p><strong>CANCELADO EL CONCURSO ESCOLAR &#8222;SABER DE C\u00c9SAR&#8220;<\/strong><\/p>\n<p>Concurso dirigido a alumnos de ense\u00f1anza secundaria sobre el universo Manrique. Emitido por BiosferaTV tres veces por semana, entre marzo y abril de este a\u00f1o.<\/p>\n<p><strong>\u201cSaber de C\u00e9sar\u201d se estrenar\u00e1 el viernes 13 de marzo, a las 20:00 horas, en Biosfera TV<\/strong>. El programa, que est\u00e1 dirigido por el periodista Jaime Puig, se emitir\u00e1 tres veces por semana y se publicar\u00e1 en biosferadigital.com tras su emisi\u00f3n.<\/p>\n<p>Esta iniciativa nace de un acuerdo suscrito entre la Fundaci\u00f3n C\u00e9sar Manrique y dicho grupo de comunicaci\u00f3n con el objetivo de colaborar en la difusi\u00f3n de la figura y la obra del artista, a prop\u00f3sito del Centenario de su nacimiento. Adem\u00e1s de divulgar el legado de Manrique, \u201cSaber de C\u00e9sar\u201d tambi\u00e9n pretende ser un est\u00edmulo para que la comunidad educativa lanzarote\u00f1a profundice en el conocimiento de la herencia que dej\u00f3 nuestro artista, pionero en la integraci\u00f3n de las artes.<\/p>\n<p>Los contenidos del concurso a los que se tendr\u00e1n que enfrentar los concursantes han sido elaborados por un equipo de docentes, y supervisados por la FCM. Los equipos deber\u00e1n ser capaces de responder a preguntas y resolver pruebas relacionadas con la vida, la obra, el pensamiento y el contexto de C\u00e9sar Manrique.<\/p>\n<p>\u201cSaber de C\u00e9sar\u201d est\u00e1 patrocinado por el&nbsp;Cabildo de Lanzarote, Cabrera Medina y los Centros de Arte, Cultura y Turismo.<\/p>\n<p><a href=\"https:\/\/fcmanrique.org\/wp-content\/uploads\/fc-manrique-concurso-saber-de-cesar.pdf\">M\u00e1s informaci\u00f3n sobre el Concurso. Participantes. Premios<\/a><\/p>\n<p><a href=\"https:\/\/fcmanrique.org\/wp-content\/uploads\/Logo-SABER-DE-C\u00c9SAR.jpg\"><img loading=\"lazy\" decoding=\"async\" class=\"alignnone size-full wp-image-22125\" src=\"https:\/\/fcmanrique.org\/wp-content\/uploads\/Logo-SABER-DE-C\u00c9SAR.jpg\" alt=\"\" width=\"928\" height=\"624\" srcset=\"https:\/\/fcmanrique.org\/wp-content\/uploads\/Logo-SABER-DE-C\u00c9SAR.jpg 928w, https:\/\/fcmanrique.org\/wp-content\/uploads\/Logo-SABER-DE-C\u00c9SAR-300x202.jpg 300w, https:\/\/fcmanrique.org\/wp-content\/uploads\/Logo-SABER-DE-C\u00c9SAR-768x516.jpg 768w, https:\/\/fcmanrique.org\/wp-content\/uploads\/Logo-SABER-DE-C\u00c9SAR-289x194.jpg 289w\" sizes=\"auto, (max-width: 928px) 100vw, 928px\" \/><\/a><\/p>","protected":false},"parent":0,"template":"","meta":{"_acf_changed":false,"ngg_post_thumbnail":0,"footnotes":""},"class_list":["post-22122","fcm_c_agenda","type-fcm_c_agenda","status-publish","hentry","c_agenda_categoria-concurso"],"acf":[],"_links":{"self":[{"href":"https:\/\/fcmanrique.org\/de\/wp-json\/wp\/v2\/fcm_c_agenda\/22122","targetHints":{"allow":["GET"]}}],"collection":[{"href":"https:\/\/fcmanrique.org\/de\/wp-json\/wp\/v2\/fcm_c_agenda"}],"about":[{"href":"https:\/\/fcmanrique.org\/de\/wp-json\/wp\/v2\/types\/fcm_c_agenda"}],"version-history":[{"count":7,"href":"https:\/\/fcmanrique.org\/de\/wp-json\/wp\/v2\/fcm_c_agenda\/22122\/revisions"}],"predecessor-version":[{"id":22164,"href":"https:\/\/fcmanrique.org\/de\/wp-json\/wp\/v2\/fcm_c_agenda\/22122\/revisions\/22164"}],"wp:attachment":[{"href":"https:\/\/fcmanrique.org\/de\/wp-json\/wp\/v2\/media?parent=22122"}],"curies":[{"name":"wp","href":"https:\/\/api.w.org\/{rel}","templated":true}]}}

CANCELADO Concurso &#8222;Saber de César&#8220; CANCELADO

<p class="qtranxs-available-languages-message qtranxs-available-languages-message-de">Leider ist der Eintrag nur auf <a href="https://fcmanrique.org/es/wp-json/wp/v2/fcm_c_agenda/22122" class="qtranxs-available-language-link qtranxs-available-language-link-es" title="ES">ES</a> verfügbar.</p><p><strong>CANCELADO EL CONCURSO ESCOLAR &#8222;SABER DE CÉSAR&#8220;</strong></p>
<p>Concurso dirigido a alumnos de enseñanza secundaria sobre el universo Manrique. Emitido por BiosferaTV tres veces por semana, entre marzo y abril de este año.</p>
<p><strong>“Saber de César” se estrenará el viernes 13 de marzo, a las 20:00 horas, en Biosfera TV</strong>. El programa, que está dirigido por el periodista Jaime Puig, se emitirá tres veces por semana y se publicará en biosferadigital.com tras su emisión.</p>
<p>Esta iniciativa nace de un acuerdo suscrito entre la Fundación César Manrique y dicho grupo de comunicación con el objetivo de colaborar en la difusión de la figura y la obra del artista, a propósito del Centenario de su nacimiento. Además de divulgar el legado de Manrique, “Saber de César” también pretende ser un estímulo para que la comunidad educativa lanzaroteña profundice en el conocimiento de la herencia que dejó nuestro artista, pionero en la integración de las artes.</p>
<p>Los contenidos del concurso a los que se tendrán que enfrentar los concursantes han sido elaborados por un equipo de docentes, y supervisados por la FCM. Los equipos deberán ser capaces de responder a preguntas y resolver pruebas relacionadas con la vida, la obra, el pensamiento y el contexto de César Manrique.</p>
<p>“Saber de César” está patrocinado por el&nbsp;Cabildo de Lanzarote, Cabrera Medina y los Centros de Arte, Cultura y Turismo.</p>
<p><a href="https://fcmanrique.org/wp-content/uploads/fc-manrique-concurso-saber-de-cesar.pdf">Más información sobre el Concurso. Participantes. Premios</a></p>
<p><a href="https://fcmanrique.org/wp-content/uploads/Logo-SABER-DE-CÉSAR.jpg"><img loading="lazy" decoding="async" class="alignnone size-full wp-image-22125" src="https://fcmanrique.org/wp-content/uploads/Logo-SABER-DE-CÉSAR.jpg" alt="" width="928" height="624" srcset="https://fcmanrique.org/wp-content/uploads/Logo-SABER-DE-CÉSAR.jpg 928w, https://fcmanrique.org/wp-content/uploads/Logo-SABER-DE-CÉSAR-300x202.jpg 300w, https://fcmanrique.org/wp-content/uploads/Logo-SABER-DE-CÉSAR-768x516.jpg 768w, https://fcmanrique.org/wp-content/uploads/Logo-SABER-DE-CÉSAR-289x194.jpg 289w" sizes="auto, (max-width: 928px) 100vw, 928px" /></a></p>
