{"id":18392,"date":"2019-04-15T12:03:59","date_gmt":"2019-04-15T12:03:59","guid":{"rendered":"https:\/\/fcmanrique.org\/?post_type=fcm_c_ev_relac&#038;p=18392"},"modified":"2019-04-17T09:11:15","modified_gmt":"2019-04-17T09:11:15","slug":"cesar-manrique-premio-observatorio-del-paisaje-de-gran-canaria","status":"publish","type":"fcm_c_ev_relac","link":"https:\/\/fcmanrique.org\/de\/fcm-c-ev-relac\/cesar-manrique-premio-observatorio-del-paisaje-de-gran-canaria\/","title":{"rendered":"C\u00e9sar Manrique, premio Observatorio del Paisaje de G.C."},"content":{"rendered":"<p class=\"qtranxs-available-languages-message qtranxs-available-languages-message-de\">Leider ist der Eintrag nur auf <a href=\"https:\/\/fcmanrique.org\/es\/wp-json\/wp\/v2\/fcm_c_ev_relac\/18392\" class=\"qtranxs-available-language-link qtranxs-available-language-link-es\" title=\"ES\">ES<\/a> verf\u00fcgbar.<\/p><p>El 14 de marzo, C\u00e9sar Manrique recibi\u00f3, a t\u00edtulo p\u00f3stumo, el Premio Observatorio del Paisaje de Gran Canaria 2019. Un acto celebrado en el Auditorio Alfredo Kraus y en el marco de las IV Jornadas del Paisaje de Gran Canaria. Junto a Manrique han sido galardonados el arquitecto e Hijo Predilecto de Gran Canaria Faustino Garc\u00eda, el Ayuntamiento de Tejeda y la Bodega Los Berrazales de Agaete. La Federaci\u00f3n Ecologista Ben Magec ha obtenido una menci\u00f3n especial.<\/p>\n<p>Las distinciones son concedidas por su contribuci\u00f3n a la defensa y protecci\u00f3n de los paisajes de la Isla. El jurado considera que &#8222;el pintor, escultor, paisajista y ecologista C\u00e9sar Manrique debe recibir a t\u00edtulo p\u00f3stumo el Premio en la categor\u00eda a una personalidad, por su acci\u00f3n a favor de las artes y el paisaje, en homenaje por la celebraci\u00f3n del primer centenario de su nacimiento y por su influencia en el paisaje de Lanzarote, al respetar el estilo tradicional arquitect\u00f3nico, adem\u00e1s de por la difusi\u00f3n de la cultura y el arte de Canarias, y por su defensa del medio ambiente&#8220;.<\/p>","protected":false},"excerpt":{"rendered":"<p>Leider ist der Eintrag nur auf ES verf\u00fcgbar.El 14 de marzo, C\u00e9sar Manrique recibi\u00f3, a t\u00edtulo p\u00f3stumo, el Premio Observatorio del Paisaje de Gran Canaria 2019. Un acto celebrado en el Auditorio Alfredo Kraus y en el marco de las IV Jornadas del Paisaje de Gran Canaria. Junto a Manrique han sido galardonados el arquitecto&#8230; <a href=\"https:\/\/fcmanrique.org\/de\/fcm-c-ev-relac\/cesar-manrique-premio-observatorio-del-paisaje-de-gran-canaria\/\" class=\"readmore\">Contin\u00faa leyendo \u2192<\/a><\/p>\n","protected":false},"featured_media":18580,"parent":0,"template":"","meta":{"_acf_changed":false,"ngg_post_thumbnail":0,"footnotes":""},"class_list":["post-18392","fcm_c_ev_relac","type-fcm_c_ev_relac","status-publish","has-post-thumbnail","hentry","c_ev_relac_categoria-reconocimiento"],"acf":[],"_links":{"self":[{"href":"https:\/\/fcmanrique.org\/de\/wp-json\/wp\/v2\/fcm_c_ev_relac\/18392","targetHints":{"allow":["GET"]}}],"collection":[{"href":"https:\/\/fcmanrique.org\/de\/wp-json\/wp\/v2\/fcm_c_ev_relac"}],"about":[{"href":"https:\/\/fcmanrique.org\/de\/wp-json\/wp\/v2\/types\/fcm_c_ev_relac"}],"version-history":[{"count":4,"href":"https:\/\/fcmanrique.org\/de\/wp-json\/wp\/v2\/fcm_c_ev_relac\/18392\/revisions"}],"predecessor-version":[{"id":18418,"href":"https:\/\/fcmanrique.org\/de\/wp-json\/wp\/v2\/fcm_c_ev_relac\/18392\/revisions\/18418"}],"wp:featuredmedia":[{"embeddable":true,"href":"https:\/\/fcmanrique.org\/de\/wp-json\/wp\/v2\/media\/18580"}],"wp:attachment":[{"href":"https:\/\/fcmanrique.org\/de\/wp-json\/wp\/v2\/media?parent=18392"}],"curies":[{"name":"wp","href":"https:\/\/api.w.org\/{rel}","templated":true}]}}

César Manrique, premio Observatorio del Paisaje de G.C.

<p class="qtranxs-available-languages-message qtranxs-available-languages-message-de">Leider ist der Eintrag nur auf <a href="https://fcmanrique.org/es/wp-json/wp/v2/fcm_c_ev_relac/18392" class="qtranxs-available-language-link qtranxs-available-language-link-es" title="ES">ES</a> verfügbar.</p><p>El 14 de marzo, César Manrique recibió, a título póstumo, el Premio Observatorio del Paisaje de Gran Canaria 2019. Un acto celebrado en el Auditorio Alfredo Kraus y en el marco de las IV Jornadas del Paisaje de Gran Canaria. Junto a Manrique han sido galardonados el arquitecto e Hijo Predilecto de Gran Canaria Faustino García, el Ayuntamiento de Tejeda y la Bodega Los Berrazales de Agaete. La Federación Ecologista Ben Magec ha obtenido una mención especial.</p>
<p>Las distinciones son concedidas por su contribución a la defensa y protección de los paisajes de la Isla. El jurado considera que &#8222;el pintor, escultor, paisajista y ecologista César Manrique debe recibir a título póstumo el Premio en la categoría a una personalidad, por su acción a favor de las artes y el paisaje, en homenaje por la celebración del primer centenario de su nacimiento y por su influencia en el paisaje de Lanzarote, al respetar el estilo tradicional arquitectónico, además de por la difusión de la cultura y el arte de Canarias, y por su defensa del medio ambiente&#8220;.</p>

<p>Leider ist der Eintrag nur auf ES verfügbar.El 14 de marzo, César Manrique recibió, a título póstumo, el Premio Observatorio del Paisaje de Gran Canaria 2019. Un acto celebrado en el Auditorio Alfredo Kraus y en el marco de las IV Jornadas del Paisaje de Gran Canaria. Junto a Manrique han sido galardonados el arquitecto&#8230; <a href="https://fcmanrique.org/de/fcm-c-ev-relac/cesar-manrique-premio-observatorio-del-paisaje-de-gran-canaria/" class="readmore">Continúa leyendo →</a></p>
