{"id":20073,"date":"2019-07-10T12:25:36","date_gmt":"2019-07-10T12:25:36","guid":{"rendered":"https:\/\/fcmanrique.org\/?post_type=fcm_c_ev_relac&#038;p=20073"},"modified":"2019-11-11T11:26:54","modified_gmt":"2019-11-11T11:26:54","slug":"la-fcm-y-correos-presentan-un-sello-en-homenaje-al-artista-coincidiendo-con-su-centenario","status":"publish","type":"fcm_c_ev_relac","link":"https:\/\/fcmanrique.org\/de\/fcm-c-ev-relac\/la-fcm-y-correos-presentan-un-sello-en-homenaje-al-artista-coincidiendo-con-su-centenario\/","title":{"rendered":"La FCM y Correos presentan un sello en homenaje al artista coincidiendo con su centenario"},"content":{"rendered":"<p class=\"qtranxs-available-languages-message qtranxs-available-languages-message-de\">Leider ist der Eintrag nur auf <a href=\"https:\/\/fcmanrique.org\/es\/wp-json\/wp\/v2\/fcm_c_ev_relac\/20073\" class=\"qtranxs-available-language-link qtranxs-available-language-link-es\" title=\"ES\">ES<\/a> verf\u00fcgbar.<\/p><p>La Fundaci\u00f3n C\u00e9sar Manrique (FCM) y Correos invitaron a los medios de comunicaci\u00f3n y al p\u00fablico en general a la presentaci\u00f3n del sello postal conmemorativo emitido por Correos con motivo del centenario del nacimiento de C\u00e9sar Manrique.<\/p>\n<p>La presentaci\u00f3n, a la que asistieron el director de la FCM, Fernando G\u00f3mez Aguilera, el director de Filatelia de Correos, Modesto Fraguas, y la presidenta del Cabildo insular, Mar\u00eda Dolores Corujo; tuvo lugar en la ma\u00f1ana del mi\u00e9rcoles, 10 de julio, en la sala Jos\u00e9 Saramago de La Plazuela en Arrecife.<\/p>\n<p><a href=\"https:\/\/fcmanrique.org\/wp-content\/uploads\/fc-manrique-sello-manrique-centenario3-1.jpg\"><img loading=\"lazy\" decoding=\"async\" class=\"alignnone size-full wp-image-20102\" src=\"https:\/\/fcmanrique.org\/wp-content\/uploads\/fc-manrique-sello-manrique-centenario3-1.jpg\" alt=\"\" width=\"920\" height=\"627\" srcset=\"https:\/\/fcmanrique.org\/wp-content\/uploads\/fc-manrique-sello-manrique-centenario3-1.jpg 920w, https:\/\/fcmanrique.org\/wp-content\/uploads\/fc-manrique-sello-manrique-centenario3-1-300x204.jpg 300w, https:\/\/fcmanrique.org\/wp-content\/uploads\/fc-manrique-sello-manrique-centenario3-1-768x523.jpg 768w, https:\/\/fcmanrique.org\/wp-content\/uploads\/fc-manrique-sello-manrique-centenario3-1-289x197.jpg 289w\" sizes=\"auto, (max-width: 920px) 100vw, 920px\" \/><\/a><\/p>\n<p>El sello postal emitido por Correos est\u00e1 integrado por una hoja bloque en formato d\u00edptico que, al abrirse, en una de sus palas, muestra un fragmento del mural <em>Lanzarote<\/em>, pintado por el artista en 1953, que recoge de forma sint\u00e9tica y simb\u00f3lica escenas del paisaje, la vida y las actividades del mundo rural y marinero t\u00edpicos de Lanzarote, de la mano de una figuraci\u00f3n moderna y colorida. El mural se exhibe actualmente en la sala Taro de la sede de la FCM, tras haber sido restaurado, despu\u00e9s de casi cincuenta a\u00f1os sin ser mostrado al p\u00fablico.<\/p>\n<p><a href=\"https:\/\/fcmanrique.org\/wp-content\/uploads\/fc-manrique-presentacion-sello-conmemorativo2.jpg\"><img loading=\"lazy\" decoding=\"async\" class=\"alignnone size-full wp-image-20078\" src=\"https:\/\/fcmanrique.org\/wp-content\/uploads\/fc-manrique-presentacion-sello-conmemorativo2.jpg\" alt=\"\" width=\"920\" height=\"659\" srcset=\"https:\/\/fcmanrique.org\/wp-content\/uploads\/fc-manrique-presentacion-sello-conmemorativo2.jpg 920w, https:\/\/fcmanrique.org\/wp-content\/uploads\/fc-manrique-presentacion-sello-conmemorativo2-300x215.jpg 300w, https:\/\/fcmanrique.org\/wp-content\/uploads\/fc-manrique-presentacion-sello-conmemorativo2-768x550.jpg 768w, https:\/\/fcmanrique.org\/wp-content\/uploads\/fc-manrique-presentacion-sello-conmemorativo2-289x207.jpg 289w\" sizes=\"auto, (max-width: 920px) 100vw, 920px\" \/><\/a><\/p>\n<p>En la otra pala, se reproduce una fotograf\u00eda de C\u00e9sar Manrique apoyado sobre una piedra volc\u00e1nica, as\u00ed como la frase: \u201cLanzarote es pura magia\u2026 misterio. Belleza limpia, insolente y desnuda. Lecci\u00f3n constante. Su desconocida y profunda naturaleza es consciente del gran espect\u00e1culo que ofrece\u201d (C\u00e9sar Manrique, <em>c.<\/em> 1992), con la que la FCM y Correos han querido rendir tributo a la isla en la que naci\u00f3 el artista y a la que dedic\u00f3 buena parte de su vida y de su obra.<\/p>\n<p><a href=\"https:\/\/fcmanrique.org\/wp-content\/uploads\/fc-manrique-sello-manrique-centenario4.jpg\"><img loading=\"lazy\" decoding=\"async\" class=\"alignnone size-full wp-image-20103\" src=\"https:\/\/fcmanrique.org\/wp-content\/uploads\/fc-manrique-sello-manrique-centenario4.jpg\" alt=\"\" width=\"920\" height=\"920\" srcset=\"https:\/\/fcmanrique.org\/wp-content\/uploads\/fc-manrique-sello-manrique-centenario4.jpg 920w, https:\/\/fcmanrique.org\/wp-content\/uploads\/fc-manrique-sello-manrique-centenario4-150x150.jpg 150w, https:\/\/fcmanrique.org\/wp-content\/uploads\/fc-manrique-sello-manrique-centenario4-300x300.jpg 300w, https:\/\/fcmanrique.org\/wp-content\/uploads\/fc-manrique-sello-manrique-centenario4-768x768.jpg 768w, https:\/\/fcmanrique.org\/wp-content\/uploads\/fc-manrique-sello-manrique-centenario4-246x246.jpg 246w\" sizes=\"auto, (max-width: 920px) 100vw, 920px\" \/><\/a><em>Modesto Fraguas, Mar\u00eda Dolores Corujo y Fernando G\u00f3mez Aguilera<\/em><\/p>\n<p><a href=\"https:\/\/fcmanrique.org\/wp-content\/uploads\/fc-manrique-presentacion-sello-correos.pdf\">M\u00e1s informaci\u00f3n sobre la presentaci\u00f3n del sello<\/a><\/p>","protected":false},"excerpt":{"rendered":"<p>Leider ist der Eintrag nur auf ES verf\u00fcgbar.La Fundaci\u00f3n C\u00e9sar Manrique (FCM) y Correos invitaron a los medios de comunicaci\u00f3n y al p\u00fablico en general a la presentaci\u00f3n del sello postal conmemorativo emitido por Correos con motivo del centenario del nacimiento de C\u00e9sar Manrique. La presentaci\u00f3n, a la que asistieron el director de la FCM,&#8230; <a href=\"https:\/\/fcmanrique.org\/de\/fcm-c-ev-relac\/la-fcm-y-correos-presentan-un-sello-en-homenaje-al-artista-coincidiendo-con-su-centenario\/\" class=\"readmore\">Contin\u00faa leyendo \u2192<\/a><\/p>\n","protected":false},"featured_media":20099,"parent":0,"template":"","meta":{"_acf_changed":false,"ngg_post_thumbnail":0,"footnotes":""},"class_list":["post-20073","fcm_c_ev_relac","type-fcm_c_ev_relac","status-publish","has-post-thumbnail","hentry","c_ev_relac_categoria-presentacion"],"acf":[],"_links":{"self":[{"href":"https:\/\/fcmanrique.org\/de\/wp-json\/wp\/v2\/fcm_c_ev_relac\/20073","targetHints":{"allow":["GET"]}}],"collection":[{"href":"https:\/\/fcmanrique.org\/de\/wp-json\/wp\/v2\/fcm_c_ev_relac"}],"about":[{"href":"https:\/\/fcmanrique.org\/de\/wp-json\/wp\/v2\/types\/fcm_c_ev_relac"}],"version-history":[{"count":5,"href":"https:\/\/fcmanrique.org\/de\/wp-json\/wp\/v2\/fcm_c_ev_relac\/20073\/revisions"}],"predecessor-version":[{"id":20840,"href":"https:\/\/fcmanrique.org\/de\/wp-json\/wp\/v2\/fcm_c_ev_relac\/20073\/revisions\/20840"}],"wp:featuredmedia":[{"embeddable":true,"href":"https:\/\/fcmanrique.org\/de\/wp-json\/wp\/v2\/media\/20099"}],"wp:attachment":[{"href":"https:\/\/fcmanrique.org\/de\/wp-json\/wp\/v2\/media?parent=20073"}],"curies":[{"name":"wp","href":"https:\/\/api.w.org\/{rel}","templated":true}]}}

<p class="qtranxs-available-languages-message qtranxs-available-languages-message-de">Leider ist der Eintrag nur auf <a href="https://fcmanrique.org/es/wp-json/wp/v2/fcm_c_ev_relac/20073" class="qtranxs-available-language-link qtranxs-available-language-link-es" title="ES">ES</a> verfügbar.</p><p>La Fundación César Manrique (FCM) y Correos invitaron a los medios de comunicación y al público en general a la presentación del sello postal conmemorativo emitido por Correos con motivo del centenario del nacimiento de César Manrique.</p>
<p>La presentación, a la que asistieron el director de la FCM, Fernando Gómez Aguilera, el director de Filatelia de Correos, Modesto Fraguas, y la presidenta del Cabildo insular, María Dolores Corujo; tuvo lugar en la mañana del miércoles, 10 de julio, en la sala José Saramago de La Plazuela en Arrecife.</p>
<p><a href="https://fcmanrique.org/wp-content/uploads/fc-manrique-sello-manrique-centenario3-1.jpg"><img loading="lazy" decoding="async" class="alignnone size-full wp-image-20102" src="https://fcmanrique.org/wp-content/uploads/fc-manrique-sello-manrique-centenario3-1.jpg" alt="" width="920" height="627" srcset="https://fcmanrique.org/wp-content/uploads/fc-manrique-sello-manrique-centenario3-1.jpg 920w, https://fcmanrique.org/wp-content/uploads/fc-manrique-sello-manrique-centenario3-1-300x204.jpg 300w, https://fcmanrique.org/wp-content/uploads/fc-manrique-sello-manrique-centenario3-1-768x523.jpg 768w, https://fcmanrique.org/wp-content/uploads/fc-manrique-sello-manrique-centenario3-1-289x197.jpg 289w" sizes="auto, (max-width: 920px) 100vw, 920px" /></a></p>
<p>El sello postal emitido por Correos está integrado por una hoja bloque en formato díptico que, al abrirse, en una de sus palas, muestra un fragmento del mural <em>Lanzarote</em>, pintado por el artista en 1953, que recoge de forma sintética y simbólica escenas del paisaje, la vida y las actividades del mundo rural y marinero típicos de Lanzarote, de la mano de una figuración moderna y colorida. El mural se exhibe actualmente en la sala Taro de la sede de la FCM, tras haber sido restaurado, después de casi cincuenta años sin ser mostrado al público.</p>
<p><a href="https://fcmanrique.org/wp-content/uploads/fc-manrique-presentacion-sello-conmemorativo2.jpg"><img loading="lazy" decoding="async" class="alignnone size-full wp-image-20078" src="https://fcmanrique.org/wp-content/uploads/fc-manrique-presentacion-sello-conmemorativo2.jpg" alt="" width="920" height="659" srcset="https://fcmanrique.org/wp-content/uploads/fc-manrique-presentacion-sello-conmemorativo2.jpg 920w, https://fcmanrique.org/wp-content/uploads/fc-manrique-presentacion-sello-conmemorativo2-300x215.jpg 300w, https://fcmanrique.org/wp-content/uploads/fc-manrique-presentacion-sello-conmemorativo2-768x550.jpg 768w, https://fcmanrique.org/wp-content/uploads/fc-manrique-presentacion-sello-conmemorativo2-289x207.jpg 289w" sizes="auto, (max-width: 920px) 100vw, 920px" /></a></p>
<p>En la otra pala, se reproduce una fotografía de César Manrique apoyado sobre una piedra volcánica, así como la frase: “Lanzarote es pura magia… misterio. Belleza limpia, insolente y desnuda. Lección constante. Su desconocida y profunda naturaleza es consciente del gran espectáculo que ofrece” (César Manrique, <em>c.</em> 1992), con la que la FCM y Correos han querido rendir tributo a la isla en la que nació el artista y a la que dedicó buena parte de su vida y de su obra.</p>
<p><a href="https://fcmanrique.org/wp-content/uploads/fc-manrique-sello-manrique-centenario4.jpg"><img loading="lazy" decoding="async" class="alignnone size-full wp-image-20103" src="https://fcmanrique.org/wp-content/uploads/fc-manrique-sello-manrique-centenario4.jpg" alt="" width="920" height="920" srcset="https://fcmanrique.org/wp-content/uploads/fc-manrique-sello-manrique-centenario4.jpg 920w, https://fcmanrique.org/wp-content/uploads/fc-manrique-sello-manrique-centenario4-150x150.jpg 150w, https://fcmanrique.org/wp-content/uploads/fc-manrique-sello-manrique-centenario4-300x300.jpg 300w, https://fcmanrique.org/wp-content/uploads/fc-manrique-sello-manrique-centenario4-768x768.jpg 768w, https://fcmanrique.org/wp-content/uploads/fc-manrique-sello-manrique-centenario4-246x246.jpg 246w" sizes="auto, (max-width: 920px) 100vw, 920px" /></a><em>Modesto Fraguas, María Dolores Corujo y Fernando Gómez Aguilera</em></p>
<p><a href="https://fcmanrique.org/wp-content/uploads/fc-manrique-presentacion-sello-correos.pdf">Más información sobre la presentación del sello</a></p>

<p>Leider ist der Eintrag nur auf ES verfügbar.La Fundación César Manrique (FCM) y Correos invitaron a los medios de comunicación y al público en general a la presentación del sello postal conmemorativo emitido por Correos con motivo del centenario del nacimiento de César Manrique. La presentación, a la que asistieron el director de la FCM,&#8230; <a href="https://fcmanrique.org/de/fcm-c-ev-relac/la-fcm-y-correos-presentan-un-sello-en-homenaje-al-artista-coincidiendo-con-su-centenario/" class="readmore">Continúa leyendo →</a></p>
