{"id":21129,"date":"2019-11-22T15:24:50","date_gmt":"2019-11-22T15:24:50","guid":{"rendered":"https:\/\/fcmanrique.org\/?post_type=fcm_c_ev_relac&#038;p=21129"},"modified":"2019-11-25T14:07:41","modified_gmt":"2019-11-25T14:07:41","slug":"21129-2","status":"publish","type":"fcm_c_ev_relac","link":"https:\/\/fcmanrique.org\/de\/fcm-c-ev-relac\/21129-2\/","title":{"rendered":"Presentaci\u00f3n de la \u00faltima edici\u00f3n de Har\u00eda Extreme Lanzarote"},"content":{"rendered":"<p class=\"qtranxs-available-languages-message qtranxs-available-languages-message-de\">Leider ist der Eintrag nur auf <a href=\"https:\/\/fcmanrique.org\/es\/wp-json\/wp\/v2\/fcm_c_ev_relac\/21129\" class=\"qtranxs-available-language-link qtranxs-available-language-link-es\" title=\"ES\">ES<\/a> verf\u00fcgbar.<\/p><p>La IX edici\u00f3n de &#8222;Har\u00eda Extreme Lanzarote&#8220; se present\u00f3 en la ma\u00f1ana del 15 de noviembre en la Casa-Museo C\u00e9sar Manrique, ubicada en el mismo pueblo que da nombre a la prueba.<\/p>\n<p><a href=\"https:\/\/fcmanrique.org\/wp-content\/uploads\/fc-manrique-presentacion-camiseta-haria-extreme1.jpg\"><img loading=\"lazy\" decoding=\"async\" class=\"alignnone size-full wp-image-21131\" src=\"https:\/\/fcmanrique.org\/wp-content\/uploads\/fc-manrique-presentacion-camiseta-haria-extreme1.jpg\" alt=\"\" width=\"920\" height=\"613\" srcset=\"https:\/\/fcmanrique.org\/wp-content\/uploads\/fc-manrique-presentacion-camiseta-haria-extreme1.jpg 920w, https:\/\/fcmanrique.org\/wp-content\/uploads\/fc-manrique-presentacion-camiseta-haria-extreme1-300x200.jpg 300w, https:\/\/fcmanrique.org\/wp-content\/uploads\/fc-manrique-presentacion-camiseta-haria-extreme1-768x512.jpg 768w, https:\/\/fcmanrique.org\/wp-content\/uploads\/fc-manrique-presentacion-camiseta-haria-extreme1-289x193.jpg 289w\" sizes=\"auto, (max-width: 920px) 100vw, 920px\" \/><\/a><\/p>\n<p>Con motivo del centenario del nacimiento del artista C\u00e9sar Manrique, el fin de semana del 16 y 17 de noviembre todos los participantes de la prueba deportiva (m\u00e1s de 1.200 corredores) y voluntarios del evento lucieron en sus camisetas un dibujo de C\u00e9sar Manrique que hace referencia a la arquitectura tradicional de la isla.<\/p>\n<p>En el acto estuvo presente Jos\u00e9 Juan Ram\u00edrez, presidente de la Fundaci\u00f3n C\u00e9sar Manrique adem\u00e1s de representantes p\u00fablicos y organizadores de la prueba &#8222;Har\u00eda Extreme Lanzarote&#8220;.<\/p>\n<p><a href=\"https:\/\/fcmanrique.org\/wp-content\/uploads\/fc-manrique-presentacion-camiseta-haria-extreme2.jpg\"><img loading=\"lazy\" decoding=\"async\" class=\"alignnone size-full wp-image-21132\" src=\"https:\/\/fcmanrique.org\/wp-content\/uploads\/fc-manrique-presentacion-camiseta-haria-extreme2.jpg\" alt=\"\" width=\"920\" height=\"613\" srcset=\"https:\/\/fcmanrique.org\/wp-content\/uploads\/fc-manrique-presentacion-camiseta-haria-extreme2.jpg 920w, https:\/\/fcmanrique.org\/wp-content\/uploads\/fc-manrique-presentacion-camiseta-haria-extreme2-300x200.jpg 300w, https:\/\/fcmanrique.org\/wp-content\/uploads\/fc-manrique-presentacion-camiseta-haria-extreme2-768x512.jpg 768w, https:\/\/fcmanrique.org\/wp-content\/uploads\/fc-manrique-presentacion-camiseta-haria-extreme2-289x193.jpg 289w\" sizes=\"auto, (max-width: 920px) 100vw, 920px\" \/><\/a><\/p>","protected":false},"excerpt":{"rendered":"<p>Leider ist der Eintrag nur auf ES verf\u00fcgbar.La IX edici\u00f3n de &#8222;Har\u00eda Extreme Lanzarote&#8220; se present\u00f3 en la ma\u00f1ana del 15 de noviembre en la Casa-Museo C\u00e9sar Manrique, ubicada en el mismo pueblo que da nombre a la prueba. Con motivo del centenario del nacimiento del artista C\u00e9sar Manrique, el fin de semana del 16&#8230; <a href=\"https:\/\/fcmanrique.org\/de\/fcm-c-ev-relac\/21129-2\/\" class=\"readmore\">Contin\u00faa leyendo \u2192<\/a><\/p>\n","protected":false},"featured_media":21130,"parent":0,"template":"","meta":{"_acf_changed":false,"ngg_post_thumbnail":0,"footnotes":""},"class_list":["post-21129","fcm_c_ev_relac","type-fcm_c_ev_relac","status-publish","has-post-thumbnail","hentry","c_ev_relac_categoria-presentacion"],"acf":[],"_links":{"self":[{"href":"https:\/\/fcmanrique.org\/de\/wp-json\/wp\/v2\/fcm_c_ev_relac\/21129","targetHints":{"allow":["GET"]}}],"collection":[{"href":"https:\/\/fcmanrique.org\/de\/wp-json\/wp\/v2\/fcm_c_ev_relac"}],"about":[{"href":"https:\/\/fcmanrique.org\/de\/wp-json\/wp\/v2\/types\/fcm_c_ev_relac"}],"version-history":[{"count":5,"href":"https:\/\/fcmanrique.org\/de\/wp-json\/wp\/v2\/fcm_c_ev_relac\/21129\/revisions"}],"predecessor-version":[{"id":21171,"href":"https:\/\/fcmanrique.org\/de\/wp-json\/wp\/v2\/fcm_c_ev_relac\/21129\/revisions\/21171"}],"wp:featuredmedia":[{"embeddable":true,"href":"https:\/\/fcmanrique.org\/de\/wp-json\/wp\/v2\/media\/21130"}],"wp:attachment":[{"href":"https:\/\/fcmanrique.org\/de\/wp-json\/wp\/v2\/media?parent=21129"}],"curies":[{"name":"wp","href":"https:\/\/api.w.org\/{rel}","templated":true}]}}

Presentación de la última edición de Haría Extreme Lanzarote

<p class="qtranxs-available-languages-message qtranxs-available-languages-message-de">Leider ist der Eintrag nur auf <a href="https://fcmanrique.org/es/wp-json/wp/v2/fcm_c_ev_relac/21129" class="qtranxs-available-language-link qtranxs-available-language-link-es" title="ES">ES</a> verfügbar.</p><p>La IX edición de &#8222;Haría Extreme Lanzarote&#8220; se presentó en la mañana del 15 de noviembre en la Casa-Museo César Manrique, ubicada en el mismo pueblo que da nombre a la prueba.</p>
<p><a href="https://fcmanrique.org/wp-content/uploads/fc-manrique-presentacion-camiseta-haria-extreme1.jpg"><img loading="lazy" decoding="async" class="alignnone size-full wp-image-21131" src="https://fcmanrique.org/wp-content/uploads/fc-manrique-presentacion-camiseta-haria-extreme1.jpg" alt="" width="920" height="613" srcset="https://fcmanrique.org/wp-content/uploads/fc-manrique-presentacion-camiseta-haria-extreme1.jpg 920w, https://fcmanrique.org/wp-content/uploads/fc-manrique-presentacion-camiseta-haria-extreme1-300x200.jpg 300w, https://fcmanrique.org/wp-content/uploads/fc-manrique-presentacion-camiseta-haria-extreme1-768x512.jpg 768w, https://fcmanrique.org/wp-content/uploads/fc-manrique-presentacion-camiseta-haria-extreme1-289x193.jpg 289w" sizes="auto, (max-width: 920px) 100vw, 920px" /></a></p>
<p>Con motivo del centenario del nacimiento del artista César Manrique, el fin de semana del 16 y 17 de noviembre todos los participantes de la prueba deportiva (más de 1.200 corredores) y voluntarios del evento lucieron en sus camisetas un dibujo de César Manrique que hace referencia a la arquitectura tradicional de la isla.</p>
<p>En el acto estuvo presente José Juan Ramírez, presidente de la Fundación César Manrique además de representantes públicos y organizadores de la prueba &#8222;Haría Extreme Lanzarote&#8220;.</p>
<p><a href="https://fcmanrique.org/wp-content/uploads/fc-manrique-presentacion-camiseta-haria-extreme2.jpg"><img loading="lazy" decoding="async" class="alignnone size-full wp-image-21132" src="https://fcmanrique.org/wp-content/uploads/fc-manrique-presentacion-camiseta-haria-extreme2.jpg" alt="" width="920" height="613" srcset="https://fcmanrique.org/wp-content/uploads/fc-manrique-presentacion-camiseta-haria-extreme2.jpg 920w, https://fcmanrique.org/wp-content/uploads/fc-manrique-presentacion-camiseta-haria-extreme2-300x200.jpg 300w, https://fcmanrique.org/wp-content/uploads/fc-manrique-presentacion-camiseta-haria-extreme2-768x512.jpg 768w, https://fcmanrique.org/wp-content/uploads/fc-manrique-presentacion-camiseta-haria-extreme2-289x193.jpg 289w" sizes="auto, (max-width: 920px) 100vw, 920px" /></a></p>

<p>Leider ist der Eintrag nur auf ES verfügbar.La IX edición de &#8222;Haría Extreme Lanzarote&#8220; se presentó en la mañana del 15 de noviembre en la Casa-Museo César Manrique, ubicada en el mismo pueblo que da nombre a la prueba. Con motivo del centenario del nacimiento del artista César Manrique, el fin de semana del 16&#8230; <a href="https://fcmanrique.org/de/fcm-c-ev-relac/21129-2/" class="readmore">Continúa leyendo →</a></p>
