{"id":16108,"date":"2005-12-30T00:00:00","date_gmt":"2005-12-30T00:00:00","guid":{"rendered":"https:\/\/fcmanrique.org\/fcm-publicacion\/el-espejo-de-la-ekphrasis-mas-aca-de-la-imagen-mas-alla-del-texto\/"},"modified":"2005-12-30T00:00:00","modified_gmt":"2005-12-30T00:00:00","slug":"el-espejo-de-la-ekphrasis-mas-aca-de-la-imagen-mas-alla-del-texto","status":"publish","type":"fcm_publicacion","link":"https:\/\/fcmanrique.org\/de\/fcm-publicacion\/el-espejo-de-la-ekphrasis-mas-aca-de-la-imagen-mas-alla-del-texto\/","title":{"rendered":"El espejo de la <em>Ekphrasis<\/em>. M\u00e1s ac\u00e1 de la imagen. M\u00e1s all\u00e1 del texto"},"content":{"rendered":"<p class=\"qtranxs-available-languages-message qtranxs-available-languages-message-de\">Leider ist der Eintrag nur auf <a href=\"https:\/\/fcmanrique.org\/es\/wp-json\/wp\/v2\/fcm_publicacion\/16108\" class=\"qtranxs-available-language-link qtranxs-available-language-link-es\" title=\"ES\">ES<\/a> verf\u00fcgbar.<\/p><p><\/p>\n<p style=\"margin-top: 12pt; text-align: justify;\" class=\"MsoNormal\">\n<p style=\"margin-right: -0.05pt; text-align: justify;\" class=\"MsoNormal\"><span style=\"ofont-family: Arial;\">Rom&aacute;n de la Calle es fil&oacute;sofo, investigador, ensayista y cr&iacute;tico de arte. En la actualidad es director del Museo Valenciano de la Ilustraci&oacute;n y de la Modernidad (MuVIM) y catedr&aacute;tico de Est&eacute;tica y Teor&iacute;a de las Artes de la Universitat de Val&egrave;ncia-Estudi General. Asimismo, es miembro del Consejo Rector del IVAM, del Museo de la Universidad de Alicante y acad&eacute;mico de la Real academia de Bellas Artes de San Fernando. Entre otros galardones, ha recibido la Cruz de Alfonso X el Sabio y la medalla de plata al M&eacute;rito Profesional del Ministerio de Educaci&oacute;n y Ciencia. Ha sido tambi&eacute;n Premio Nacional de Cr&iacute;tica de Arte &ldquo;Espais&rdquo;.<o:p><\/o:p><\/span><\/p>\n<p style=\"margin-right: -0.05pt; text-align: justify;\" class=\"MsoNormal\"><span style=\"ofont-family: Arial;\">Entre sus numerosas publicaciones destacamos <em >En torno al Hecho Art&iacute;stico<\/em> (1981), <em >Senderos entre el arte y lo sagrado<\/em> (2003), y <em >A prop&oacute;sito de la Cr&iacute;tica y otros ensayos<\/em> (2004). Rom&aacute;n de la Calle tambi&eacute;n ha formado parte del consejo de redacci&oacute;n de revistas como <em >Teorema<\/em>; <em >&Aacute;gora<\/em> o <em >Debats<\/em>; y ha sido comisario de diversas exposiciones de artes pl&aacute;sticas.<o:p><\/o:p><\/span><\/p>\n<p style=\"margin-right: -0.05pt; text-align: justify;\" class=\"MsoNormal\"><span style=\"ofont-family: Arial;\">De la Calle, en su libro, reflexiona sobre la llamada &ldquo;literatura art&iacute;stica&rdquo;, el inter&eacute;s de la teor&iacute;a del arte por dicha literatura, e incluso su pr&aacute;ctica identificaci&oacute;n con ella, al ser restrictivamente entendida la propia teor&iacute;a del arte como estudio de las fuentes literarias sobre arte. Hace hincapi&eacute; en algunos de los recursos empleados por\/en estas fuentes literarias en torno al arte. Concretamente le interesan los textos que descriptivamente hablan del arte y tambi&eacute;n aquellos textos que directamente han propiciado o servido de inspiraci&oacute;n a la producci&oacute;n art&iacute;stica. Todo ello siempre desde el marco del ejercicio y de las funciones de la cr&iacute;tica de arte, como claro resorte educativo, &ldquo;la sugerente actividad educativa de la vieja <em >ekphrasis<\/em>&rdquo;, el &iacute;ntimo y continuado di&aacute;logo entre las im&aacute;genes y los textos.<\/span><\/p>\n<p><\/p>","protected":false},"featured_media":16109,"parent":0,"template":"","meta":{"_acf_changed":false,"ngg_post_thumbnail":0,"footnotes":""},"publicacion_coleccion":[57],"class_list":["post-16108","fcm_publicacion","type-fcm_publicacion","status-publish","has-post-thumbnail","hentry","publicacion_coleccion-cuadernas"],"acf":[],"_links":{"self":[{"href":"https:\/\/fcmanrique.org\/de\/wp-json\/wp\/v2\/fcm_publicacion\/16108","targetHints":{"allow":["GET"]}}],"collection":[{"href":"https:\/\/fcmanrique.org\/de\/wp-json\/wp\/v2\/fcm_publicacion"}],"about":[{"href":"https:\/\/fcmanrique.org\/de\/wp-json\/wp\/v2\/types\/fcm_publicacion"}],"version-history":[{"count":0,"href":"https:\/\/fcmanrique.org\/de\/wp-json\/wp\/v2\/fcm_publicacion\/16108\/revisions"}],"wp:featuredmedia":[{"embeddable":true,"href":"https:\/\/fcmanrique.org\/de\/wp-json\/wp\/v2\/media\/16109"}],"wp:attachment":[{"href":"https:\/\/fcmanrique.org\/de\/wp-json\/wp\/v2\/media?parent=16108"}],"wp:term":[{"taxonomy":"publicacion_coleccion","embeddable":true,"href":"https:\/\/fcmanrique.org\/de\/wp-json\/wp\/v2\/publicacion_coleccion?post=16108"}],"curies":[{"name":"wp","href":"https:\/\/api.w.org\/{rel}","templated":true}]}}

El espejo de la <em>Ekphrasis</em>. Más acá de la imagen. Más allá del texto

<p class="qtranxs-available-languages-message qtranxs-available-languages-message-de">Leider ist der Eintrag nur auf <a href="https://fcmanrique.org/es/wp-json/wp/v2/fcm_publicacion/16108" class="qtranxs-available-language-link qtranxs-available-language-link-es" title="ES">ES</a> verfügbar.</p><p></p>
<p style="margin-top: 12pt; text-align: justify;" class="MsoNormal">
<p style="margin-right: -0.05pt; text-align: justify;" class="MsoNormal"><span style="ofont-family: Arial;">Rom&aacute;n de la Calle es fil&oacute;sofo, investigador, ensayista y cr&iacute;tico de arte. En la actualidad es director del Museo Valenciano de la Ilustraci&oacute;n y de la Modernidad (MuVIM) y catedr&aacute;tico de Est&eacute;tica y Teor&iacute;a de las Artes de la Universitat de Val&egrave;ncia-Estudi General. Asimismo, es miembro del Consejo Rector del IVAM, del Museo de la Universidad de Alicante y acad&eacute;mico de la Real academia de Bellas Artes de San Fernando. Entre otros galardones, ha recibido la Cruz de Alfonso X el Sabio y la medalla de plata al M&eacute;rito Profesional del Ministerio de Educaci&oacute;n y Ciencia. Ha sido tambi&eacute;n Premio Nacional de Cr&iacute;tica de Arte &ldquo;Espais&rdquo;.<o:p></o:p></span></p>
<p style="margin-right: -0.05pt; text-align: justify;" class="MsoNormal"><span style="ofont-family: Arial;">Entre sus numerosas publicaciones destacamos <em >En torno al Hecho Art&iacute;stico</em> (1981), <em >Senderos entre el arte y lo sagrado</em> (2003), y <em >A prop&oacute;sito de la Cr&iacute;tica y otros ensayos</em> (2004). Rom&aacute;n de la Calle tambi&eacute;n ha formado parte del consejo de redacci&oacute;n de revistas como <em >Teorema</em>; <em >&Aacute;gora</em> o <em >Debats</em>; y ha sido comisario de diversas exposiciones de artes pl&aacute;sticas.<o:p></o:p></span></p>
<p style="margin-right: -0.05pt; text-align: justify;" class="MsoNormal"><span style="ofont-family: Arial;">De la Calle, en su libro, reflexiona sobre la llamada &ldquo;literatura art&iacute;stica&rdquo;, el inter&eacute;s de la teor&iacute;a del arte por dicha literatura, e incluso su pr&aacute;ctica identificaci&oacute;n con ella, al ser restrictivamente entendida la propia teor&iacute;a del arte como estudio de las fuentes literarias sobre arte. Hace hincapi&eacute; en algunos de los recursos empleados por/en estas fuentes literarias en torno al arte. Concretamente le interesan los textos que descriptivamente hablan del arte y tambi&eacute;n aquellos textos que directamente han propiciado o servido de inspiraci&oacute;n a la producci&oacute;n art&iacute;stica. Todo ello siempre desde el marco del ejercicio y de las funciones de la cr&iacute;tica de arte, como claro resorte educativo, &ldquo;la sugerente actividad educativa de la vieja <em >ekphrasis</em>&rdquo;, el &iacute;ntimo y continuado di&aacute;logo entre las im&aacute;genes y los textos.</span></p>
<p></p>
