{"id":16316,"date":"1999-06-01T00:00:00","date_gmt":"1999-06-01T00:00:00","guid":{"rendered":"https:\/\/fcmanrique.org\/fcm-publicacion\/desarrollo-economico-y-deterioro-ecologico\/"},"modified":"2021-12-21T14:32:03","modified_gmt":"2021-12-21T14:32:03","slug":"desarrollo-economico-y-deterioro-ecologico","status":"publish","type":"fcm_publicacion","link":"https:\/\/fcmanrique.org\/de\/fcm-publicacion\/desarrollo-economico-y-deterioro-ecologico\/","title":{"rendered":"Desarrollo econ\u00f3mico y deterioro ecol\u00f3gico"},"content":{"rendered":"<p class=\"qtranxs-available-languages-message qtranxs-available-languages-message-de\">Leider ist der Eintrag nur auf <a href=\"https:\/\/fcmanrique.org\/es\/wp-json\/wp\/v2\/fcm_publicacion\/16316\" class=\"qtranxs-available-language-link qtranxs-available-language-link-es\" title=\"ES\">ES<\/a> verf\u00fcgbar.<\/p><p>Tras constatar que el metabolismo de la sociedad industrial se apoya b\u00e1sicamente en la extracci\u00f3n de rocas y minerales de la corteza terrestre, propone una metodolog\u00eda que permite cifrar el coste de reposici\u00f3n del \u00abcapital mineral\u00bb de la tierra y plantear en t\u00e9rminos meridianamente cuantitativos el conflicto entre eficacia parcial y sostenibilidad global que se observa en nuestra sociedad. Tambi\u00e9n se estudia la asimetr\u00eda existente entre los costes f\u00edsicos y la valoraci\u00f3n monetaria de las materias primas minerales y sus derivados, que es a su vez fuente de deterioro ambiental y de desigualdad social. 374 p\u00e1ginas.<\/p>","protected":false},"featured_media":16317,"parent":0,"template":"","meta":{"_acf_changed":false,"ngg_post_thumbnail":0,"footnotes":""},"publicacion_coleccion":[56],"class_list":["post-16316","fcm_publicacion","type-fcm_publicacion","status-publish","has-post-thumbnail","hentry","publicacion_coleccion-coediciones"],"acf":[],"_links":{"self":[{"href":"https:\/\/fcmanrique.org\/de\/wp-json\/wp\/v2\/fcm_publicacion\/16316","targetHints":{"allow":["GET"]}}],"collection":[{"href":"https:\/\/fcmanrique.org\/de\/wp-json\/wp\/v2\/fcm_publicacion"}],"about":[{"href":"https:\/\/fcmanrique.org\/de\/wp-json\/wp\/v2\/types\/fcm_publicacion"}],"version-history":[{"count":2,"href":"https:\/\/fcmanrique.org\/de\/wp-json\/wp\/v2\/fcm_publicacion\/16316\/revisions"}],"predecessor-version":[{"id":17426,"href":"https:\/\/fcmanrique.org\/de\/wp-json\/wp\/v2\/fcm_publicacion\/16316\/revisions\/17426"}],"wp:featuredmedia":[{"embeddable":true,"href":"https:\/\/fcmanrique.org\/de\/wp-json\/wp\/v2\/media\/16317"}],"wp:attachment":[{"href":"https:\/\/fcmanrique.org\/de\/wp-json\/wp\/v2\/media?parent=16316"}],"wp:term":[{"taxonomy":"publicacion_coleccion","embeddable":true,"href":"https:\/\/fcmanrique.org\/de\/wp-json\/wp\/v2\/publicacion_coleccion?post=16316"}],"curies":[{"name":"wp","href":"https:\/\/api.w.org\/{rel}","templated":true}]}}

Desarrollo económico y deterioro ecológico

<p class="qtranxs-available-languages-message qtranxs-available-languages-message-de">Leider ist der Eintrag nur auf <a href="https://fcmanrique.org/es/wp-json/wp/v2/fcm_publicacion/16316" class="qtranxs-available-language-link qtranxs-available-language-link-es" title="ES">ES</a> verfügbar.</p><p>Tras constatar que el metabolismo de la sociedad industrial se apoya básicamente en la extracción de rocas y minerales de la corteza terrestre, propone una metodología que permite cifrar el coste de reposición del «capital mineral» de la tierra y plantear en términos meridianamente cuantitativos el conflicto entre eficacia parcial y sostenibilidad global que se observa en nuestra sociedad. También se estudia la asimetría existente entre los costes físicos y la valoración monetaria de las materias primas minerales y sus derivados, que es a su vez fuente de deterioro ambiental y de desigualdad social. 374 páginas.</p>
