{"id":17705,"date":"1997-06-01T00:00:00","date_gmt":"1997-06-01T00:00:00","guid":{"rendered":"https:\/\/fcmanrique.org\/fcm-publicacion\/la-biosfera-2\/"},"modified":"2021-12-21T14:09:52","modified_gmt":"2021-12-21T14:09:52","slug":"la-biosfera-2","status":"publish","type":"fcm_publicacion","link":"https:\/\/fcmanrique.org\/de\/fcm-publicacion\/la-biosfera-2\/","title":{"rendered":"La Biosfera"},"content":{"rendered":"<p class=\"qtranxs-available-languages-message qtranxs-available-languages-message-de\">Leider ist der Eintrag nur auf <a href=\"https:\/\/fcmanrique.org\/es\/wp-json\/wp\/v2\/fcm_publicacion\/17705\" class=\"qtranxs-available-language-link qtranxs-available-language-link-es\" title=\"ES\">ES<\/a> verf\u00fcgbar.<\/p><p><!-- [if gte mso 9]><xml>\n\nNormal\n0\n21\n\nMicrosoftInternetExplorer4\n\n<\/xml><![endif]--><\/p>\n<style type=\"text\/css\">\n<!-- \/* Style Definitions *\/ p.MsoNormal, li.MsoNormal, div.MsoNormal {mso-style-parent:\"\"; margin:0cm; margin-bottom:.0001pt; font-size:11.0pt; mso-fareast-\"Times New Roman\"; mso-bidi-\"Times New Roman\";} @page Section1 {size:612.0pt 792.0pt; margin:70.85pt 3.0cm 70.85pt 3.0cm;} div.Section1 {page:Section1;} --><br \/><\/style>\n<p><!-- [if gte mso 10]>\n\n\n\n<style>\n \/* Style Definitions *\/<br \/> table.MsoNormalTable<br \/>\t{mso-style-name:\"Tabla normal\";<br \/>\tmso-style-parent:\"\";<br \/>\tfont-size:10.0pt;\"Times New Roman\";}<br \/><\/style>\n\n<![endif]--><span style=\"font-size: 10pt;\">Primera edici\u00f3n en castellano de este texto que desempe\u00f1\u00f3 un papel de primer orden a la hora de historiar c\u00f3mo se acu\u00f1o la noci\u00f3n de biosfera, aun cuando tampoco encontr\u00f3 en su momento el eco que merec\u00eda su car\u00e1cter innovador en el terreno cient\u00edfico. <\/span><span style=\"font-size: 10pt;\">Estudio introductorio de Ram\u00f3n Margalef y cronolog\u00eda bio\u2013bibliogr\u00e1fica de Jacques Grinevald.<\/span><span style=\"font-size: 10pt;\"> 218 p\u00e1ginas.<\/span><span style=\"font-size: 10pt; line-height: 110%;\"><br \/>\n<\/span><\/p>","protected":false},"featured_media":17706,"parent":0,"template":"","meta":{"_acf_changed":false,"ngg_post_thumbnail":0,"footnotes":""},"publicacion_coleccion":[56],"class_list":["post-17705","fcm_publicacion","type-fcm_publicacion","status-publish","has-post-thumbnail","hentry","publicacion_coleccion-coediciones"],"acf":[],"_links":{"self":[{"href":"https:\/\/fcmanrique.org\/de\/wp-json\/wp\/v2\/fcm_publicacion\/17705","targetHints":{"allow":["GET"]}}],"collection":[{"href":"https:\/\/fcmanrique.org\/de\/wp-json\/wp\/v2\/fcm_publicacion"}],"about":[{"href":"https:\/\/fcmanrique.org\/de\/wp-json\/wp\/v2\/types\/fcm_publicacion"}],"version-history":[{"count":2,"href":"https:\/\/fcmanrique.org\/de\/wp-json\/wp\/v2\/fcm_publicacion\/17705\/revisions"}],"predecessor-version":[{"id":22478,"href":"https:\/\/fcmanrique.org\/de\/wp-json\/wp\/v2\/fcm_publicacion\/17705\/revisions\/22478"}],"wp:featuredmedia":[{"embeddable":true,"href":"https:\/\/fcmanrique.org\/de\/wp-json\/wp\/v2\/media\/17706"}],"wp:attachment":[{"href":"https:\/\/fcmanrique.org\/de\/wp-json\/wp\/v2\/media?parent=17705"}],"wp:term":[{"taxonomy":"publicacion_coleccion","embeddable":true,"href":"https:\/\/fcmanrique.org\/de\/wp-json\/wp\/v2\/publicacion_coleccion?post=17705"}],"curies":[{"name":"wp","href":"https:\/\/api.w.org\/{rel}","templated":true}]}}

<p class="qtranxs-available-languages-message qtranxs-available-languages-message-de">Leider ist der Eintrag nur auf <a href="https://fcmanrique.org/es/wp-json/wp/v2/fcm_publicacion/17705" class="qtranxs-available-language-link qtranxs-available-language-link-es" title="ES">ES</a> verfügbar.</p><p><!-- [if gte mso 9]><xml>

Normal
0
21

MicrosoftInternetExplorer4

</xml><![endif]--></p>
<style type="text/css">
<!-- /* Style Definitions */ p.MsoNormal, li.MsoNormal, div.MsoNormal {mso-style-parent:""; margin:0cm; margin-bottom:.0001pt; font-size:11.0pt; mso-fareast-"Times New Roman"; mso-bidi-"Times New Roman";} @page Section1 {size:612.0pt 792.0pt; margin:70.85pt 3.0cm 70.85pt 3.0cm;} div.Section1 {page:Section1;} --><br /></style>
<p><!-- [if gte mso 10]>



<style>
 /* Style Definitions */<br /> table.MsoNormalTable<br />	{mso-style-name:"Tabla normal";<br />	mso-style-parent:"";<br />	font-size:10.0pt;"Times New Roman";}<br /></style>

<![endif]--><span style="font-size: 10pt;">Primera edición en castellano de este texto que desempeñó un papel de primer orden a la hora de historiar cómo se acuño la noción de biosfera, aun cuando tampoco encontró en su momento el eco que merecía su carácter innovador en el terreno científico. </span><span style="font-size: 10pt;">Estudio introductorio de Ramón Margalef y cronología bio–bibliográfica de Jacques Grinevald.</span><span style="font-size: 10pt;"> 218 páginas.</span><span style="font-size: 10pt; line-height: 110%;"><br />
</span></p>
