{"id":27516,"date":"2023-12-03T13:43:40","date_gmt":"2023-12-03T13:43:40","guid":{"rendered":"https:\/\/fcmanrique.org\/?post_type=fcm_publicacion&#038;p=27516"},"modified":"2026-02-03T14:16:08","modified_gmt":"2026-02-03T14:16:08","slug":"entre-2001-y-2006-en-el-curso-de-y-todos-estabamos-vivos","status":"publish","type":"fcm_publicacion","link":"https:\/\/fcmanrique.org\/de\/fcm-publicacion\/entre-2001-y-2006-en-el-curso-de-y-todos-estabamos-vivos\/","title":{"rendered":"Entre 2001 y 2006. En el curso de Y todos est\u00e1bamos vivos"},"content":{"rendered":"<p class=\"qtranxs-available-languages-message qtranxs-available-languages-message-de\">Leider ist der Eintrag nur auf <a href=\"https:\/\/fcmanrique.org\/es\/wp-json\/wp\/v2\/fcm_publicacion\/27516\" class=\"qtranxs-available-language-link qtranxs-available-language-link-es\" title=\"ES\">ES<\/a> verf\u00fcgbar.<\/p><p><strong>Olvido Garc\u00eda Vald\u00e9s<\/strong> naci\u00f3 en Santianes de Pravia, Asturias, en 1950. Es licenciada en Filolog\u00eda Rom\u00e1nica y en Filosof\u00eda. Ha sido catedr\u00e1tica de Lengua Castellana y Literatura, directora del Instituto Cervantes de Toulouse y directora general del Libro, del C\u00f3mic y de la Lectura del Ministerio de Cultura y Deporte.<\/p>\n<p>Entre otros, ha recibido el Premio Reina Sof\u00eda de Poes\u00eda Iberoamericana 2022, el Premio Iberoamericano de Poes\u00eda Pablo Neruda 2021, el Premio de las Letras de Asturias 2016, y el Premio Nacional de Poes\u00eda 2007 por su libro <em>Y todos est\u00e1bamos vivos<\/em> (Tusquets, Barcelona, 2006). Sus libros han sido traducidos al franc\u00e9s, ingl\u00e9s, italiano, alem\u00e1n, polaco y sueco; igualmente sus poemas han aparecido en portugu\u00e9s, rumano, griego, serbio, \u00e1rabe y chino.<\/p>\n<p>Es asimismo autora del ensayo biogr\u00e1fico <em>Teresa de Jes\u00fas<\/em>, de textos para cat\u00e1logos de artes pl\u00e1sticas (Zush, Kiefer, Vicente Rojo, T\u00e0pies, Juan Soriano, Bienal de Venecia 2001, Broto&#8230;) y de numerosos ensayos de reflexi\u00f3n literaria. Ha sido traductora y ha dirigido o coordinado diversos cursos, seminarios y ciclos de poes\u00eda contempor\u00e1nea.<\/p>\n<p>Esta publicaci\u00f3n <em>Entre 2001 y 2006. En el curso de<\/em>&nbsp;Y todos est\u00e1bamos vivos, re\u00fane 43 poemas y 21 entradas de diario. Hace el n\u00famero 15 de la colecci\u00f3n P\u00e9\u00f1ola Blanca y fue publicado en diciembre de 2023.<\/p>\n<p>Materiales: <strong><a href=\"https:\/\/fcmanrique.org\/wp-content\/uploads\/np-04.24.-Libro-Olvido-Garcia.pdf\" target=\"_blank\" rel=\"noopener\">Nota de prensa<\/a><\/strong><\/p>","protected":false},"featured_media":27548,"parent":0,"template":"","meta":{"_acf_changed":false,"ngg_post_thumbnail":0,"footnotes":""},"publicacion_coleccion":[66],"class_list":["post-27516","fcm_publicacion","type-fcm_publicacion","status-publish","has-post-thumbnail","hentry","publicacion_coleccion-penola-blanca"],"acf":[],"_links":{"self":[{"href":"https:\/\/fcmanrique.org\/de\/wp-json\/wp\/v2\/fcm_publicacion\/27516","targetHints":{"allow":["GET"]}}],"collection":[{"href":"https:\/\/fcmanrique.org\/de\/wp-json\/wp\/v2\/fcm_publicacion"}],"about":[{"href":"https:\/\/fcmanrique.org\/de\/wp-json\/wp\/v2\/types\/fcm_publicacion"}],"version-history":[{"count":4,"href":"https:\/\/fcmanrique.org\/de\/wp-json\/wp\/v2\/fcm_publicacion\/27516\/revisions"}],"predecessor-version":[{"id":27549,"href":"https:\/\/fcmanrique.org\/de\/wp-json\/wp\/v2\/fcm_publicacion\/27516\/revisions\/27549"}],"wp:featuredmedia":[{"embeddable":true,"href":"https:\/\/fcmanrique.org\/de\/wp-json\/wp\/v2\/media\/27548"}],"wp:attachment":[{"href":"https:\/\/fcmanrique.org\/de\/wp-json\/wp\/v2\/media?parent=27516"}],"wp:term":[{"taxonomy":"publicacion_coleccion","embeddable":true,"href":"https:\/\/fcmanrique.org\/de\/wp-json\/wp\/v2\/publicacion_coleccion?post=27516"}],"curies":[{"name":"wp","href":"https:\/\/api.w.org\/{rel}","templated":true}]}}

Entre 2001 y 2006. En el curso de Y todos estábamos vivos

<p class="qtranxs-available-languages-message qtranxs-available-languages-message-de">Leider ist der Eintrag nur auf <a href="https://fcmanrique.org/es/wp-json/wp/v2/fcm_publicacion/27516" class="qtranxs-available-language-link qtranxs-available-language-link-es" title="ES">ES</a> verfügbar.</p><p><strong>Olvido García Valdés</strong> nació en Santianes de Pravia, Asturias, en 1950. Es licenciada en Filología Románica y en Filosofía. Ha sido catedrática de Lengua Castellana y Literatura, directora del Instituto Cervantes de Toulouse y directora general del Libro, del Cómic y de la Lectura del Ministerio de Cultura y Deporte.</p>
<p>Entre otros, ha recibido el Premio Reina Sofía de Poesía Iberoamericana 2022, el Premio Iberoamericano de Poesía Pablo Neruda 2021, el Premio de las Letras de Asturias 2016, y el Premio Nacional de Poesía 2007 por su libro <em>Y todos estábamos vivos</em> (Tusquets, Barcelona, 2006). Sus libros han sido traducidos al francés, inglés, italiano, alemán, polaco y sueco; igualmente sus poemas han aparecido en portugués, rumano, griego, serbio, árabe y chino.</p>
<p>Es asimismo autora del ensayo biográfico <em>Teresa de Jesús</em>, de textos para catálogos de artes plásticas (Zush, Kiefer, Vicente Rojo, Tàpies, Juan Soriano, Bienal de Venecia 2001, Broto&#8230;) y de numerosos ensayos de reflexión literaria. Ha sido traductora y ha dirigido o coordinado diversos cursos, seminarios y ciclos de poesía contemporánea.</p>
<p>Esta publicación <em>Entre 2001 y 2006. En el curso de</em>&nbsp;Y todos estábamos vivos, reúne 43 poemas y 21 entradas de diario. Hace el número 15 de la colección Péñola Blanca y fue publicado en diciembre de 2023.</p>
<p>Materiales: <strong><a href="https://fcmanrique.org/wp-content/uploads/np-04.24.-Libro-Olvido-Garcia.pdf" target="_blank" rel="noopener">Nota de prensa</a></strong></p>
