{"id":18807,"date":"2019-05-02T22:00:49","date_gmt":"2019-05-02T22:00:49","guid":{"rendered":"https:\/\/fcmanrique.org\/?post_type=fcm_video&#038;p=18807"},"modified":"2023-06-15T18:13:29","modified_gmt":"2023-06-15T18:13:29","slug":"conferencia-juan-vicente-aliaga-2-de-mayo-la-revolucion-feminista-desde-la-perspectiva-del-arte-los-anos-60-y-70","status":"publish","type":"fcm_video","link":"https:\/\/fcmanrique.org\/de\/fcm-video\/conferencia-juan-vicente-aliaga-2-de-mayo-la-revolucion-feminista-desde-la-perspectiva-del-arte-los-anos-60-y-70\/","title":{"rendered":"Juan Vicente Aliaga. \u00abLa revoluci\u00f3n feminista desde la perspectiva del arte. Los a\u00f1os sesenta y setenta\u00bb"},"content":{"rendered":"<p class=\"qtranxs-available-languages-message qtranxs-available-languages-message-de\">Leider ist der Eintrag nur auf <a href=\"https:\/\/fcmanrique.org\/es\/wp-json\/wp\/v2\/fcm_video\/18807\" class=\"qtranxs-available-language-link qtranxs-available-language-link-es\" title=\"ES\">ES<\/a> verf\u00fcgbar.<\/p><p><strong>Ciclo de conferencias. C\u00e9sar Manrique y sus contextos<\/strong><\/p>\n<p>La intervenci\u00f3n de Juan Vicente Aliaga se incluye en el ciclo de conferencias <em>C\u00e9sar Manrique y sus contextos<\/em>, en el que tambi\u00e9n se contar\u00e1 con la presencia de Carme Pin\u00f3s, Sim\u00f3n March\u00e1n, Estrella de Diego, Patricia Molins y Jos\u00e9 Luis de la Nuez Santana. El foro est\u00e1 destinado a recoger intervenciones que traten asuntos relacionados con la obra de C\u00e9sar Manrique y con el contexto hist\u00f3rico en que desarroll\u00f3 su actividad pl\u00e1stica, paisaj\u00edstica y creativa, en general.<\/p>\n<p><strong>Juan Vicente Aliaga<\/strong> es profesor titular de la Facultad de Bellas Artes en la Universidad Polit\u00e9cnica de Valencia y comisario independiente de exposiciones.<\/p>\n<p><strong>Leer la cr\u00f3nica de la conferencia:<\/strong>&nbsp;<a href=\"https:\/\/fcmanrique.org\/fcm-c-acti-celebrada\/juan-vicente-aliaga-en-la-fcm\/?lang=es\">https:\/\/fcmanrique.org\/fcm-c-acti-celebrada\/juan-vicente-aliaga-en-la-fcm\/?lang=es<\/a><\/p>\n<p><strong>M\u00e1s informaci\u00f3n:&nbsp;<\/strong><a href=\"https:\/\/fcmanrique.org\/wp-content\/uploads\/fc-manrique-conferencia-juan-vicente-aliaga.pdf\">Nota de prensa<\/a><\/p>","protected":false},"featured_media":23624,"parent":0,"template":"","meta":{"_acf_changed":false,"ngg_post_thumbnail":0,"footnotes":""},"video_coleccion":[97],"class_list":["post-18807","fcm_video","type-fcm_video","status-publish","has-post-thumbnail","hentry","video_coleccion-conferencia"],"acf":[],"_links":{"self":[{"href":"https:\/\/fcmanrique.org\/de\/wp-json\/wp\/v2\/fcm_video\/18807","targetHints":{"allow":["GET"]}}],"collection":[{"href":"https:\/\/fcmanrique.org\/de\/wp-json\/wp\/v2\/fcm_video"}],"about":[{"href":"https:\/\/fcmanrique.org\/de\/wp-json\/wp\/v2\/types\/fcm_video"}],"version-history":[{"count":18,"href":"https:\/\/fcmanrique.org\/de\/wp-json\/wp\/v2\/fcm_video\/18807\/revisions"}],"predecessor-version":[{"id":23534,"href":"https:\/\/fcmanrique.org\/de\/wp-json\/wp\/v2\/fcm_video\/18807\/revisions\/23534"}],"wp:featuredmedia":[{"embeddable":true,"href":"https:\/\/fcmanrique.org\/de\/wp-json\/wp\/v2\/media\/23624"}],"wp:attachment":[{"href":"https:\/\/fcmanrique.org\/de\/wp-json\/wp\/v2\/media?parent=18807"}],"wp:term":[{"taxonomy":"video_coleccion","embeddable":true,"href":"https:\/\/fcmanrique.org\/de\/wp-json\/wp\/v2\/video_coleccion?post=18807"}],"curies":[{"name":"wp","href":"https:\/\/api.w.org\/{rel}","templated":true}]}}

Juan Vicente Aliaga. «La revolución feminista desde la perspectiva del arte. Los años sesenta y setenta»

<p class="qtranxs-available-languages-message qtranxs-available-languages-message-de">Leider ist der Eintrag nur auf <a href="https://fcmanrique.org/es/wp-json/wp/v2/fcm_video/18807" class="qtranxs-available-language-link qtranxs-available-language-link-es" title="ES">ES</a> verfügbar.</p><p><strong>Ciclo de conferencias. César Manrique y sus contextos</strong></p>
<p>La intervención de Juan Vicente Aliaga se incluye en el ciclo de conferencias <em>César Manrique y sus contextos</em>, en el que también se contará con la presencia de Carme Pinós, Simón Marchán, Estrella de Diego, Patricia Molins y José Luis de la Nuez Santana. El foro está destinado a recoger intervenciones que traten asuntos relacionados con la obra de César Manrique y con el contexto histórico en que desarrolló su actividad plástica, paisajística y creativa, en general.</p>
<p><strong>Juan Vicente Aliaga</strong> es profesor titular de la Facultad de Bellas Artes en la Universidad Politécnica de Valencia y comisario independiente de exposiciones.</p>
<p><strong>Leer la crónica de la conferencia:</strong>&nbsp;<a href="https://fcmanrique.org/fcm-c-acti-celebrada/juan-vicente-aliaga-en-la-fcm/?lang=es">https://fcmanrique.org/fcm-c-acti-celebrada/juan-vicente-aliaga-en-la-fcm/?lang=es</a></p>
<p><strong>Más información:&nbsp;</strong><a href="https://fcmanrique.org/wp-content/uploads/fc-manrique-conferencia-juan-vicente-aliaga.pdf">Nota de prensa</a></p>
