{"id":19307,"date":"2019-05-25T14:24:19","date_gmt":"2019-05-25T14:24:19","guid":{"rendered":"https:\/\/fcmanrique.org\/?post_type=fcm_video&#038;p=19307"},"modified":"2023-06-15T18:13:28","modified_gmt":"2023-06-15T18:13:28","slug":"mesa-redonda-proyectos-junto-a-cesar-asi-se-trabajaba-14-de-junio","status":"publish","type":"fcm_video","link":"https:\/\/fcmanrique.org\/de\/fcm-video\/mesa-redonda-proyectos-junto-a-cesar-asi-se-trabajaba-14-de-junio\/","title":{"rendered":"Mesa redonda. \u00abProyectos junto a C\u00e9sar. As\u00ed se trabajaba\u00bb"},"content":{"rendered":"<p class=\"qtranxs-available-languages-message qtranxs-available-languages-message-de\">Leider ist der Eintrag nur auf <a href=\"https:\/\/fcmanrique.org\/es\/wp-json\/wp\/v2\/fcm_video\/19307\" class=\"qtranxs-available-language-link qtranxs-available-language-link-es\" title=\"ES\">ES<\/a> verf\u00fcgbar.<\/p><p><strong>Mesa redonda. C\u00e9sar Manrique. Memoria compartida<\/strong><\/p>\n<p>En torno a la mesa redonda se reunieron Juan Alfredo Amig\u00f3 (ingeniero), Jos\u00e9 Luis Olcina (ingeniero) y Esteban Armas (aparejador). La actividad, estuvo&nbsp;moderada por los periodistas Isabel Lusarreta y Jaime Puig.<\/p>\n<p>Con esta mesa redonda se abre el ciclo <em>C\u00e9sar Manrique. Memoria compartid<\/em>a en el que, a lo largo del a\u00f1o, est\u00e1n previstas otras tres mesas en las que se abordar\u00e1n, desde perspectivas complementarias, otras facetas relacionadas con la producci\u00f3n art\u00edstica, el compromiso y la personalidad de C\u00e9sar Manrique.<\/p>\n<p><strong>Leer la cr\u00f3nica de la mesa redonda:&nbsp;<\/strong><a href=\"https:\/\/fcmanrique.org\/fcm-c-acti-celebrada\/mesa-redonda-proyectos-junto-a-cesar\/?lang=es\">https:\/\/fcmanrique.org\/fcm-c-acti-celebrada\/mesa-redonda-proyectos-junto-a-cesar\/?lang=es<\/a><\/p>\n<p><strong>M\u00e1s informaci\u00f3n:&nbsp;<\/strong><a href=\"https:\/\/fcmanrique.org\/wp-content\/uploads\/fc-manrique-mesa-redonda-proyectos-junto-a-cesar.pdf\" target=\"_blank\" rel=\"noopener\">M\u00e1s informaci\u00f3n sobre la mesa redonda<em> Proyectos junto a C\u00e9sar<\/em><\/a><\/p>","protected":false},"featured_media":23628,"parent":0,"template":"","meta":{"_acf_changed":false,"ngg_post_thumbnail":0,"footnotes":""},"video_coleccion":[105],"class_list":["post-19307","fcm_video","type-fcm_video","status-publish","has-post-thumbnail","hentry","video_coleccion-mesa-redonda"],"acf":[],"_links":{"self":[{"href":"https:\/\/fcmanrique.org\/de\/wp-json\/wp\/v2\/fcm_video\/19307","targetHints":{"allow":["GET"]}}],"collection":[{"href":"https:\/\/fcmanrique.org\/de\/wp-json\/wp\/v2\/fcm_video"}],"about":[{"href":"https:\/\/fcmanrique.org\/de\/wp-json\/wp\/v2\/types\/fcm_video"}],"version-history":[{"count":13,"href":"https:\/\/fcmanrique.org\/de\/wp-json\/wp\/v2\/fcm_video\/19307\/revisions"}],"predecessor-version":[{"id":23542,"href":"https:\/\/fcmanrique.org\/de\/wp-json\/wp\/v2\/fcm_video\/19307\/revisions\/23542"}],"wp:featuredmedia":[{"embeddable":true,"href":"https:\/\/fcmanrique.org\/de\/wp-json\/wp\/v2\/media\/23628"}],"wp:attachment":[{"href":"https:\/\/fcmanrique.org\/de\/wp-json\/wp\/v2\/media?parent=19307"}],"wp:term":[{"taxonomy":"video_coleccion","embeddable":true,"href":"https:\/\/fcmanrique.org\/de\/wp-json\/wp\/v2\/video_coleccion?post=19307"}],"curies":[{"name":"wp","href":"https:\/\/api.w.org\/{rel}","templated":true}]}}

Mesa redonda. «Proyectos junto a César. Así se trabajaba»

<p class="qtranxs-available-languages-message qtranxs-available-languages-message-de">Leider ist der Eintrag nur auf <a href="https://fcmanrique.org/es/wp-json/wp/v2/fcm_video/19307" class="qtranxs-available-language-link qtranxs-available-language-link-es" title="ES">ES</a> verfügbar.</p><p><strong>Mesa redonda. César Manrique. Memoria compartida</strong></p>
<p>En torno a la mesa redonda se reunieron Juan Alfredo Amigó (ingeniero), José Luis Olcina (ingeniero) y Esteban Armas (aparejador). La actividad, estuvo&nbsp;moderada por los periodistas Isabel Lusarreta y Jaime Puig.</p>
<p>Con esta mesa redonda se abre el ciclo <em>César Manrique. Memoria compartid</em>a en el que, a lo largo del año, están previstas otras tres mesas en las que se abordarán, desde perspectivas complementarias, otras facetas relacionadas con la producción artística, el compromiso y la personalidad de César Manrique.</p>
<p><strong>Leer la crónica de la mesa redonda:&nbsp;</strong><a href="https://fcmanrique.org/fcm-c-acti-celebrada/mesa-redonda-proyectos-junto-a-cesar/?lang=es">https://fcmanrique.org/fcm-c-acti-celebrada/mesa-redonda-proyectos-junto-a-cesar/?lang=es</a></p>
<p><strong>Más información:&nbsp;</strong><a href="https://fcmanrique.org/wp-content/uploads/fc-manrique-mesa-redonda-proyectos-junto-a-cesar.pdf" target="_blank" rel="noopener">Más información sobre la mesa redonda<em> Proyectos junto a César</em></a></p>
