{"id":19928,"date":"2019-06-15T12:47:42","date_gmt":"2019-06-15T12:47:42","guid":{"rendered":"https:\/\/fcmanrique.org\/?post_type=fcm_video&#038;p=19928"},"modified":"2023-06-15T18:13:28","modified_gmt":"2023-06-15T18:13:28","slug":"concierto-encuentro-internacional-de-verseadores-15-junio","status":"publish","type":"fcm_video","link":"https:\/\/fcmanrique.org\/de\/fcm-video\/concierto-encuentro-internacional-de-verseadores-15-junio\/","title":{"rendered":"Encuentro internacional de verseadores"},"content":{"rendered":"<p class=\"qtranxs-available-languages-message qtranxs-available-languages-message-de\">Leider ist der Eintrag nur auf <a href=\"https:\/\/fcmanrique.org\/es\/wp-json\/wp\/v2\/fcm_video\/19928\" class=\"qtranxs-available-language-link qtranxs-available-language-link-es\" title=\"ES\">ES<\/a> verf\u00fcgbar.<\/p><p><strong>Verseadores de varios pa\u00edses homenajean a C\u00e9sar Manrique en un encuentro musical internacional.<\/strong><\/p>\n<p>La Fundaci\u00f3n C\u00e9sar Manrique (FCM), en colaboraci\u00f3n con el Ayuntamiento de Arrecife, organiz\u00f3 un Encuentro internacional de verseadores que el pasado s\u00e1bado, 15 de junio, a las 21:00 horas, en la plaza de El Almac\u00e9n, bajo el t\u00edtulo <em>Versos por C\u00e9sar Manrique<\/em>.<\/p>\n<p>Artistas de seis pa\u00edses americanos, y los anfitriones canarios, se unieron en este Encuentro Internacional para recordar a C\u00e9sar Manrique con sus versos -improvisados y recreados-, as\u00ed como para reivindicar la validez y la necesidad, ahora m\u00e1s que nunca, de su mensaje art\u00edstico y vital.<\/p>\n<p><strong>Leer la cr\u00f3nica del evento:<\/strong> <a href=\"https:\/\/fcmanrique.org\/fcm-c-acti-celebrada\/encuentro-internacional-de-verseadores\/?lang=es\">https:\/\/fcmanrique.org\/fcm-c-acti-celebrada\/encuentro-internacional-de-verseadores\/?lang=es<\/a><\/p>\n<p><strong>M\u00e1s informaci\u00f3n:&nbsp;<\/strong><a href=\"https:\/\/fcmanrique.org\/wp-content\/uploads\/fc-manrique-encuentro-internacional-de-verseadores.pdf\">Nota de prensa<\/a><\/p>","protected":false},"featured_media":23631,"parent":0,"template":"","meta":{"_acf_changed":false,"ngg_post_thumbnail":0,"footnotes":""},"video_coleccion":[140],"class_list":["post-19928","fcm_video","type-fcm_video","status-publish","has-post-thumbnail","hentry","video_coleccion-musica"],"acf":[],"_links":{"self":[{"href":"https:\/\/fcmanrique.org\/de\/wp-json\/wp\/v2\/fcm_video\/19928","targetHints":{"allow":["GET"]}}],"collection":[{"href":"https:\/\/fcmanrique.org\/de\/wp-json\/wp\/v2\/fcm_video"}],"about":[{"href":"https:\/\/fcmanrique.org\/de\/wp-json\/wp\/v2\/types\/fcm_video"}],"version-history":[{"count":10,"href":"https:\/\/fcmanrique.org\/de\/wp-json\/wp\/v2\/fcm_video\/19928\/revisions"}],"predecessor-version":[{"id":23548,"href":"https:\/\/fcmanrique.org\/de\/wp-json\/wp\/v2\/fcm_video\/19928\/revisions\/23548"}],"wp:featuredmedia":[{"embeddable":true,"href":"https:\/\/fcmanrique.org\/de\/wp-json\/wp\/v2\/media\/23631"}],"wp:attachment":[{"href":"https:\/\/fcmanrique.org\/de\/wp-json\/wp\/v2\/media?parent=19928"}],"wp:term":[{"taxonomy":"video_coleccion","embeddable":true,"href":"https:\/\/fcmanrique.org\/de\/wp-json\/wp\/v2\/video_coleccion?post=19928"}],"curies":[{"name":"wp","href":"https:\/\/api.w.org\/{rel}","templated":true}]}}

<p class="qtranxs-available-languages-message qtranxs-available-languages-message-de">Leider ist der Eintrag nur auf <a href="https://fcmanrique.org/es/wp-json/wp/v2/fcm_video/19928" class="qtranxs-available-language-link qtranxs-available-language-link-es" title="ES">ES</a> verfügbar.</p><p><strong>Verseadores de varios países homenajean a César Manrique en un encuentro musical internacional.</strong></p>
<p>La Fundación César Manrique (FCM), en colaboración con el Ayuntamiento de Arrecife, organizó un Encuentro internacional de verseadores que el pasado sábado, 15 de junio, a las 21:00 horas, en la plaza de El Almacén, bajo el título <em>Versos por César Manrique</em>.</p>
<p>Artistas de seis países americanos, y los anfitriones canarios, se unieron en este Encuentro Internacional para recordar a César Manrique con sus versos -improvisados y recreados-, así como para reivindicar la validez y la necesidad, ahora más que nunca, de su mensaje artístico y vital.</p>
<p><strong>Leer la crónica del evento:</strong> <a href="https://fcmanrique.org/fcm-c-acti-celebrada/encuentro-internacional-de-verseadores/?lang=es">https://fcmanrique.org/fcm-c-acti-celebrada/encuentro-internacional-de-verseadores/?lang=es</a></p>
<p><strong>Más información:&nbsp;</strong><a href="https://fcmanrique.org/wp-content/uploads/fc-manrique-encuentro-internacional-de-verseadores.pdf">Nota de prensa</a></p>
