{"id":20017,"date":"2019-07-09T19:00:33","date_gmt":"2019-07-09T19:00:33","guid":{"rendered":"https:\/\/fcmanrique.org\/?post_type=fcm_video&#038;p=20017"},"modified":"2023-06-15T18:09:18","modified_gmt":"2023-06-15T18:09:18","slug":"conversacion-fernando-vallespin-9-julio","status":"publish","type":"fcm_video","link":"https:\/\/fcmanrique.org\/de\/fcm-video\/conversacion-fernando-vallespin-9-julio\/","title":{"rendered":"Fernando Vallesp\u00edn con Luisa del Rosario y Francisco Pomares. \u00abPopulismos y democracia\u00bb"},"content":{"rendered":"<p class=\"qtranxs-available-languages-message qtranxs-available-languages-message-de\">Leider ist der Eintrag nur auf <a href=\"https:\/\/fcmanrique.org\/es\/wp-json\/wp\/v2\/fcm_video\/20017\" class=\"qtranxs-available-language-link qtranxs-available-language-link-es\" title=\"ES\">ES<\/a> verf\u00fcgbar.<\/p><p><strong>Di\u00e1logos con periodistas. Democracia y periodismo en su laberinto<\/strong><\/p>\n<p>El encuentro entre Vallesp\u00edn, Del Rosario y Pomares forma parte del ciclo de di\u00e1logos con periodistas <em>Democracia y periodismo en su laberinto<\/em>, que comenz\u00f3 con un di\u00e1logo entre Ignacio Escolar y Olga Rodr\u00edguez bajo el t\u00edtulo <em>Periodismo, democracia y posverdad. La manipulaci\u00f3n y la mentira pseudo informativa<\/em>, moderado por Jazael Ascanio y Javier Dur\u00e1n; y continuar\u00e1 en septiembre con la conversaci\u00f3n <em>Presente y futuro del periodismo: digitalizaci\u00f3n, informaci\u00f3n, comunicaci\u00f3n y formaci\u00f3n de la opini\u00f3n p\u00fablica<\/em>&nbsp;en la que participar\u00e1n Leila Guerriero y Jes\u00fas Mara\u00f1a, conducida por Teresa C\u00e1rdenes y Carmelo Rivero.<\/p>\n<p><strong>Fernando Vallesp\u00edn<\/strong> es catedr\u00e1tico de Ciencia Pol\u00edtica en la Universidad Aut\u00f3noma de Madrid. Ha publicado un centenar largo de art\u00edculos acad\u00e9micos y cap\u00edtulos de libros de Ciencia y Teor\u00eda pol\u00edtica en revistas espa\u00f1olas y extranjeras, con especial predilecci\u00f3n por la teor\u00eda pol\u00edtica contempor\u00e1nea. Forma parte, asimismo, de diversos consejos editoriales en revistas espa\u00f1olas y extranjeras. Colabora habitualmente en el diario \u00abEl Pa\u00eds\u00bb.<\/p>\n<p><strong>Leer la cr\u00f3nica de la conversaci\u00f3n:&nbsp;<\/strong><a href=\"https:\/\/fcmanrique.org\/fcm-c-acti-celebrada\/fernando-vallespin\/?lang=es\">https:\/\/fcmanrique.org\/fcm-c-acti-celebrada\/fernando-vallespin\/?lang=es<\/a><\/p>\n<p><strong>M\u00e1s informaci\u00f3n:<\/strong>&nbsp;<a href=\"https:\/\/fcmanrique.org\/wp-content\/uploads\/fc-manrique-conversacion-fernando-vallespin.pdf\">Nota de prensa<\/a><\/p>","protected":false},"featured_media":23645,"parent":0,"template":"","meta":{"_acf_changed":false,"ngg_post_thumbnail":0,"footnotes":""},"video_coleccion":[127],"class_list":["post-20017","fcm_video","type-fcm_video","status-publish","has-post-thumbnail","hentry","video_coleccion-conversacion"],"acf":[],"_links":{"self":[{"href":"https:\/\/fcmanrique.org\/de\/wp-json\/wp\/v2\/fcm_video\/20017","targetHints":{"allow":["GET"]}}],"collection":[{"href":"https:\/\/fcmanrique.org\/de\/wp-json\/wp\/v2\/fcm_video"}],"about":[{"href":"https:\/\/fcmanrique.org\/de\/wp-json\/wp\/v2\/types\/fcm_video"}],"version-history":[{"count":12,"href":"https:\/\/fcmanrique.org\/de\/wp-json\/wp\/v2\/fcm_video\/20017\/revisions"}],"predecessor-version":[{"id":23550,"href":"https:\/\/fcmanrique.org\/de\/wp-json\/wp\/v2\/fcm_video\/20017\/revisions\/23550"}],"wp:featuredmedia":[{"embeddable":true,"href":"https:\/\/fcmanrique.org\/de\/wp-json\/wp\/v2\/media\/23645"}],"wp:attachment":[{"href":"https:\/\/fcmanrique.org\/de\/wp-json\/wp\/v2\/media?parent=20017"}],"wp:term":[{"taxonomy":"video_coleccion","embeddable":true,"href":"https:\/\/fcmanrique.org\/de\/wp-json\/wp\/v2\/video_coleccion?post=20017"}],"curies":[{"name":"wp","href":"https:\/\/api.w.org\/{rel}","templated":true}]}}

Fernando Vallespín con Luisa del Rosario y Francisco Pomares. «Populismos y democracia»

<p class="qtranxs-available-languages-message qtranxs-available-languages-message-de">Leider ist der Eintrag nur auf <a href="https://fcmanrique.org/es/wp-json/wp/v2/fcm_video/20017" class="qtranxs-available-language-link qtranxs-available-language-link-es" title="ES">ES</a> verfügbar.</p><p><strong>Diálogos con periodistas. Democracia y periodismo en su laberinto</strong></p>
<p>El encuentro entre Vallespín, Del Rosario y Pomares forma parte del ciclo de diálogos con periodistas <em>Democracia y periodismo en su laberinto</em>, que comenzó con un diálogo entre Ignacio Escolar y Olga Rodríguez bajo el título <em>Periodismo, democracia y posverdad. La manipulación y la mentira pseudo informativa</em>, moderado por Jazael Ascanio y Javier Durán; y continuará en septiembre con la conversación <em>Presente y futuro del periodismo: digitalización, información, comunicación y formación de la opinión pública</em>&nbsp;en la que participarán Leila Guerriero y Jesús Maraña, conducida por Teresa Cárdenes y Carmelo Rivero.</p>
<p><strong>Fernando Vallespín</strong> es catedrático de Ciencia Política en la Universidad Autónoma de Madrid. Ha publicado un centenar largo de artículos académicos y capítulos de libros de Ciencia y Teoría política en revistas españolas y extranjeras, con especial predilección por la teoría política contemporánea. Forma parte, asimismo, de diversos consejos editoriales en revistas españolas y extranjeras. Colabora habitualmente en el diario «El País».</p>
<p><strong>Leer la crónica de la conversación:&nbsp;</strong><a href="https://fcmanrique.org/fcm-c-acti-celebrada/fernando-vallespin/?lang=es">https://fcmanrique.org/fcm-c-acti-celebrada/fernando-vallespin/?lang=es</a></p>
<p><strong>Más información:</strong>&nbsp;<a href="https://fcmanrique.org/wp-content/uploads/fc-manrique-conversacion-fernando-vallespin.pdf">Nota de prensa</a></p>
