{"id":20357,"date":"2019-09-18T19:00:47","date_gmt":"2019-09-18T19:00:47","guid":{"rendered":"https:\/\/fcmanrique.org\/?post_type=fcm_video&#038;p=20357"},"modified":"2023-06-15T18:09:18","modified_gmt":"2023-06-15T18:09:18","slug":"mesa-redondajose-ramirez-cerda-y-cesar-manrique-mito-y-realidad-18-septiembre","status":"publish","type":"fcm_video","link":"https:\/\/fcmanrique.org\/de\/fcm-video\/mesa-redondajose-ramirez-cerda-y-cesar-manrique-mito-y-realidad-18-septiembre\/","title":{"rendered":"Mesa redonda. \u00abJos\u00e9 Ram\u00edrez Cerd\u00e1 y C\u00e9sar Manrique: mito y realidad\u00bb"},"content":{"rendered":"<p class=\"qtranxs-available-languages-message qtranxs-available-languages-message-de\">Leider ist der Eintrag nur auf <a href=\"https:\/\/fcmanrique.org\/es\/wp-json\/wp\/v2\/fcm_video\/20357\" class=\"qtranxs-available-language-link qtranxs-available-language-link-es\" title=\"ES\">ES<\/a> verf\u00fcgbar.<\/p><p><strong>Ciclo C\u00e9sar Manrique. Memoria compartida<\/strong><\/p>\n<p>En torno a la mesa redonda se reunieron Sa\u00fal Garc\u00eda, Antonio Gonz\u00e1lez Vi\u00e9itez, Manuel Riveiro, Soraya Morales, Enrique P\u00e9rez Parrilla, Luis Fajardo y \u00c1lvaro Garc\u00eda Gonz\u00e1lez.<\/p>\n<p>Esta mesa redonda forma parte del ciclo <em>C\u00e9sar Manrique. Memoria compartida<\/em>&nbsp;en el que, a lo largo del a\u00f1o, est\u00e1n previstas otras mesas en las que se abordar\u00e1n, desde perspectivas complementarias, otras facetas relacionadas con la producci\u00f3n art\u00edstica, el compromiso y la personalidad de C\u00e9sar Manrique.<\/p>\n<p style=\"text-align: left;\" align=\"justify\"><strong>Leer la cr\u00f3nica de la conversaci\u00f3n:<\/strong>&nbsp;<a href=\"https:\/\/fcmanrique.org\/fcm-c-acti-celebrada\/pepin-y-cesar\/?lang=es\">https:\/\/fcmanrique.org\/fcm-c-acti-celebrada\/pepin-y-cesar\/?lang=es<\/a><\/p>\n<p align=\"justify\"><strong>M\u00e1s informaci\u00f3n:&nbsp;<\/strong><a href=\"https:\/\/fcmanrique.org\/wp-content\/uploads\/fc-manrique-mesa-redonda-jose-ramirez-cerda-cesar-manrique.pdf\">M\u00e1s informaci\u00f3n sobre la Mesa Redonda <em>Jos\u00e9 Ram\u00edrez Cerd\u00e1 y C\u00e9sar Manrique: mito y realidad<\/em><\/a><\/p>\n<p><\/p>","protected":false},"featured_media":23648,"parent":0,"template":"","meta":{"_acf_changed":false,"ngg_post_thumbnail":0,"footnotes":""},"video_coleccion":[105],"class_list":["post-20357","fcm_video","type-fcm_video","status-publish","has-post-thumbnail","hentry","video_coleccion-mesa-redonda"],"acf":[],"_links":{"self":[{"href":"https:\/\/fcmanrique.org\/de\/wp-json\/wp\/v2\/fcm_video\/20357","targetHints":{"allow":["GET"]}}],"collection":[{"href":"https:\/\/fcmanrique.org\/de\/wp-json\/wp\/v2\/fcm_video"}],"about":[{"href":"https:\/\/fcmanrique.org\/de\/wp-json\/wp\/v2\/types\/fcm_video"}],"version-history":[{"count":8,"href":"https:\/\/fcmanrique.org\/de\/wp-json\/wp\/v2\/fcm_video\/20357\/revisions"}],"predecessor-version":[{"id":23573,"href":"https:\/\/fcmanrique.org\/de\/wp-json\/wp\/v2\/fcm_video\/20357\/revisions\/23573"}],"wp:featuredmedia":[{"embeddable":true,"href":"https:\/\/fcmanrique.org\/de\/wp-json\/wp\/v2\/media\/23648"}],"wp:attachment":[{"href":"https:\/\/fcmanrique.org\/de\/wp-json\/wp\/v2\/media?parent=20357"}],"wp:term":[{"taxonomy":"video_coleccion","embeddable":true,"href":"https:\/\/fcmanrique.org\/de\/wp-json\/wp\/v2\/video_coleccion?post=20357"}],"curies":[{"name":"wp","href":"https:\/\/api.w.org\/{rel}","templated":true}]}}

Mesa redonda. «José Ramírez Cerdá y César Manrique: mito y realidad»

<p class="qtranxs-available-languages-message qtranxs-available-languages-message-de">Leider ist der Eintrag nur auf <a href="https://fcmanrique.org/es/wp-json/wp/v2/fcm_video/20357" class="qtranxs-available-language-link qtranxs-available-language-link-es" title="ES">ES</a> verfügbar.</p><p><strong>Ciclo César Manrique. Memoria compartida</strong></p>
<p>En torno a la mesa redonda se reunieron Saúl García, Antonio González Viéitez, Manuel Riveiro, Soraya Morales, Enrique Pérez Parrilla, Luis Fajardo y Álvaro García González.</p>
<p>Esta mesa redonda forma parte del ciclo <em>César Manrique. Memoria compartida</em>&nbsp;en el que, a lo largo del año, están previstas otras mesas en las que se abordarán, desde perspectivas complementarias, otras facetas relacionadas con la producción artística, el compromiso y la personalidad de César Manrique.</p>
<p style="text-align: left;" align="justify"><strong>Leer la crónica de la conversación:</strong>&nbsp;<a href="https://fcmanrique.org/fcm-c-acti-celebrada/pepin-y-cesar/?lang=es">https://fcmanrique.org/fcm-c-acti-celebrada/pepin-y-cesar/?lang=es</a></p>
<p align="justify"><strong>Más información:&nbsp;</strong><a href="https://fcmanrique.org/wp-content/uploads/fc-manrique-mesa-redonda-jose-ramirez-cerda-cesar-manrique.pdf">Más información sobre la Mesa Redonda <em>José Ramírez Cerdá y César Manrique: mito y realidad</em></a></p>
<p></p>
