{"id":20492,"date":"2019-09-19T19:00:57","date_gmt":"2019-09-19T19:00:57","guid":{"rendered":"https:\/\/fcmanrique.org\/?post_type=fcm_video&#038;p=20492"},"modified":"2023-06-15T18:09:18","modified_gmt":"2023-06-15T18:09:18","slug":"presentacion-libropepin-ramirez-el-hombre-que-convirtio-a-manrique-en-cesar-19-septiembre","status":"publish","type":"fcm_video","link":"https:\/\/fcmanrique.org\/de\/fcm-video\/presentacion-libropepin-ramirez-el-hombre-que-convirtio-a-manrique-en-cesar-19-septiembre\/","title":{"rendered":"\u00abPep\u00edn Ram\u00edrez. El hombre que convirti\u00f3 a Manrique en C\u00e9sar\u00bb de Sa\u00fal Garc\u00eda"},"content":{"rendered":"<p class=\"qtranxs-available-languages-message qtranxs-available-languages-message-de\">Leider ist der Eintrag nur auf <a href=\"https:\/\/fcmanrique.org\/es\/wp-json\/wp\/v2\/fcm_video\/20492\" class=\"qtranxs-available-language-link qtranxs-available-language-link-es\" title=\"ES\">ES<\/a> verf\u00fcgbar.<\/p><p><strong>Presentaci\u00f3n. Libro<\/strong><\/p>\n<p><em>Pep\u00edn Ram\u00edrez. El hombre que convirti\u00f3 a Manrique en C\u00e9sar<\/em>&nbsp;es una biograf\u00eda de Jos\u00e9 Ram\u00edrez Cerd\u00e1 (Lanzarote, 1919 \u2013 1987): alcalde de Arrecife desde 1955 hasta 1960, presidente del Cabildo de Lanzarote entre 1960 y 1974, senador por el PSOE en el per\u00edodo 1983 \u2013 1987, y, sobre todo, impulsor de la transformaci\u00f3n moderna de la Isla, junto a C\u00e9sar Manrique, proceso en el que desempe\u00f1\u00f3 un papel clave la creaci\u00f3n de los Centros de Arte, Cultura y Turismo.<\/p>\n<p><strong>Sa\u00fal Garc\u00eda<\/strong> es periodista. Actualmente, trabaja como redactor en \u201cDiario de Lanzarote\u201d, \u201cDiario de Fuerteventura\u201d y es autor del blog \u201cEl paseo\u201d. Colabora en otros medios de comunicaci\u00f3n locales como Radio Lanzarote y Biosfera TV, y ha publicado en medios nacionales como \u201celdiario.es\u201d o \u201cEl Pa\u00eds\u201d. Adem\u00e1s, es miembro de la Junta directiva de la Uni\u00f3n de Profesionales de la Comunicaci\u00f3n de Canarias y colaborador habitual de la Fundaci\u00f3n C\u00e9sar Manrique.<\/p>\n<p><strong>Leer la cr\u00f3nica de la presentaci\u00f3n del libro:<\/strong>&nbsp;<a href=\"https:\/\/fcmanrique.org\/fcm-c-acti-celebrada\/libro-pepin\/?lang=es\">https:\/\/fcmanrique.org\/fcm-c-acti-celebrada\/libro-pepin\/?lang=es<\/a><\/p>\n<p><strong>M\u00e1s informaci\u00f3n:<\/strong> <a href=\"https:\/\/fcmanrique.org\/wp-content\/uploads\/fc-manrique-presentacion-libro-jose-ramirez-cerda.pdf\">Nota de prensa<\/a><\/p>","protected":false},"featured_media":23649,"parent":0,"template":"","meta":{"_acf_changed":false,"ngg_post_thumbnail":0,"footnotes":""},"video_coleccion":[145],"class_list":["post-20492","fcm_video","type-fcm_video","status-publish","has-post-thumbnail","hentry","video_coleccion-presentacion-libro"],"acf":[],"_links":{"self":[{"href":"https:\/\/fcmanrique.org\/de\/wp-json\/wp\/v2\/fcm_video\/20492","targetHints":{"allow":["GET"]}}],"collection":[{"href":"https:\/\/fcmanrique.org\/de\/wp-json\/wp\/v2\/fcm_video"}],"about":[{"href":"https:\/\/fcmanrique.org\/de\/wp-json\/wp\/v2\/types\/fcm_video"}],"version-history":[{"count":19,"href":"https:\/\/fcmanrique.org\/de\/wp-json\/wp\/v2\/fcm_video\/20492\/revisions"}],"predecessor-version":[{"id":23588,"href":"https:\/\/fcmanrique.org\/de\/wp-json\/wp\/v2\/fcm_video\/20492\/revisions\/23588"}],"wp:featuredmedia":[{"embeddable":true,"href":"https:\/\/fcmanrique.org\/de\/wp-json\/wp\/v2\/media\/23649"}],"wp:attachment":[{"href":"https:\/\/fcmanrique.org\/de\/wp-json\/wp\/v2\/media?parent=20492"}],"wp:term":[{"taxonomy":"video_coleccion","embeddable":true,"href":"https:\/\/fcmanrique.org\/de\/wp-json\/wp\/v2\/video_coleccion?post=20492"}],"curies":[{"name":"wp","href":"https:\/\/api.w.org\/{rel}","templated":true}]}}

«Pepín Ramírez. El hombre que convirtió a Manrique en César» de Saúl García

<p class="qtranxs-available-languages-message qtranxs-available-languages-message-de">Leider ist der Eintrag nur auf <a href="https://fcmanrique.org/es/wp-json/wp/v2/fcm_video/20492" class="qtranxs-available-language-link qtranxs-available-language-link-es" title="ES">ES</a> verfügbar.</p><p><strong>Presentación. Libro</strong></p>
<p><em>Pepín Ramírez. El hombre que convirtió a Manrique en César</em>&nbsp;es una biografía de José Ramírez Cerdá (Lanzarote, 1919 – 1987): alcalde de Arrecife desde 1955 hasta 1960, presidente del Cabildo de Lanzarote entre 1960 y 1974, senador por el PSOE en el período 1983 – 1987, y, sobre todo, impulsor de la transformación moderna de la Isla, junto a César Manrique, proceso en el que desempeñó un papel clave la creación de los Centros de Arte, Cultura y Turismo.</p>
<p><strong>Saúl García</strong> es periodista. Actualmente, trabaja como redactor en “Diario de Lanzarote”, “Diario de Fuerteventura” y es autor del blog “El paseo”. Colabora en otros medios de comunicación locales como Radio Lanzarote y Biosfera TV, y ha publicado en medios nacionales como “eldiario.es” o “El País”. Además, es miembro de la Junta directiva de la Unión de Profesionales de la Comunicación de Canarias y colaborador habitual de la Fundación César Manrique.</p>
<p><strong>Leer la crónica de la presentación del libro:</strong>&nbsp;<a href="https://fcmanrique.org/fcm-c-acti-celebrada/libro-pepin/?lang=es">https://fcmanrique.org/fcm-c-acti-celebrada/libro-pepin/?lang=es</a></p>
<p><strong>Más información:</strong> <a href="https://fcmanrique.org/wp-content/uploads/fc-manrique-presentacion-libro-jose-ramirez-cerda.pdf">Nota de prensa</a></p>
