{"id":27096,"date":"2025-10-08T10:35:35","date_gmt":"2025-10-08T10:35:35","guid":{"rendered":"https:\/\/fcmanrique.org\/?post_type=fcm_video&#038;p=27096"},"modified":"2025-10-15T19:13:46","modified_gmt":"2025-10-15T19:13:46","slug":"conferencia-lidia-e-romero","status":"publish","type":"fcm_video","link":"https:\/\/fcmanrique.org\/de\/fcm-video\/conferencia-lidia-e-romero\/","title":{"rendered":"Lidia E. Romero Mart\u00edn: \u00abPaisajes de bancales: herencia viva y retos de futuro\u00bb"},"content":{"rendered":"<p class=\"qtranxs-available-languages-message qtranxs-available-languages-message-de\">Leider ist der Eintrag nur auf <a href=\"https:\/\/fcmanrique.org\/es\/wp-json\/wp\/v2\/fcm_video\/27096\" class=\"qtranxs-available-language-link qtranxs-available-language-link-es\" title=\"ES\">ES<\/a> verf\u00fcgbar.<\/p><p><strong>Foro Archipi\u00e9lago<\/strong><\/p>\n<p>La Fundaci\u00f3n C\u00e9sar Manrique (FCM) acogi\u00f3 el pasado jueves 9 de octubre de 2025, la conferencia titulada \u201cPaisajes de bancales: herencia viva y retos de futuro\u201d, impartida por Lidia Romero, ge\u00f3grafa especializada en paisajes culturales. El acto tuvo lugar en la sala Jos\u00e9 Saramago (La Plazuela, Arrecife) y fue transmitido en directo a trav\u00e9s de la web y el canal de Youtube de la FCM.<\/p>\n<p>La conferencia de Romero trat\u00f3 sobre unos paisajes singulares que, aunque forman parte de nuestra historia y cultura, muchas veces pasan desapercibidos: los paisajes culturales agr\u00edcolas en bancales.<\/p>\n<p><strong>Cr\u00f3nica de la conferencia: <\/strong><a href=\"https:\/\/fcmanrique.org\/fcm-actividad\/lidia-romero-los-bancales-son-un-legado-amenazado-que-tenemos-la-obligacion-de-conservar\/\" target=\"_blank\" rel=\"noopener\">Cr\u00f3nica<\/a><\/p>\n<p><strong>M\u00e1s informaci\u00f3n:&nbsp;<\/strong><a href=\"https:\/\/fcmanrique.org\/wp-content\/uploads\/np-12.25.-Conferencia-Lidia-E.-Romero.pdf\" target=\"_blank\" rel=\"noopener\">Nota de prensa<\/a><\/p>","protected":false},"featured_media":27277,"parent":0,"template":"","meta":{"_acf_changed":false,"ngg_post_thumbnail":0,"footnotes":""},"video_coleccion":[97],"class_list":["post-27096","fcm_video","type-fcm_video","status-publish","has-post-thumbnail","hentry","video_coleccion-conferencia"],"acf":[],"_links":{"self":[{"href":"https:\/\/fcmanrique.org\/de\/wp-json\/wp\/v2\/fcm_video\/27096","targetHints":{"allow":["GET"]}}],"collection":[{"href":"https:\/\/fcmanrique.org\/de\/wp-json\/wp\/v2\/fcm_video"}],"about":[{"href":"https:\/\/fcmanrique.org\/de\/wp-json\/wp\/v2\/types\/fcm_video"}],"version-history":[{"count":20,"href":"https:\/\/fcmanrique.org\/de\/wp-json\/wp\/v2\/fcm_video\/27096\/revisions"}],"predecessor-version":[{"id":27276,"href":"https:\/\/fcmanrique.org\/de\/wp-json\/wp\/v2\/fcm_video\/27096\/revisions\/27276"}],"wp:featuredmedia":[{"embeddable":true,"href":"https:\/\/fcmanrique.org\/de\/wp-json\/wp\/v2\/media\/27277"}],"wp:attachment":[{"href":"https:\/\/fcmanrique.org\/de\/wp-json\/wp\/v2\/media?parent=27096"}],"wp:term":[{"taxonomy":"video_coleccion","embeddable":true,"href":"https:\/\/fcmanrique.org\/de\/wp-json\/wp\/v2\/video_coleccion?post=27096"}],"curies":[{"name":"wp","href":"https:\/\/api.w.org\/{rel}","templated":true}]}}

Lidia E. Romero Martín: «Paisajes de bancales: herencia viva y retos de futuro»

<p class="qtranxs-available-languages-message qtranxs-available-languages-message-de">Leider ist der Eintrag nur auf <a href="https://fcmanrique.org/es/wp-json/wp/v2/fcm_video/27096" class="qtranxs-available-language-link qtranxs-available-language-link-es" title="ES">ES</a> verfügbar.</p><p><strong>Foro Archipiélago</strong></p>
<p>La Fundación César Manrique (FCM) acogió el pasado jueves 9 de octubre de 2025, la conferencia titulada “Paisajes de bancales: herencia viva y retos de futuro”, impartida por Lidia Romero, geógrafa especializada en paisajes culturales. El acto tuvo lugar en la sala José Saramago (La Plazuela, Arrecife) y fue transmitido en directo a través de la web y el canal de Youtube de la FCM.</p>
<p>La conferencia de Romero trató sobre unos paisajes singulares que, aunque forman parte de nuestra historia y cultura, muchas veces pasan desapercibidos: los paisajes culturales agrícolas en bancales.</p>
<p><strong>Crónica de la conferencia: </strong><a href="https://fcmanrique.org/fcm-actividad/lidia-romero-los-bancales-son-un-legado-amenazado-que-tenemos-la-obligacion-de-conservar/" target="_blank" rel="noopener">Crónica</a></p>
<p><strong>Más información:&nbsp;</strong><a href="https://fcmanrique.org/wp-content/uploads/np-12.25.-Conferencia-Lidia-E.-Romero.pdf" target="_blank" rel="noopener">Nota de prensa</a></p>
