{"id":51,"date":"2015-06-04T13:44:40","date_gmt":"2015-06-04T13:44:40","guid":{"rendered":"https:\/\/fcmanrique.org\/w2015\/?page_id=51"},"modified":"2016-08-30T12:07:28","modified_gmt":"2016-08-30T12:07:28","slug":"visitas-en-grupo","status":"publish","type":"page","link":"https:\/\/fcmanrique.org\/de\/servicios\/visitas-en-grupo\/","title":{"rendered":"Gruppenbesuche"},"content":{"rendered":"<p><strong>Gruppenbesuche f\u00fcr die beiden Museums-H\u00e4user<\/strong><br \/>\nGruppen, die aus mindestens 20 Personen bestehen, erhalten nach mindestens eint\u00e4giger Reservierung im Voraus einen Sonderpreis.<\/p>\n<p><strong>Information und Reservierungen:<\/strong><br \/>\nAbteilung f\u00fcr Gruppen: <a href=\"mailto:grupos@fcmanrique.org\">grupos@fcmanrique.org<\/a><br \/>\n\u00d6ffnungszeiten: Montags bis freitags von 09:00 Uhr bis 14:00 Uhr.<br \/>\n+34 928 843138<br \/>\n+34 928 843463<br \/>\n<\/p>","protected":false},"excerpt":{"rendered":"<p>Gruppenbesuche f\u00fcr die beiden Museums-H\u00e4user Gruppen, die aus mindestens 20 Personen bestehen, erhalten nach mindestens eint\u00e4giger Reservierung im Voraus einen Sonderpreis. Information und Reservierungen: Abteilung f\u00fcr Gruppen: grupos@fcmanrique.org \u00d6ffnungszeiten: Montags bis freitags von 09:00 Uhr bis 14:00 Uhr. +34 928 843138 +34 928 843463<\/p>\n","protected":false},"author":1,"featured_media":0,"parent":47,"menu_order":1,"comment_status":"closed","ping_status":"open","template":"","meta":{"_acf_changed":false,"ngg_post_thumbnail":0,"footnotes":""},"class_list":["post-51","page","type-page","status-publish","hentry"],"acf":[],"_links":{"self":[{"href":"https:\/\/fcmanrique.org\/de\/wp-json\/wp\/v2\/pages\/51","targetHints":{"allow":["GET"]}}],"collection":[{"href":"https:\/\/fcmanrique.org\/de\/wp-json\/wp\/v2\/pages"}],"about":[{"href":"https:\/\/fcmanrique.org\/de\/wp-json\/wp\/v2\/types\/page"}],"author":[{"embeddable":true,"href":"https:\/\/fcmanrique.org\/de\/wp-json\/wp\/v2\/users\/1"}],"replies":[{"embeddable":true,"href":"https:\/\/fcmanrique.org\/de\/wp-json\/wp\/v2\/comments?post=51"}],"version-history":[{"count":4,"href":"https:\/\/fcmanrique.org\/de\/wp-json\/wp\/v2\/pages\/51\/revisions"}],"predecessor-version":[{"id":551,"href":"https:\/\/fcmanrique.org\/de\/wp-json\/wp\/v2\/pages\/51\/revisions\/551"}],"up":[{"embeddable":true,"href":"https:\/\/fcmanrique.org\/de\/wp-json\/wp\/v2\/pages\/47"}],"wp:attachment":[{"href":"https:\/\/fcmanrique.org\/de\/wp-json\/wp\/v2\/media?parent=51"}],"curies":[{"name":"wp","href":"https:\/\/api.w.org\/{rel}","templated":true}]}}

<p><strong>Gruppenbesuche für die beiden Museums-Häuser</strong><br />
Gruppen, die aus mindestens 20 Personen bestehen, erhalten nach mindestens eintägiger Reservierung im Voraus einen Sonderpreis.</p>
<p><strong>Information und Reservierungen:</strong><br />
Abteilung für Gruppen: <a href="mailto:grupos@fcmanrique.org">grupos@fcmanrique.org</a><br />
Öffnungszeiten: Montags bis freitags von 09:00 Uhr bis 14:00 Uhr.<br />
+34 928 843138<br />
+34 928 843463<br />
</p>

<p>Gruppenbesuche für die beiden Museums-Häuser Gruppen, die aus mindestens 20 Personen bestehen, erhalten nach mindestens eintägiger Reservierung im Voraus einen Sonderpreis. Information und Reservierungen: Abteilung für Gruppen: grupos@fcmanrique.org Öffnungszeiten: Montags bis freitags von 09:00 Uhr bis 14:00 Uhr. +34 928 843138 +34 928 843463</p>
