{"id":13944,"date":"2004-05-26T00:00:00","date_gmt":"2004-05-26T00:00:00","guid":{"rendered":"https:\/\/fcmanrique.org\/fcm-actividad\/acidos-y-criticos-el-humor-como-res\/"},"modified":"2004-05-26T00:00:00","modified_gmt":"2004-05-26T00:00:00","slug":"acidos-y-criticos-el-humor-como-res","status":"publish","type":"fcm_actividad","link":"https:\/\/fcmanrique.org\/en\/fcm-actividad\/acidos-y-criticos-el-humor-como-res\/","title":{"rendered":"\u00c1cidos y cr\u00edticos. El humor como resistencia ante la globalizaci\u00f3n de la idiocia"},"content":{"rendered":"<p class=\"qtranxs-available-languages-message qtranxs-available-languages-message-en\">Sorry, this entry is only available in <a href=\"https:\/\/fcmanrique.org\/es\/wp-json\/wp\/v2\/fcm_actividad\/13944\" class=\"qtranxs-available-language-link qtranxs-available-language-link-es\" title=\"ES\">ES<\/a>.<\/p><p><\/p>\n<p style=\"margin-right: -0.1pt; text-align: justify;\" class=\"MsoNormal\"><span style=\"ofont-family: Arial;\">Del 26 al 28 de mayo de 2004, la FCM organiz&oacute; el taller <em >&Aacute;cidos y cr&iacute;ticos. El humor como resistencia ante la globalizaci&oacute;n de la idiocia<\/em>. Este taller fue dirigido por Jos&eacute; Vicente Barcia, coordinador de integraci&oacute;n del Ayuntamiento de Getafe.<o:p><\/o:p><\/span><\/p>\n<p style=\"margin-right: -0.1pt; text-align: justify;\" class=\"MsoNormal\"><span style=\"ofont-family: Arial;\">El acto de presentaci&oacute;n se realiz&oacute; el 26 de mayo, con la presencia de Fernando G&oacute;mez Aguilera, director de Actividades Fundacionales de la FCM, y del director del curso Jos&eacute; Vicente Barcia.<span >&nbsp; <\/span>G&oacute;mez Aguilera habl&oacute; del libro de Umberto Eco, <em >El nombre de la rosa<\/em>, para referirse c&oacute;mo en ese libro se menciona el segundo libro de la po&eacute;tica de Arist&oacute;teles, que trata sobre la comedia y la risa. Fernando G&oacute;mez Aguilera record&oacute; que <em >El nombre de la rosa<\/em> &ldquo;el libro de la risa es el que mueve los cimientos del orden de Dios&rdquo;. Para G&oacute;mez Aguilera &ldquo;la risa fomenta la duda y la duda es el gran camino para el cuestionamiento de los dogmatismos&rdquo;. Posteriormente, tom&oacute; la palabra Jos&eacute; Vicente Barcia explic&aacute;ndonos que insolencia y rigor se manifestar&iacute;an en el taller,<span >&nbsp; <\/span><em >&Aacute;cidos y cr&iacute;ticos. El humor como resistencia ante la globalizaci&oacute;n de la idiocia<\/em>. Barcia nos explic&oacute; el valor de la risa a la hora de enfrentarnos individualmente a aquello que nos quiere mantener en la inconsciencia y en la minor&iacute;a de edad. Para Jos&eacute; Vicente Barcia &ldquo;todos y todas tenemos necesidad de reir&rdquo;.<o:p><\/o:p><\/span><\/p>\n<p style=\"margin-right: -0.1pt; text-align: justify;\" class=\"MsoNormal\"><span style=\"ofont-family: Arial;\">En las diferentes jornadas de trabajo participaron Leo Bassi, payaso y showman; Pepe Viyuela, payaso; Mercedes de la Fuente, directora del programa <em >Pecado Original<\/em>; Moncho Alpuente, humorista y escritor; y El Gran Wyoming, humorista y showman. <o:p><\/o:p><\/span><\/p>\n<p style=\"margin-right: -0.1pt; text-align: justify;\" class=\"MsoNormal\"><span style=\"ofont-family: Arial;\">El d&iacute;a 26, Leo Bassi<span >&nbsp; <\/span>afirm&oacute; que&ldquo;el payaso no tiene miedo de perder su dignidad en nombre del humor, de hacer reir&rdquo;. Para &eacute;l lo importante es la provocaci&oacute;n, la comicidad como provocaci&oacute;n. Para Bassi, si eres bueno formas parte de esta sociedad que hace ruido, es una merma de la libertad para el payaso. Leo Bassi finaliz&oacute; su intervenci&oacute;n diciendo que &ldquo;el payaso es optimista por naturaleza. Las cosas andar&aacute;n mejor, no s&eacute; si en 20 a&ntilde;os o en 200 a&ntilde;os, pero andar&aacute;n mejor&rdquo;.<o:p><\/o:p><\/span><\/p>\n<p style=\"margin-right: -0.1pt; text-align: justify;\" class=\"MsoNormal\"><span style=\"ofont-family: Arial;\">El 27 de mayo, Pepe Viyuela habl&oacute; del humor como mecanismo para disolver estructuras de poder y crear poderes diferentes. Para Viyuela, la sonrisa es un derecho y un espacio necesario de solidaridad y acci&oacute;n incluso en situaciones de violencia extrema, como es el caso de Palestina, Bosnia o Irak.<o:p><\/o:p><\/span><\/p>\n<p style=\"margin-right: -0.1pt; text-align: justify;\" class=\"MsoNormal\"><span style=\"ofont-family: Arial;\">El mismo d&iacute;a 27, intervino Mercedes de la Fuente quien habl&oacute; de la acci&oacute;n desde dentro del sistema con el humor como arma. Para de la Fuente, hay tras palabras claves: humor, cr&iacute;ticos y resistencia. Mercedes de la Fuente concluy&oacute; que con todas estas peque&ntilde;as acciones que podemos realizar en un futuro las cosas funcionar&aacute;n mejor.<o:p><\/o:p><\/span><\/p>\n<p style=\"margin-right: -0.1pt; text-align: justify;\" class=\"MsoNormal\"><span style=\"ofont-family: Arial;\">El 28 de mayo las intervenciones corrieron a cargo de Moncho Alpuente y El Gran Wyoming. Alpuente comenz&oacute; su intervenci&oacute;n afirmando que &ldquo;lo divertido no es lo contrario de lo serio, sino de lo aburrido&rdquo;. Alpuente cit&oacute; al fil&oacute;sofo Janckielievic para hablar de la iron&iacute;a: &ldquo;la iron&iacute;a es una conciencia tranquila que se r&iacute;e&rdquo;. Moncho Alpuente recorri&oacute; la realidad espa&ntilde;ola y el panorama de actualidad internacional para, a trav&eacute;s de la iron&iacute;a y de la cr&iacute;tica, ofrecernos una visi&oacute;n diferente del mundo en el que vivimos. <o:p><\/o:p><\/span><\/p>\n<p style=\"margin-right: -0.1pt; text-align: justify;\" class=\"MsoNormal\"><span style=\"ofont-family: Arial;\">Posteriormente, se pudo escuchar la ponencia de El Gran Wyoming, <em >Impulsi&oacute;n de la cr&iacute;tica en la g&eacute;nesis de la expulsi&oacute;n del cr&iacute;tico<\/em>. Tras este t&iacute;tulo humor&iacute;stico e ir&oacute;nico, Wyoming fue dando contenido a su discurso con un pensamiento anal&iacute;tico de la realidad en el que el absurdo de sus expresiones desvel&oacute; que siempre hay otras maneras de contar lo que nos ocurre. Para El Gran Wyoming &ldquo;el humorista tiene que ser testigo y para ello tiene que estar en la sociedad&rdquo;. A lo largo de su intervenci&oacute;n, fue mostrando cu&aacute;les son sus prototipos cr&iacute;ticos y humor&iacute;sticos que debemos seguir para poder estar con la actitud adecuada frente a la realidad cotidiana que se nos impone.<o:p><\/o:p><\/span><\/p>\n<p style=\"margin-right: -0.1pt; text-align: justify;\" class=\"MsoNormal\"><span style=\"ofont-family: Arial;\">En l&iacute;neas generales, este taller tuvo como objetivos desarrollar una lectura de la realidad a trav&eacute;s del humor y desvelar la peque&ntilde;ez del individuo y la monstruosidad an&oacute;nima de la sociedad. Para lograrlo se dio la palabra a personas que son un referente con la acci&oacute;n que desarrollan en estos campos en diferentes medios de comunicaci&oacute;n.<o:p><\/o:p><\/span><\/p>\n<p style=\"margin-right: -0.1pt; text-align: justify;\" class=\"MsoNormal\"><span style=\"ofont-family: Arial;\">Entre las tesis principales que se debatieron estaba la idea de que vivimos en un entramado de difusi&oacute;n de la inconsciencia. Esta inconsciencia oculta una serie de valores que tienen que ver con la sumisi&oacute;n de las sociedades ante quienes detentan el poder. Durante el desarrollo del taller, se argument&oacute; que no es &uacute;nicamente la televisi&oacute;n quien intenta que la idiocia sea una estrategia de control. Seg&uacute;n los ponentes, existen infinidad de medios y f&oacute;rmulas para desarrollar esta estrategia.<o:p><\/o:p><\/span><\/p>\n<p style=\"margin-right: -0.1pt; text-align: justify;\" class=\"MsoNormal\"><span style=\"ofont-family: Arial;\"><o:p><\/o:p>Frente a esta situaci&oacute;n, los participantes fueron proponiendo medidas de subversi&oacute;n, todas ellas basadas en el humor. Para cada uno de ellos, esta es la mejor manera de b&uacute;squeda de la inteligencia colectiva. Seg&uacute;n afirmaron, provocar la iron&iacute;a, el sarcasmo, la mirada desnuda sobre una realidad falsa es un acto de disidencia. Entre sus conclusiones, plantearon el siguiente eslogan: &ldquo;seamos optimistas, dejemos el pesimismo para momentos mejores&rdquo;.<o:p><\/o:p><\/span><\/p>\n<p><span style=\"ofont-size: 10pt; ofont-family: Arial;\">El taller fue clausurado el 28 de mayo por Fernando G&oacute;mez Aguilera, director de Actividades Fundacionales de la FCM.<\/p>\n<p><\/span><\/p>","protected":false},"featured_media":13945,"parent":0,"template":"","meta":{"_acf_changed":false,"ngg_post_thumbnail":0,"footnotes":""},"actividad_tipo":[35],"actividad_lugar":[46],"actividad_departamento":[31],"actividad_ciclo":[],"class_list":["post-13944","fcm_actividad","type-fcm_actividad","status-publish","has-post-thumbnail","hentry","actividad_tipo-cursos-y-talleres","actividad_lugar-lugar-fcm","actividad_departamento-departamento-de-programas-culturales"],"acf":[],"_links":{"self":[{"href":"https:\/\/fcmanrique.org\/en\/wp-json\/wp\/v2\/fcm_actividad\/13944","targetHints":{"allow":["GET"]}}],"collection":[{"href":"https:\/\/fcmanrique.org\/en\/wp-json\/wp\/v2\/fcm_actividad"}],"about":[{"href":"https:\/\/fcmanrique.org\/en\/wp-json\/wp\/v2\/types\/fcm_actividad"}],"version-history":[{"count":0,"href":"https:\/\/fcmanrique.org\/en\/wp-json\/wp\/v2\/fcm_actividad\/13944\/revisions"}],"wp:featuredmedia":[{"embeddable":true,"href":"https:\/\/fcmanrique.org\/en\/wp-json\/wp\/v2\/media\/13945"}],"wp:attachment":[{"href":"https:\/\/fcmanrique.org\/en\/wp-json\/wp\/v2\/media?parent=13944"}],"wp:term":[{"taxonomy":"actividad_tipo","embeddable":true,"href":"https:\/\/fcmanrique.org\/en\/wp-json\/wp\/v2\/actividad_tipo?post=13944"},{"taxonomy":"actividad_lugar","embeddable":true,"href":"https:\/\/fcmanrique.org\/en\/wp-json\/wp\/v2\/actividad_lugar?post=13944"},{"taxonomy":"actividad_departamento","embeddable":true,"href":"https:\/\/fcmanrique.org\/en\/wp-json\/wp\/v2\/actividad_departamento?post=13944"},{"taxonomy":"actividad_ciclo","embeddable":true,"href":"https:\/\/fcmanrique.org\/en\/wp-json\/wp\/v2\/actividad_ciclo?post=13944"}],"curies":[{"name":"wp","href":"https:\/\/api.w.org\/{rel}","templated":true}]}}

Ácidos y críticos. El humor como resistencia ante la globalización de la idiocia
