{"id":14022,"date":"2003-10-29T00:00:00","date_gmt":"2003-10-29T00:00:00","guid":{"rendered":"https:\/\/fcmanrique.org\/fcm-actividad\/que-educacion-para-que-sociedad\/"},"modified":"2003-10-29T00:00:00","modified_gmt":"2003-10-29T00:00:00","slug":"que-educacion-para-que-sociedad","status":"publish","type":"fcm_actividad","link":"https:\/\/fcmanrique.org\/en\/fcm-actividad\/que-educacion-para-que-sociedad\/","title":{"rendered":"\u00bfQu\u00e9 educaci\u00f3n para qu\u00e9 sociedad?"},"content":{"rendered":"<p class=\"qtranxs-available-languages-message qtranxs-available-languages-message-en\">Sorry, this entry is only available in <a href=\"https:\/\/fcmanrique.org\/es\/wp-json\/wp\/v2\/fcm_actividad\/14022\" class=\"qtranxs-available-language-link qtranxs-available-language-link-es\" title=\"ES\">ES<\/a>.<\/p><p><\/p>\n<p style=\"margin-right: -0.1pt; text-align: justify;\" class=\"MsoNormal\"><span style=\"ofont-family: Arial;\">La FCM celebr&oacute; entre el 29 y el 31 de octubre de 2003 el seminario-taller <em >&iquest;Qu&eacute; educaci&oacute;n para qu&eacute; sociedad?<\/em>, dirigido e impartido por Joan Subirats, catedr&aacute;tico de Ciencias Pol&iacute;ticas de la Universidad Aut&oacute;noma de Barcelona. <o:p><\/o:p><\/span><\/p>\n<p style=\"margin-right: -0.1pt; text-align: justify;\" class=\"MsoNormal\"><span style=\"ofont-family: Arial;\">El seminario fue presentado por el director de Actividades Fundacionales de la FCM. El director Joan Subirats realiz&oacute; una presentaci&oacute;n del seminario-taller con la ponencia <em >El papel de la educaci&oacute;n en el nuevo contexto econ&oacute;mico, social y familiar. La perspectiva del seminario-taller. Educaci&oacute;n y exclusi&oacute;n. Educaci&oacute;n y escuela<\/em>. <o:p><\/o:p><\/span><\/p>\n<p style=\"text-align: justify;\" class=\"MsoNormal\"><span style=\"ofont-family: Arial;\">El seminario plante&oacute; los problemas de la educaci&oacute;n hoy, en la sociedad, a trav&eacute;s de la relaci&oacute;n con la comunidad, las transformaciones sociales y las nuevas din&aacute;micas educativas. Se analiz&oacute; el papel de los municipios en el sistema educativo, los proyectos educativos de la ciudad, las nuevas formas de participaci&oacute;n de padres y alumnos en el sistema educativo, o la perspectiva del trabajo en red entre profesionales.<o:p><\/o:p><\/span><\/p>\n<p style=\"text-align: justify;\" class=\"MsoNormal\"><span style=\"ofont-family: Arial;\">En la primera jornada, Joan Subirats abord&oacute; el papel de la educaci&oacute;n y de las pol&iacute;ticas educativas. La segunda, fue dedicada al papel de la escuela y de sus profesionales,<span >&nbsp; <\/span>proyect&aacute;ndose la pel&iacute;cula de Bertrand Tavernier, <em >Hoy empieza todo<\/em>, ocup&aacute;ndose asimismo de los d&eacute;ficits de las pol&iacute;ticas tradicionales y nuevas v&iacute;as de respuesta. La &uacute;ltima jornada estuvo reservada a las conclusiones, pregunt&aacute;ndose por el papel de la educaci&oacute;n en las nuevas din&aacute;micas sociales. El seminario, para la FCM, ha pretendido hacer frente a la afirmaci&oacute;n de que &ldquo;si no trabajamos para construir una sociedad inclusiva y una educaci&oacute;n que busque la igualdad, aceptando la autonom&iacute;a y la diversidad, el mercado acabar&aacute; decidiendo por nosotros, y tendremos una sociedad segmentada y una educaci&oacute;n segregadora&rdquo;.<o:p><\/o:p><\/span><\/p>\n<p><\/p>","protected":false},"featured_media":14023,"parent":0,"template":"","meta":{"_acf_changed":false,"ngg_post_thumbnail":0,"footnotes":""},"actividad_tipo":[35],"actividad_lugar":[46],"actividad_departamento":[32],"actividad_ciclo":[],"class_list":["post-14022","fcm_actividad","type-fcm_actividad","status-publish","has-post-thumbnail","hentry","actividad_tipo-cursos-y-talleres","actividad_lugar-lugar-fcm","actividad_departamento-departamento-pedagogico"],"acf":[],"_links":{"self":[{"href":"https:\/\/fcmanrique.org\/en\/wp-json\/wp\/v2\/fcm_actividad\/14022","targetHints":{"allow":["GET"]}}],"collection":[{"href":"https:\/\/fcmanrique.org\/en\/wp-json\/wp\/v2\/fcm_actividad"}],"about":[{"href":"https:\/\/fcmanrique.org\/en\/wp-json\/wp\/v2\/types\/fcm_actividad"}],"version-history":[{"count":0,"href":"https:\/\/fcmanrique.org\/en\/wp-json\/wp\/v2\/fcm_actividad\/14022\/revisions"}],"wp:featuredmedia":[{"embeddable":true,"href":"https:\/\/fcmanrique.org\/en\/wp-json\/wp\/v2\/media\/14023"}],"wp:attachment":[{"href":"https:\/\/fcmanrique.org\/en\/wp-json\/wp\/v2\/media?parent=14022"}],"wp:term":[{"taxonomy":"actividad_tipo","embeddable":true,"href":"https:\/\/fcmanrique.org\/en\/wp-json\/wp\/v2\/actividad_tipo?post=14022"},{"taxonomy":"actividad_lugar","embeddable":true,"href":"https:\/\/fcmanrique.org\/en\/wp-json\/wp\/v2\/actividad_lugar?post=14022"},{"taxonomy":"actividad_departamento","embeddable":true,"href":"https:\/\/fcmanrique.org\/en\/wp-json\/wp\/v2\/actividad_departamento?post=14022"},{"taxonomy":"actividad_ciclo","embeddable":true,"href":"https:\/\/fcmanrique.org\/en\/wp-json\/wp\/v2\/actividad_ciclo?post=14022"}],"curies":[{"name":"wp","href":"https:\/\/api.w.org\/{rel}","templated":true}]}}

¿Qué educación para qué sociedad?
