{"id":14114,"date":"2007-03-15T00:00:00","date_gmt":"2007-03-15T00:00:00","guid":{"rendered":"https:\/\/fcmanrique.org\/fcm-actividad\/joaquin-araujo-etica-y-estetica-de\/"},"modified":"2007-03-15T00:00:00","modified_gmt":"2007-03-15T00:00:00","slug":"joaquin-araujo-etica-y-estetica-de","status":"publish","type":"fcm_actividad","link":"https:\/\/fcmanrique.org\/en\/fcm-actividad\/joaquin-araujo-etica-y-estetica-de\/","title":{"rendered":"Joaqu\u00edn Ara\u00fajo. <em>\u00c9tica y est\u00e9tica de la vivacidad<\/em>"},"content":{"rendered":"<p class=\"qtranxs-available-languages-message qtranxs-available-languages-message-en\">Sorry, this entry is only available in <a href=\"https:\/\/fcmanrique.org\/es\/wp-json\/wp\/v2\/fcm_actividad\/14114\" class=\"qtranxs-available-language-link qtranxs-available-language-link-es\" title=\"ES\">ES<\/a>.<\/p><p>El 15 de marzo de 2007, Joaqu&iacute;n Ara&uacute;jo <span style=\"ofont-size: 10pt; ofont-family: Arial; color: black;\">pronunci&oacute; la conferencia <\/span><em ><span style=\"ofont-size: 10pt; ofont-family: Arial; color: black;\">&Eacute;tica y est&eacute;tica de la vivacidad<\/span><\/em><span style=\"ofont-size: 10pt; ofont-family: Arial; color: black;\">, con la que la FCM inaugur&oacute; la actividad cultural del a&ntilde;o 2007.<\/span><\/p>\n<p style=\"text-align: justify;\" class=\"MsoNormal\"><span style=\"ofont-size: 10pt; ofont-family: Arial; color: black;\">Joaqu&iacute;n Ara&uacute;jo es Fundador de bosques, <\/span><span style=\"ofont-size: 10pt; ofont-family: Arial;\">escritor, periodista, guionista<span >&nbsp; <\/span>y director de cine documental y editorial, agricultor y ganadero. Es, adem&aacute;s, conferenciante y divulgador de temas ecol&oacute;gicos, geogr&aacute;ficos, filos&oacute;ficos y agron&oacute;micos en televisi&oacute;n, prensa, radio y actos p&uacute;blicos. <span style=\"color: black;\"><o:p><\/o:p><\/span><\/span><\/p>\n<p style=\"text-align: justify;\" class=\"MsoNormal\"><span style=\"ofont-size: 10pt; ofont-family: Arial;\">Entre galardones que ha recibido, destacan el Premio GLOBAL 500 de la ONU (1991)<\/span><span style=\"ofont-size: 10pt; ofont-family: Arial;\">, el Premio Nacional de Medio Ambiente (1991 y 97), la Medalla de Extremadura (1999), y el Premio a la mejor serie de la historia de la TV por &ldquo;El hombre y la Tierra&rdquo; de F&eacute;lix Rodr&iacute;guez de la Fuente. Adem&aacute;s, fue finalista del premio Espasa de Ensayo por &quot;XXI: siglo de la Ecolog&iacute;a&quot; (1996). &ldquo;N&oacute;madas del Viento&rdquo;, de Jacques Perrin, en la que coordin&oacute; el equipo espa&ntilde;ol, fue <span >nominada a los premios Goya y al Oscar de Hollywood. <\/span><o:p><\/o:p><\/span><\/p>\n<p style=\"text-align: justify;\" class=\"MsoNormal\"><span style=\"ofont-size: 10pt; ofont-family: Arial;\">Ara&uacute;jo dirigi&oacute; la revista <em ><span >La Tierra<\/span><\/em><span >,<strong><span >&nbsp; <\/span><\/strong>y<strong> <\/strong><\/span>en la actualidad es asesor editorial de las Revistas <em >Natura y Ambienta<\/em>, columnista del diario <em >El Mundo<\/em> y colaborador en distintos programas de Radio Nacional de Espa&ntilde;a.<strong><o:p><\/o:p><\/strong><\/span><\/p>\n<p style=\"text-align: justify;\" class=\"MsoNormal\"><span style=\"ofont-size: 10pt; ofont-family: Arial;\">Ha publicado m&aacute;s de 70 libros individuales y 32 colectivos, entre los que cabe citar <em >Todav&iacute;a vivo; Los Parques Nacionales; Ecos&hellip;l&oacute;gicos; El agua, sorbos de vida; Espa&ntilde;a natural; Las ra&iacute;ces de la Tierra; Ecolog&iacute;a en la vida cotidiana<\/em>; o <em >La edades del agua<\/em>.<o:p><\/o:p><\/span><\/p>\n<p style=\"text-align: justify;\" class=\"MsoNormal\"><span style=\"ofont-size: 10pt; ofont-family: Arial;\">Ha coordinado y dirigido ocho obras enciclop&eacute;dicas y ha asesorado, escrito o dirigido numerosos programas educativos para televisi&oacute;n y documentales, entre los que se encuentra <em >Lanzarote, brasas de vida<\/em>, producido para la FCM en 1999.<o:p><\/o:p><\/span><\/p>\n<p style=\"text-align: justify;\" class=\"MsoNormal\"><span style=\"ofont-size: 10pt; ofont-family: Arial;\">En el transcurso de su intervenci&oacute;n, Joaqu&iacute;n Ara&uacute;jo reflexion&oacute; sobre la variedad de la vida desde varias dimensiones. Para Ara&uacute;jo, &ldquo;l<\/span><span style=\"ofont-size: 10pt; ofont-family: Arial;\">a d&aacute;diva principal es la diferencia, esa infinitud de rostros, escenas, escenarios, prop&oacute;sitos y logros con los que la vida &ndash;tan igual para todos- resulta inabarcablemente m&uacute;ltiple&rdquo;. <o:p><\/o:p><\/span><\/p>\n<p style=\"text-align: justify;\" class=\"MsoNormal\"><span style=\"ofont-size: 10pt; ofont-family: Arial;\">&ldquo;Que lo palpitante de este mundo exceda incluso a la peligrosa tiran&iacute;a de las cuantificaciones&rdquo; &mdash;dice Ara&uacute;jo&mdash; &ldquo;siembra un alivio en la exhausta sociedad del acaparamiento. Pero la reflexi&oacute;n sobre la variedad de la vida nos aporta otras muchas dimensiones a las que merece la pena pasar revista. Primero porque en la &iacute;ntima programaci&oacute;n de los espont&aacute;neo la belleza se convierte en el primer objetivo, sin dejar de ser al mismo tiempo, la principal herramienta. Ya es fascinante que el resultado y la manera de alcanzarlo sean la misma realidad&rdquo;.<o:p><\/o:p><\/span><\/p>\n<p><span style=\"ofont-size: 10pt; ofont-family: Arial;\">Por eso, seg&uacute;n Ara&uacute;jo, &ldquo;no hay &eacute;tica sin est&eacute;tica. Por eso no hay seguridad, ni tiempo futuro sin todos los pasados a la espalda. Por eso no hay continuidad sin complejidad. Ni armon&iacute;a sin compasi&oacute;n. Algunos estamos seguros de que, cuando Goethe escribi&oacute; que &ldquo;nada ense&ntilde;a mejor a vivir que lo viviente&rdquo;, estaba anticip&aacute;ndonos la inabarcable pedagog&iacute;a que la<span >&nbsp; <\/span>vivaz multiplicidad lleva puesta en cada una de sus creaciones&rdquo;.<br \/><\/span><\/p>","protected":false},"featured_media":14115,"parent":0,"template":"","meta":{"_acf_changed":false,"ngg_post_thumbnail":0,"footnotes":""},"actividad_tipo":[34],"actividad_lugar":[46],"actividad_departamento":[31],"actividad_ciclo":[75],"class_list":["post-14114","fcm_actividad","type-fcm_actividad","status-publish","has-post-thumbnail","hentry","actividad_tipo-conferencias","actividad_lugar-lugar-fcm","actividad_departamento-departamento-de-programas-culturales","actividad_ciclo-conferencias-inaugurales"],"acf":[],"_links":{"self":[{"href":"https:\/\/fcmanrique.org\/en\/wp-json\/wp\/v2\/fcm_actividad\/14114","targetHints":{"allow":["GET"]}}],"collection":[{"href":"https:\/\/fcmanrique.org\/en\/wp-json\/wp\/v2\/fcm_actividad"}],"about":[{"href":"https:\/\/fcmanrique.org\/en\/wp-json\/wp\/v2\/types\/fcm_actividad"}],"version-history":[{"count":0,"href":"https:\/\/fcmanrique.org\/en\/wp-json\/wp\/v2\/fcm_actividad\/14114\/revisions"}],"wp:featuredmedia":[{"embeddable":true,"href":"https:\/\/fcmanrique.org\/en\/wp-json\/wp\/v2\/media\/14115"}],"wp:attachment":[{"href":"https:\/\/fcmanrique.org\/en\/wp-json\/wp\/v2\/media?parent=14114"}],"wp:term":[{"taxonomy":"actividad_tipo","embeddable":true,"href":"https:\/\/fcmanrique.org\/en\/wp-json\/wp\/v2\/actividad_tipo?post=14114"},{"taxonomy":"actividad_lugar","embeddable":true,"href":"https:\/\/fcmanrique.org\/en\/wp-json\/wp\/v2\/actividad_lugar?post=14114"},{"taxonomy":"actividad_departamento","embeddable":true,"href":"https:\/\/fcmanrique.org\/en\/wp-json\/wp\/v2\/actividad_departamento?post=14114"},{"taxonomy":"actividad_ciclo","embeddable":true,"href":"https:\/\/fcmanrique.org\/en\/wp-json\/wp\/v2\/actividad_ciclo?post=14114"}],"curies":[{"name":"wp","href":"https:\/\/api.w.org\/{rel}","templated":true}]}}

Joaquín Araújo. <em>Ética y estética de la vivacidad</em>
