{"id":14224,"date":"2009-04-16T00:00:00","date_gmt":"2009-04-16T00:00:00","guid":{"rendered":"https:\/\/fcmanrique.org\/fcm-actividad\/paisaje-y-esfera-publica-mariano-de\/"},"modified":"2023-12-13T14:54:48","modified_gmt":"2023-12-13T14:54:48","slug":"paisaje-y-esfera-publica-mariano-de","status":"publish","type":"fcm_actividad","link":"https:\/\/fcmanrique.org\/en\/fcm-actividad\/paisaje-y-esfera-publica-mariano-de\/","title":{"rendered":"Presentaci\u00f3n de <em>Paisaje y esfera p\u00fablica<\/em> de Mariano de Santa Ana y Orlando Franco (eds.)"},"content":{"rendered":"<p class=\"qtranxs-available-languages-message qtranxs-available-languages-message-en\">Sorry, this entry is only available in <a href=\"https:\/\/fcmanrique.org\/es\/wp-json\/wp\/v2\/fcm_actividad\/14224\" class=\"qtranxs-available-language-link qtranxs-available-language-link-es\" title=\"ES\">ES<\/a>.<\/p><p><strong><em><span style=\"ofont-size: 10pt;\">Paisaje y esfera p\u00fablica<\/span><\/em><\/strong><span style=\"ofont-size: 10pt;\"> es un libro editado por los historiadores del arte Orlando Franco y Mariano de Santa Ana, que recoge 122 textos de personas vinculadas con el Archipi\u00e9lago, en los que reflexionan, desde campos muy diversos, sobre el contenido que encierra el t\u00edtulo del libro. Los editores, junto al arquitecto David Mallo, presentaron el libro en <\/span><span style=\"ofont-size: 10pt;\">la Sala Jos\u00e9<\/span><span style=\"ofont-size: 10pt;\"> Saramago de Arrecife el pasado 16 de abril. El volumen lo ha publicado el Centro Atl\u00e1ntico de Arte Moderno (CAAM) y <\/span><span style=\"ofont-size: 10pt;\">la Demarcaci\u00f3n<\/span><span style=\"ofont-size: 10pt;\"> de Gran Canaria del Colegio Oficial de Arquitectos de Canarias. Tambi\u00e9n han colaborado <\/span><span style=\"ofont-size: 10pt;\">la Universidad<\/span><span style=\"ofont-size: 10pt;\"> de Las Palmas de Gran Canaria, el Cabildo de esa isla y el Gabinete Literario, a quienes los editores dieron las gracias al inicio de su intervenci\u00f3n.<\/span>&nbsp;<\/p>\n<p><span style=\"ofont-size: 10pt;\">La idea de hacer el libro surge de unas jornadas organizadas por el Colegio de Arquitectos hace dos a\u00f1os y medio en Gran Canaria. En principio, se pretendi\u00f3 plasmar las conclusiones en una publicaci\u00f3n pero el proyecto fue replante\u00e1ndose hasta concretarse en la edici\u00f3n actual. Entre los autores se encuentran economistas, arquitectos, pol\u00edticos, artistas, soci\u00f3logos, activistas sociales y personas de muy distintos \u00e1mbitos de la esfera p\u00fablica.<\/span><\/p>\n<p><span style=\"ofont-size: 10pt;\">El arquitecto<strong> David Mallo<\/strong> se\u00f1al\u00f3 en su intervenci\u00f3n que \u201cel proyecto es vigente y oportuno\u201d y que puede servir para subrayar algunas de las claves de la crisis actual. \u201cSobre el territorio y el paisaje no se puede reflexionar de forma independiente a lo que es la econom\u00eda, la cultura y la pol\u00edtica\u201d, sostuvo.<\/span><\/p>\n<p><span style=\"ofont-size: 10pt;\">Por su parte, <strong>Orlando Franco<\/strong> explic\u00f3 el proceso de elaboraci\u00f3n del libro y se\u00f1al\u00f3 que \u201cel paisaje en Canarias es todo, es algo m\u00e1s que un concepto pol\u00edtico o social, es una urgencia para constituirnos como sociedad\u201d. Franco se mostr\u00f3 satisfecho del resultado recogido en la publicaci\u00f3n y asegur\u00f3 que, con las voces que aparecen en ella, est\u00e1n representadas todas las sensibilidades de Canarias. Defini\u00f3 el libro como \u201cpol\u00edtico, valiente y pol\u00e9mico\u201d y se\u00f1al\u00f3 que puede servir para que el lector reinterprete el contexto geogr\u00e1fico en el que vive. A los autores se les solicit\u00f3 una reflexi\u00f3n sobre el paisaje y la esfera p\u00fablica y no se les dio ninguna directriz.<\/span><\/p>\n<p><span style=\"ofont-size: 10pt;\">Reiter\u00f3 que un tema tan urgente como es el paisaje \u201cno se puede dejar en manos de los pol\u00edticos\u201d, para completar cr\u00edticamente: \u201cNuestro futuro est\u00e1 en manos de unos se\u00f1ores que no est\u00e1n interesados en el bien p\u00fablico\u201d. \u201cLa esfera p\u00fablica somos todos y todos somos due\u00f1os del territorio\u201d, asegur\u00f3, aunque censur\u00f3, que la sociedad civil de Canarias no responda a lo que deber\u00eda ser una sociedad madura, ya que hace dejaci\u00f3n de sus responsabilidades.<\/span><\/p>\n<p><span style=\"ofont-size: 10pt;\"><strong>Mariano de Santa Ana<\/strong> comenz\u00f3 su intervenci\u00f3n se\u00f1alando que el paisaje canario no solo es fr\u00e1gil por su singularidad, sino que tambi\u00e9n lo es la esfera p\u00fablica, porque la ciudadan\u00eda que deber\u00eda fiscalizar la acci\u00f3n de gobierno es fr\u00e1gil a su vez. Destac\u00f3 que la virtud del libro es la de \u201chaber construido esfera p\u00fablica en Canarias de forma discursiva\u201d. Santa Ana se\u00f1al\u00f3 que a <\/span><span style=\"ofont-size: 10pt;\">la Administraci\u00f3n<\/span><span style=\"ofont-size: 10pt;\"> no le gusta la esfera p\u00fablica y record\u00f3 algunos casos de presiones a quienes participan de forma cr\u00edtica en ese \u00e1mbito, como el ataque a <\/span><span style=\"ofont-size: 10pt;\">la FCM<\/span><span style=\"ofont-size: 10pt;\"> por su oposici\u00f3n a la carretera de <\/span><span style=\"ofont-size: 10pt;\">La Geria<\/span><span style=\"ofont-size: 10pt;\"> o la campa\u00f1a contra el profesor Federico Aguilera Klink en Tenerife por su oposici\u00f3n al puerto de Granadilla, o incluso el ninguneo a las 45.000 firmas presentadas por Ben Magec en el Parlamento, que no se admitieron a tr\u00e1mite. Destac\u00f3 que en este libro \u201ctodos los que escriben est\u00e1n en igualdad de condiciones, algo que no suele pasar\u201d.<\/span><\/p>\n<p><span style=\"ofont-size: 10pt;\">Los ponentes entraron en un debate con el p\u00fablico en el que salieron a relucir temas muy diversos relacionados con el paisaje y el territorio de Canarias. Sobre la Ley de medidas urgentes se centr\u00f3 gran parte del debate, acus\u00e1ndose al Gobierno de Canarias de reducir el nivel de protecci\u00f3n del suelo y facilitar el deterioro del paisaje. David Mallo se\u00f1al\u00f3 que la ley se trata de un \u201cdisfraz\u201d que se hace por presiones econ\u00f3micas y que pone en peligro el paisaje que habr\u00eda que defender, desde el punto de vista empresarial, porque la supervivencia econ\u00f3mica pasa por la supervivencia del paisaje. Tambi\u00e9n se trataron otras cuestiones, como el proyecto de Tindaya, la preparaci\u00f3n de los representantes pol\u00edticos, las listas abiertas\u2026<\/span><\/p>\n<p><span style=\"ofont-size: 10pt;\">El director de <\/span><span style=\"ofont-size: 10pt;\">la FCM<\/span><span style=\"ofont-size: 10pt;\">, Fernando G\u00f3mez Aguilera, cerr\u00f3 el debate se\u00f1alando que, como siempre que se empieza hablando del paisaje, se termina hablando, inevitablemente, de pol\u00edtica. <\/span><\/p>","protected":false},"featured_media":24816,"parent":0,"template":"","meta":{"_acf_changed":false,"ngg_post_thumbnail":0,"footnotes":""},"actividad_tipo":[36],"actividad_lugar":[],"actividad_departamento":[31],"actividad_ciclo":[],"class_list":["post-14224","fcm_actividad","type-fcm_actividad","status-publish","has-post-thumbnail","hentry","actividad_tipo-presentacion-libros","actividad_departamento-departamento-de-programas-culturales"],"acf":[],"_links":{"self":[{"href":"https:\/\/fcmanrique.org\/en\/wp-json\/wp\/v2\/fcm_actividad\/14224","targetHints":{"allow":["GET"]}}],"collection":[{"href":"https:\/\/fcmanrique.org\/en\/wp-json\/wp\/v2\/fcm_actividad"}],"about":[{"href":"https:\/\/fcmanrique.org\/en\/wp-json\/wp\/v2\/types\/fcm_actividad"}],"version-history":[{"count":4,"href":"https:\/\/fcmanrique.org\/en\/wp-json\/wp\/v2\/fcm_actividad\/14224\/revisions"}],"predecessor-version":[{"id":24844,"href":"https:\/\/fcmanrique.org\/en\/wp-json\/wp\/v2\/fcm_actividad\/14224\/revisions\/24844"}],"wp:featuredmedia":[{"embeddable":true,"href":"https:\/\/fcmanrique.org\/en\/wp-json\/wp\/v2\/media\/24816"}],"wp:attachment":[{"href":"https:\/\/fcmanrique.org\/en\/wp-json\/wp\/v2\/media?parent=14224"}],"wp:term":[{"taxonomy":"actividad_tipo","embeddable":true,"href":"https:\/\/fcmanrique.org\/en\/wp-json\/wp\/v2\/actividad_tipo?post=14224"},{"taxonomy":"actividad_lugar","embeddable":true,"href":"https:\/\/fcmanrique.org\/en\/wp-json\/wp\/v2\/actividad_lugar?post=14224"},{"taxonomy":"actividad_departamento","embeddable":true,"href":"https:\/\/fcmanrique.org\/en\/wp-json\/wp\/v2\/actividad_departamento?post=14224"},{"taxonomy":"actividad_ciclo","embeddable":true,"href":"https:\/\/fcmanrique.org\/en\/wp-json\/wp\/v2\/actividad_ciclo?post=14224"}],"curies":[{"name":"wp","href":"https:\/\/api.w.org\/{rel}","templated":true}]}}

Presentación de <em>Paisaje y esfera pública</em> de Mariano de Santa Ana y Orlando Franco (eds.)

<p class="qtranxs-available-languages-message qtranxs-available-languages-message-en">Sorry, this entry is only available in <a href="https://fcmanrique.org/es/wp-json/wp/v2/fcm_actividad/14224" class="qtranxs-available-language-link qtranxs-available-language-link-es" title="ES">ES</a>.</p><p><strong><em><span style="ofont-size: 10pt;">Paisaje y esfera pública</span></em></strong><span style="ofont-size: 10pt;"> es un libro editado por los historiadores del arte Orlando Franco y Mariano de Santa Ana, que recoge 122 textos de personas vinculadas con el Archipiélago, en los que reflexionan, desde campos muy diversos, sobre el contenido que encierra el título del libro. Los editores, junto al arquitecto David Mallo, presentaron el libro en </span><span style="ofont-size: 10pt;">la Sala José</span><span style="ofont-size: 10pt;"> Saramago de Arrecife el pasado 16 de abril. El volumen lo ha publicado el Centro Atlántico de Arte Moderno (CAAM) y </span><span style="ofont-size: 10pt;">la Demarcación</span><span style="ofont-size: 10pt;"> de Gran Canaria del Colegio Oficial de Arquitectos de Canarias. También han colaborado </span><span style="ofont-size: 10pt;">la Universidad</span><span style="ofont-size: 10pt;"> de Las Palmas de Gran Canaria, el Cabildo de esa isla y el Gabinete Literario, a quienes los editores dieron las gracias al inicio de su intervención.</span>&nbsp;</p>
<p><span style="ofont-size: 10pt;">La idea de hacer el libro surge de unas jornadas organizadas por el Colegio de Arquitectos hace dos años y medio en Gran Canaria. En principio, se pretendió plasmar las conclusiones en una publicación pero el proyecto fue replanteándose hasta concretarse en la edición actual. Entre los autores se encuentran economistas, arquitectos, políticos, artistas, sociólogos, activistas sociales y personas de muy distintos ámbitos de la esfera pública.</span></p>
<p><span style="ofont-size: 10pt;">El arquitecto<strong> David Mallo</strong> señaló en su intervención que “el proyecto es vigente y oportuno” y que puede servir para subrayar algunas de las claves de la crisis actual. “Sobre el territorio y el paisaje no se puede reflexionar de forma independiente a lo que es la economía, la cultura y la política”, sostuvo.</span></p>
<p><span style="ofont-size: 10pt;">Por su parte, <strong>Orlando Franco</strong> explicó el proceso de elaboración del libro y señaló que “el paisaje en Canarias es todo, es algo más que un concepto político o social, es una urgencia para constituirnos como sociedad”. Franco se mostró satisfecho del resultado recogido en la publicación y aseguró que, con las voces que aparecen en ella, están representadas todas las sensibilidades de Canarias. Definió el libro como “político, valiente y polémico” y señaló que puede servir para que el lector reinterprete el contexto geográfico en el que vive. A los autores se les solicitó una reflexión sobre el paisaje y la esfera pública y no se les dio ninguna directriz.</span></p>
<p><span style="ofont-size: 10pt;">Reiteró que un tema tan urgente como es el paisaje “no se puede dejar en manos de los políticos”, para completar críticamente: “Nuestro futuro está en manos de unos señores que no están interesados en el bien público”. “La esfera pública somos todos y todos somos dueños del territorio”, aseguró, aunque censuró, que la sociedad civil de Canarias no responda a lo que debería ser una sociedad madura, ya que hace dejación de sus responsabilidades.</span></p>
<p><span style="ofont-size: 10pt;"><strong>Mariano de Santa Ana</strong> comenzó su intervención señalando que el paisaje canario no solo es frágil por su singularidad, sino que también lo es la esfera pública, porque la ciudadanía que debería fiscalizar la acción de gobierno es frágil a su vez. Destacó que la virtud del libro es la de “haber construido esfera pública en Canarias de forma discursiva”. Santa Ana señaló que a </span><span style="ofont-size: 10pt;">la Administración</span><span style="ofont-size: 10pt;"> no le gusta la esfera pública y recordó algunos casos de presiones a quienes participan de forma crítica en ese ámbito, como el ataque a </span><span style="ofont-size: 10pt;">la FCM</span><span style="ofont-size: 10pt;"> por su oposición a la carretera de </span><span style="ofont-size: 10pt;">La Geria</span><span style="ofont-size: 10pt;"> o la campaña contra el profesor Federico Aguilera Klink en Tenerife por su oposición al puerto de Granadilla, o incluso el ninguneo a las 45.000 firmas presentadas por Ben Magec en el Parlamento, que no se admitieron a trámite. Destacó que en este libro “todos los que escriben están en igualdad de condiciones, algo que no suele pasar”.</span></p>
<p><span style="ofont-size: 10pt;">Los ponentes entraron en un debate con el público en el que salieron a relucir temas muy diversos relacionados con el paisaje y el territorio de Canarias. Sobre la Ley de medidas urgentes se centró gran parte del debate, acusándose al Gobierno de Canarias de reducir el nivel de protección del suelo y facilitar el deterioro del paisaje. David Mallo señaló que la ley se trata de un “disfraz” que se hace por presiones económicas y que pone en peligro el paisaje que habría que defender, desde el punto de vista empresarial, porque la supervivencia económica pasa por la supervivencia del paisaje. También se trataron otras cuestiones, como el proyecto de Tindaya, la preparación de los representantes políticos, las listas abiertas…</span></p>
<p><span style="ofont-size: 10pt;">El director de </span><span style="ofont-size: 10pt;">la FCM</span><span style="ofont-size: 10pt;">, Fernando Gómez Aguilera, cerró el debate señalando que, como siempre que se empieza hablando del paisaje, se termina hablando, inevitablemente, de política. </span></p>
