{"id":14283,"date":"2010-04-22T00:00:00","date_gmt":"2010-04-22T00:00:00","guid":{"rendered":"https:\/\/fcmanrique.org\/fcm-actividad\/el-urbanismo-b-frente-al-urbanismo\/"},"modified":"2023-11-29T13:50:12","modified_gmt":"2023-11-29T13:50:12","slug":"el-urbanismo-b-frente-al-urbanismo","status":"publish","type":"fcm_actividad","link":"https:\/\/fcmanrique.org\/en\/fcm-actividad\/el-urbanismo-b-frente-al-urbanismo\/","title":{"rendered":"El urbanismo B frente al urbanismo de espect\u00e1culo"},"content":{"rendered":"<p class=\"qtranxs-available-languages-message qtranxs-available-languages-message-en\">Sorry, this entry is only available in <a href=\"https:\/\/fcmanrique.org\/es\/wp-json\/wp\/v2\/fcm_actividad\/14283\" class=\"qtranxs-available-language-link qtranxs-available-language-link-es\" title=\"ES\">ES<\/a>.<\/p><p><!-- [if gte mso 10]>\n\n\n\n<style>\n \/* Style Definitions *\/<br \/> table.MsoNormalTable<br \/>\t{mso-style-name:\"Tabla normal\";<br \/>\tmso-style-parent:\"\";<br \/>\t\"Times New Roman\";}<br \/><\/style>\n\n<![endif]--><span style=\"ofont-size: 10pt;\">El origen m\u00e1s remoto del libro <\/span><a href=\"https:\/\/fcmanrique.org\/fcm-publicacion\/urbanismo-para-naufragos-recomendaciones-sobre-planeamiento-y-diseno-urbano\/?cpg=2\"><strong><em><span style=\"ofont-size: 10pt;\">Urbanismo para n\u00e1ufragos<\/span><\/em><span style=\"ofont-size: 10pt;\">. <\/span><em><span style=\"ofont-size: 10pt;\">Recomendaciones sobre planeamiento y dise\u00f1o urbano <\/span><\/em><\/strong><\/a><span style=\"ofont-size: 10pt;\">hay que buscarlo en el a\u00f1o 1998, cuando se cumpl\u00edan cincuenta a\u00f1os de la Declaraci\u00f3n Universal de los Derechos Humanos. Los arquitectos<strong> Manuel Saravia<\/strong> y <strong>Pablo Gigosos<\/strong> quisieron combinar \u201clos dos grandes logros del Siglo XX\u201d. Por una parte, esa Declaraci\u00f3n y, por otra, la ciudad, como la gran conquista de la civilizaci\u00f3n. Esa l\u00ednea de trabajo les ha acompa\u00f1ado ya durante m\u00e1s de una d\u00e9cada, primero con el libro editado en 2003, <\/span><em><span style=\"ofont-size: 10pt;\">La ciudad y los derechos humanos<\/span><\/em><span style=\"ofont-size: 10pt;\">, en el que no hablaban del derecho a la ciudad, sino de la materializaci\u00f3n de los derechos humanos vinculados a la ciudad, y despu\u00e9s con un <a href=\"https:\/\/fcmanrique.org\/fcm-actividad\/urbanismo-para-naufragos\/?cpg=3\"><strong>taller<\/strong><\/a> en la propia Fundaci\u00f3n C\u00e9sar Manrique en 2007, con el mismo t\u00edtulo que el libro, que se repiti\u00f3 en Zaragoza y en Bogot\u00e1 y finalmente con varios cortometrajes de autores espa\u00f1oles. <\/span><\/p>\n<p><span style=\"ofont-size: 10pt;\">El jueves 22 de abril, sus dos autores presentaron el libro, que hace el n\u00famero seis de la <strong>Colecci\u00f3n <\/strong><\/span><strong><em><span style=\"ofont-size: 10pt;\">Ensayo<\/span><\/em><\/strong><span style=\"ofont-size: 10pt;\"> de la FCM. En su l\u00ednea de trabajo, los arquitectos parten de la base de que la referencia para hacer ciudad debe ser el \u00faltimo de los ciudadanos, no el ciudadano medio. Si se atiende a ese \u201c\u00faltimo ciudadano\u201d, habr\u00e1 un efecto multiplicador. El urbanismo que proponen Saravia y Gigosos se preocupa de lo b\u00e1sico. \u201cPrimero facilitemos que se pueda ir andando por la ciudad y luego ya haremos el resto\u201d, se\u00f1al\u00f3 Saravia, que apuesta por el llamado \u201curbanismo B\u201d frente al urbanismo de espect\u00e1culo, aunque no se propone que uno sustituya al otro, ya que \u201ces una batalla perdida\u201d. \u201cNo pretendemos que sea global ni que est\u00e9 integrado con el resto, pero s\u00ed que est\u00e9 presente\u201d. Por \u00faltimo, se plantean la necesidad de hacer frente a los gigantes, a las grandes empresas que tienen intereses que chocan \u201ccon la ciudad m\u00e1s medida\u201d. Por eso planean la conveniencia de plantear est\u00e1ndares para no dejar abierto el criterio de lo que se puede y no se puede hacer en la ciudad.<\/span><\/p>\n<p><span style=\"ofont-size: 10pt;\">Saravia y Gigosos dividieron la presentaci\u00f3n en dos partes. Tras la explicaci\u00f3n del origen del libro, pasaron a exponer tres aspectos que son imprescindibles en su planteamiento: la empat\u00eda, la resistencia y los Derechos Humanos. Seg\u00fan Gigosos, lo principal es modificar las actitudes. En el siglo XVIII, las novelas formaban conciencia, apelaban a la raz\u00f3n y al sentimiento. Richardson o Rousseau consiguieron crear empat\u00eda, sensibilizar a la gente para hacer cambiar las actitudes. La empat\u00eda, por tanto, es necesaria para implicarse en el desarrollo de los derechos. Gigosos se centr\u00f3 en un derecho b\u00e1sico: la movilidad, el derecho de los peatones a poder desplazarse caminando, para lo que se necesita que el espacio sea apto para ello. \u201cTodas las ciudades est\u00e1n hu\u00e9rfanas en contemplar los movimientos de los peatones\u201d, asegur\u00f3. En Espa\u00f1a, por ejemplo, muchos trabajadores del campo, en su mayor\u00eda inmigrantes, se mueven por las carreteras para ir a la ciudad. En \u00c1frica, donde todo el mudo se mueve por las carreteras, \u00e9stas, sin embargo, est\u00e1n pensadas s\u00f3lo para los coches. <\/span><\/p>\n<p><span style=\"ofont-size: 10pt;\">Saravia se refiri\u00f3 a la resistencia. \u201cSiempre hay reacci\u00f3n frente a la expansi\u00f3n de los nuevos derechos y, ante ello, hay que resistir\u201d, manifest\u00f3 Saravia, que reflej\u00f3 tres tesis sobre la resistencia: la perversidad, que afirma que la resistencia exacerba aquello frente a lo que act\u00faa; la futilidad, que dice que resistir no sirve para nada, y el riesgo, que asegura que resistir pone en peligro otros logros. Pasando a la pr\u00e1ctica, se detuvo en el caso de las viviendas sociales en Gran Breta\u00f1a, que su construcci\u00f3n ha sufrido un fuerte retroceso. Despu\u00e9s de la Segunda Guerra Mundial, los laboristas s\u00f3lo dejaban construir una vivienda p\u00fablica por cada cuatro privadas, hasta que lleg\u00f3 Margaret Thatcher y desmantel\u00f3 el sistema. Hoy surgen muchas leyes de derecho a la vivienda, pero no van acompa\u00f1adas de una gran inversi\u00f3n p\u00fablica.<\/span><\/p>\n<p><span style=\"ofont-size: 10pt;\">El tercer aspecto es la Declaraci\u00f3n de Derechos Humanos, con la que empez\u00f3 la presentaci\u00f3n. Gigosos explic\u00f3 c\u00f3mo se fueron plasmando los derechos y c\u00f3mo algunos, por ejemplo la seguridad, se fueron desarrollando despu\u00e9s. La seguridad est\u00e1 muy relacionada con las ciudades; de hecho, las palabras muralla y ciudad tienen el mismo origen tanto en ingl\u00e9s como en chino. Hoy se ha llegado en algunas ciudades a construir comunidades cerradas en las que viven privilegiados que pagan por disfrutar de una protecci\u00f3n privada diferenciada: \u201cPor eso hay que intentar conseguir normas para que esto no aparezca y que haya espacios p\u00fablicos que atraviesen todo\u201d, se\u00f1al\u00f3 el arquitecto.<\/span><\/p>","protected":false},"featured_media":24745,"parent":0,"template":"","meta":{"_acf_changed":false,"ngg_post_thumbnail":0,"footnotes":""},"actividad_tipo":[36],"actividad_lugar":[46],"actividad_departamento":[31],"actividad_ciclo":[],"class_list":["post-14283","fcm_actividad","type-fcm_actividad","status-publish","has-post-thumbnail","hentry","actividad_tipo-presentacion-libros","actividad_lugar-lugar-fcm","actividad_departamento-departamento-de-programas-culturales"],"acf":[],"_links":{"self":[{"href":"https:\/\/fcmanrique.org\/en\/wp-json\/wp\/v2\/fcm_actividad\/14283","targetHints":{"allow":["GET"]}}],"collection":[{"href":"https:\/\/fcmanrique.org\/en\/wp-json\/wp\/v2\/fcm_actividad"}],"about":[{"href":"https:\/\/fcmanrique.org\/en\/wp-json\/wp\/v2\/types\/fcm_actividad"}],"version-history":[{"count":3,"href":"https:\/\/fcmanrique.org\/en\/wp-json\/wp\/v2\/fcm_actividad\/14283\/revisions"}],"predecessor-version":[{"id":24744,"href":"https:\/\/fcmanrique.org\/en\/wp-json\/wp\/v2\/fcm_actividad\/14283\/revisions\/24744"}],"wp:featuredmedia":[{"embeddable":true,"href":"https:\/\/fcmanrique.org\/en\/wp-json\/wp\/v2\/media\/24745"}],"wp:attachment":[{"href":"https:\/\/fcmanrique.org\/en\/wp-json\/wp\/v2\/media?parent=14283"}],"wp:term":[{"taxonomy":"actividad_tipo","embeddable":true,"href":"https:\/\/fcmanrique.org\/en\/wp-json\/wp\/v2\/actividad_tipo?post=14283"},{"taxonomy":"actividad_lugar","embeddable":true,"href":"https:\/\/fcmanrique.org\/en\/wp-json\/wp\/v2\/actividad_lugar?post=14283"},{"taxonomy":"actividad_departamento","embeddable":true,"href":"https:\/\/fcmanrique.org\/en\/wp-json\/wp\/v2\/actividad_departamento?post=14283"},{"taxonomy":"actividad_ciclo","embeddable":true,"href":"https:\/\/fcmanrique.org\/en\/wp-json\/wp\/v2\/actividad_ciclo?post=14283"}],"curies":[{"name":"wp","href":"https:\/\/api.w.org\/{rel}","templated":true}]}}

El urbanismo B frente al urbanismo de espectáculo

<p class="qtranxs-available-languages-message qtranxs-available-languages-message-en">Sorry, this entry is only available in <a href="https://fcmanrique.org/es/wp-json/wp/v2/fcm_actividad/14283" class="qtranxs-available-language-link qtranxs-available-language-link-es" title="ES">ES</a>.</p><p><!-- [if gte mso 10]>



<style>
 /* Style Definitions */<br /> table.MsoNormalTable<br />	{mso-style-name:"Tabla normal";<br />	mso-style-parent:"";<br />	"Times New Roman";}<br /></style>

<![endif]--><span style="ofont-size: 10pt;">El origen más remoto del libro </span><a href="https://fcmanrique.org/fcm-publicacion/urbanismo-para-naufragos-recomendaciones-sobre-planeamiento-y-diseno-urbano/?cpg=2"><strong><em><span style="ofont-size: 10pt;">Urbanismo para náufragos</span></em><span style="ofont-size: 10pt;">. </span><em><span style="ofont-size: 10pt;">Recomendaciones sobre planeamiento y diseño urbano </span></em></strong></a><span style="ofont-size: 10pt;">hay que buscarlo en el año 1998, cuando se cumplían cincuenta años de la Declaración Universal de los Derechos Humanos. Los arquitectos<strong> Manuel Saravia</strong> y <strong>Pablo Gigosos</strong> quisieron combinar “los dos grandes logros del Siglo XX”. Por una parte, esa Declaración y, por otra, la ciudad, como la gran conquista de la civilización. Esa línea de trabajo les ha acompañado ya durante más de una década, primero con el libro editado en 2003, </span><em><span style="ofont-size: 10pt;">La ciudad y los derechos humanos</span></em><span style="ofont-size: 10pt;">, en el que no hablaban del derecho a la ciudad, sino de la materialización de los derechos humanos vinculados a la ciudad, y después con un <a href="https://fcmanrique.org/fcm-actividad/urbanismo-para-naufragos/?cpg=3"><strong>taller</strong></a> en la propia Fundación César Manrique en 2007, con el mismo título que el libro, que se repitió en Zaragoza y en Bogotá y finalmente con varios cortometrajes de autores españoles. </span></p>
<p><span style="ofont-size: 10pt;">El jueves 22 de abril, sus dos autores presentaron el libro, que hace el número seis de la <strong>Colección </strong></span><strong><em><span style="ofont-size: 10pt;">Ensayo</span></em></strong><span style="ofont-size: 10pt;"> de la FCM. En su línea de trabajo, los arquitectos parten de la base de que la referencia para hacer ciudad debe ser el último de los ciudadanos, no el ciudadano medio. Si se atiende a ese “último ciudadano”, habrá un efecto multiplicador. El urbanismo que proponen Saravia y Gigosos se preocupa de lo básico. “Primero facilitemos que se pueda ir andando por la ciudad y luego ya haremos el resto”, señaló Saravia, que apuesta por el llamado “urbanismo B” frente al urbanismo de espectáculo, aunque no se propone que uno sustituya al otro, ya que “es una batalla perdida”. “No pretendemos que sea global ni que esté integrado con el resto, pero sí que esté presente”. Por último, se plantean la necesidad de hacer frente a los gigantes, a las grandes empresas que tienen intereses que chocan “con la ciudad más medida”. Por eso planean la conveniencia de plantear estándares para no dejar abierto el criterio de lo que se puede y no se puede hacer en la ciudad.</span></p>
<p><span style="ofont-size: 10pt;">Saravia y Gigosos dividieron la presentación en dos partes. Tras la explicación del origen del libro, pasaron a exponer tres aspectos que son imprescindibles en su planteamiento: la empatía, la resistencia y los Derechos Humanos. Según Gigosos, lo principal es modificar las actitudes. En el siglo XVIII, las novelas formaban conciencia, apelaban a la razón y al sentimiento. Richardson o Rousseau consiguieron crear empatía, sensibilizar a la gente para hacer cambiar las actitudes. La empatía, por tanto, es necesaria para implicarse en el desarrollo de los derechos. Gigosos se centró en un derecho básico: la movilidad, el derecho de los peatones a poder desplazarse caminando, para lo que se necesita que el espacio sea apto para ello. “Todas las ciudades están huérfanas en contemplar los movimientos de los peatones”, aseguró. En España, por ejemplo, muchos trabajadores del campo, en su mayoría inmigrantes, se mueven por las carreteras para ir a la ciudad. En África, donde todo el mudo se mueve por las carreteras, éstas, sin embargo, están pensadas sólo para los coches. </span></p>
<p><span style="ofont-size: 10pt;">Saravia se refirió a la resistencia. “Siempre hay reacción frente a la expansión de los nuevos derechos y, ante ello, hay que resistir”, manifestó Saravia, que reflejó tres tesis sobre la resistencia: la perversidad, que afirma que la resistencia exacerba aquello frente a lo que actúa; la futilidad, que dice que resistir no sirve para nada, y el riesgo, que asegura que resistir pone en peligro otros logros. Pasando a la práctica, se detuvo en el caso de las viviendas sociales en Gran Bretaña, que su construcción ha sufrido un fuerte retroceso. Después de la Segunda Guerra Mundial, los laboristas sólo dejaban construir una vivienda pública por cada cuatro privadas, hasta que llegó Margaret Thatcher y desmanteló el sistema. Hoy surgen muchas leyes de derecho a la vivienda, pero no van acompañadas de una gran inversión pública.</span></p>
<p><span style="ofont-size: 10pt;">El tercer aspecto es la Declaración de Derechos Humanos, con la que empezó la presentación. Gigosos explicó cómo se fueron plasmando los derechos y cómo algunos, por ejemplo la seguridad, se fueron desarrollando después. La seguridad está muy relacionada con las ciudades; de hecho, las palabras muralla y ciudad tienen el mismo origen tanto en inglés como en chino. Hoy se ha llegado en algunas ciudades a construir comunidades cerradas en las que viven privilegiados que pagan por disfrutar de una protección privada diferenciada: “Por eso hay que intentar conseguir normas para que esto no aparezca y que haya espacios públicos que atraviesen todo”, señaló el arquitecto.</span></p>
