{"id":14434,"date":"2012-12-20T00:00:00","date_gmt":"2012-12-20T00:00:00","guid":{"rendered":"https:\/\/fcmanrique.org\/fcm-actividad\/alegaciones-al-proyecto-de-trasvase\/"},"modified":"2024-10-04T09:01:29","modified_gmt":"2024-10-04T09:01:29","slug":"alegaciones-al-proyecto-de-trasvase","status":"publish","type":"fcm_actividad","link":"https:\/\/fcmanrique.org\/en\/fcm-actividad\/alegaciones-al-proyecto-de-trasvase\/","title":{"rendered":"Alegaciones al proyecto de trasvase de arena de Famara"},"content":{"rendered":"<p class=\"qtranxs-available-languages-message qtranxs-available-languages-message-en\">Sorry, this entry is only available in <a href=\"https:\/\/fcmanrique.org\/es\/wp-json\/wp\/v2\/fcm_actividad\/14434\" class=\"qtranxs-available-language-link qtranxs-available-language-link-es\" title=\"ES\">ES<\/a>.<\/p><p><!-- [if gte mso 9]><xml>\n\nNormal\n0\n21\n\nfalse\nfalse\nfalse\n\nMicrosoftInternetExplorer4\n\n<\/xml><![endif]--><\/p>\n<p>La Fundaci\u00f3n C\u00e9sar Manrique (FCM) considera improcedente la extracci\u00f3n continuada o puntual de arena de la playa de Famara por diversos motivos, que ha expuesto en las alegaciones presentadas en el mes de diciembre de 2012 ante Demarcaci\u00f3n de Costas.<\/p>\n<p><strong>Descargar documento completo: <\/strong><a class=\"materiales-obj\" href=\"\/recursos\/actividad\/50dd7c8cfcm arena famara.pdf\">Alegaciones al trasvase de arena de Famara<\/a><\/p>\n<p><!-- [if gte mso 9]><![endif]--><!-- [if !mso]>\n\n\n\n<style>\nst1:*{behavior:url(#ieooui) }<br \/><\/style>\n\n<![endif]--><!-- [if gte mso 10]>\n\n\n\n<style>\n \/* Style Definitions *\/<br \/> table.MsoNormalTable<br \/>\t{mso-style-name:\"Tabla normal\";<br \/>\tmso-style-parent:\"\";<br \/>\t\"Times New Roman\";}<br \/><\/style>\n\n<![endif]--><\/p>","protected":false},"featured_media":26016,"parent":0,"template":"","meta":{"_acf_changed":false,"ngg_post_thumbnail":0,"footnotes":""},"actividad_tipo":[39],"actividad_lugar":[46],"actividad_departamento":[29],"actividad_ciclo":[],"class_list":["post-14434","fcm_actividad","type-fcm_actividad","status-publish","has-post-thumbnail","hentry","actividad_tipo-informes-y-alegaciones","actividad_lugar-lugar-fcm","actividad_departamento-departamento-de-territorio-y-medio-ambiente"],"acf":[],"_links":{"self":[{"href":"https:\/\/fcmanrique.org\/en\/wp-json\/wp\/v2\/fcm_actividad\/14434","targetHints":{"allow":["GET"]}}],"collection":[{"href":"https:\/\/fcmanrique.org\/en\/wp-json\/wp\/v2\/fcm_actividad"}],"about":[{"href":"https:\/\/fcmanrique.org\/en\/wp-json\/wp\/v2\/types\/fcm_actividad"}],"version-history":[{"count":3,"href":"https:\/\/fcmanrique.org\/en\/wp-json\/wp\/v2\/fcm_actividad\/14434\/revisions"}],"predecessor-version":[{"id":26019,"href":"https:\/\/fcmanrique.org\/en\/wp-json\/wp\/v2\/fcm_actividad\/14434\/revisions\/26019"}],"wp:featuredmedia":[{"embeddable":true,"href":"https:\/\/fcmanrique.org\/en\/wp-json\/wp\/v2\/media\/26016"}],"wp:attachment":[{"href":"https:\/\/fcmanrique.org\/en\/wp-json\/wp\/v2\/media?parent=14434"}],"wp:term":[{"taxonomy":"actividad_tipo","embeddable":true,"href":"https:\/\/fcmanrique.org\/en\/wp-json\/wp\/v2\/actividad_tipo?post=14434"},{"taxonomy":"actividad_lugar","embeddable":true,"href":"https:\/\/fcmanrique.org\/en\/wp-json\/wp\/v2\/actividad_lugar?post=14434"},{"taxonomy":"actividad_departamento","embeddable":true,"href":"https:\/\/fcmanrique.org\/en\/wp-json\/wp\/v2\/actividad_departamento?post=14434"},{"taxonomy":"actividad_ciclo","embeddable":true,"href":"https:\/\/fcmanrique.org\/en\/wp-json\/wp\/v2\/actividad_ciclo?post=14434"}],"curies":[{"name":"wp","href":"https:\/\/api.w.org\/{rel}","templated":true}]}}

<p class="qtranxs-available-languages-message qtranxs-available-languages-message-en">Sorry, this entry is only available in <a href="https://fcmanrique.org/es/wp-json/wp/v2/fcm_actividad/14434" class="qtranxs-available-language-link qtranxs-available-language-link-es" title="ES">ES</a>.</p><p><!-- [if gte mso 9]><xml>

Normal
0
21

false
false
false

MicrosoftInternetExplorer4

</xml><![endif]--></p>
<p>La Fundación César Manrique (FCM) considera improcedente la extracción continuada o puntual de arena de la playa de Famara por diversos motivos, que ha expuesto en las alegaciones presentadas en el mes de diciembre de 2012 ante Demarcación de Costas.</p>
<p><strong>Descargar documento completo: </strong><a class="materiales-obj" href="/recursos/actividad/50dd7c8cfcm arena famara.pdf">Alegaciones al trasvase de arena de Famara</a></p>
<p><!-- [if gte mso 9]><![endif]--><!-- [if !mso]>



<style>
st1:*{behavior:url(#ieooui) }<br /></style>

<![endif]--><!-- [if gte mso 10]>



<style>
 /* Style Definitions */<br /> table.MsoNormalTable<br />	{mso-style-name:"Tabla normal";<br />	mso-style-parent:"";<br />	"Times New Roman";}<br /></style>

<![endif]--></p>
