{"id":16867,"date":"2018-06-15T13:47:33","date_gmt":"2018-06-15T13:47:33","guid":{"rendered":"https:\/\/fcmanrique.org\/?p=16867"},"modified":"2024-01-16T15:18:15","modified_gmt":"2024-01-16T15:18:15","slug":"joaquin-estefania-pronuncio-la-conferencia-titulada-la-tribu-de-los-topos-jovenes-rebeldes","status":"publish","type":"fcm_actividad","link":"https:\/\/fcmanrique.org\/en\/fcm-actividad\/joaquin-estefania-pronuncio-la-conferencia-titulada-la-tribu-de-los-topos-jovenes-rebeldes\/","title":{"rendered":"Joaqu\u00edn Estefan\u00eda: \u201cLo peor no es el retroceso sino que se han roto las expectativas materiales y emocionales de muchos j\u00f3venes\u201d"},"content":{"rendered":"<p>A Joaqu\u00edn Estefan\u00eda se le ocurri\u00f3 la met\u00e1fora de los topos releyendo <em>El 18 de brumario de Luis Bonaparte<\/em>, de Karl Marx. De ah\u00ed el t\u00edtulo de la conferencia que ofreci\u00f3 el pasado 14 de junio, en la Fundaci\u00f3n C\u00e9sar Manrique: <em>La tribu de los topos. J\u00f3venes rebeldes<\/em>, dentro del espacio de reflexi\u00f3n <em>Fronteras y direcciones del progreso<\/em>. S\u00f3lo tres d\u00edas antes de la conferencia, Estefan\u00eda hab\u00eda sido nombrado director adjunto de <em>El Pa\u00eds<\/em>.<\/p>\n<p><a href=\"https:\/\/fcmanrique.org\/wp-content\/uploads\/fc-manrique-joaquin-estefania-2.jpg\"><img loading=\"lazy\" decoding=\"async\" class=\"alignnone size-full wp-image-16869\" src=\"https:\/\/fcmanrique.org\/wp-content\/uploads\/fc-manrique-joaquin-estefania-2.jpg\" alt=\"\" width=\"800\" height=\"524\" srcset=\"https:\/\/fcmanrique.org\/wp-content\/uploads\/fc-manrique-joaquin-estefania-2.jpg 800w, https:\/\/fcmanrique.org\/wp-content\/uploads\/fc-manrique-joaquin-estefania-2-300x197.jpg 300w, https:\/\/fcmanrique.org\/wp-content\/uploads\/fc-manrique-joaquin-estefania-2-768x503.jpg 768w\" sizes=\"auto, (max-width: 800px) 100vw, 800px\" \/><\/a><\/p>\n<p>El ponente habl\u00f3 de los movimientos juveniles que han marcado la historia en los \u00faltimos cincuenta a\u00f1os y que, como acci\u00f3n, han provocado una reacci\u00f3n para regresar al statu quo. Los tres hitos son 1968, 1999 y 2011. La primera fecha no fue s\u00f3lo mayo y no fue solo Par\u00eds, y tampoco fue solo un movimiento juvenil. Fue el a\u00f1o de la invasi\u00f3n de Checoslovaquia \u201cque acab\u00f3 con la esperanza de un socialismo de rostro humano\u201d, fue el a\u00f1o de la represi\u00f3n a los estudiantes en M\u00e9xico que a\u00fan hoy no se sabe cu\u00e1ntas v\u00edctimas mortales provoc\u00f3 y fue el a\u00f1o, en Francia, de la huelga general \u201cm\u00e1s importante de Europa\u201d. A esa acci\u00f3n le sobrevino la reacci\u00f3n conservadora de Thatcher y Reagan que pretendi\u00f3 acabar con los valores del estado del bienestar.<\/p>\n<p>El segundo hito, 1999, fue el del \u201cmal llamado movimiento antiglobalizaci\u00f3n\u201d, que surgi\u00f3 en Seattle en la asamblea de la Organizaci\u00f3n Mundial del Comercio, con la reacci\u00f3n consiguiente de los neocons, entre los que se contaban algunos de los j\u00f3venes de mayo de 1968, record\u00f3 Estefan\u00eda. Y el tercer hito, el de 2011, el de los indignados, \u201cque no fue solo espa\u00f1ol, porque se da en todo el mundo, con menos presencia pero con gran influencia\u201d, como el movimiento Occupy Wall Street, que genera la candidatura de Bernie Sanders en el Partido Dem\u00f3crata. La reacci\u00f3n a este movimiento es la presidencia de Donald Trump.<\/p>\n<p><a href=\"https:\/\/fcmanrique.org\/wp-content\/uploads\/fc-manrique-joaquin-estefania-1g.jpg\"><img loading=\"lazy\" decoding=\"async\" class=\"alignnone size-full wp-image-16870\" src=\"https:\/\/fcmanrique.org\/wp-content\/uploads\/fc-manrique-joaquin-estefania-1g.jpg\" alt=\"\" width=\"800\" height=\"527\" srcset=\"https:\/\/fcmanrique.org\/wp-content\/uploads\/fc-manrique-joaquin-estefania-1g.jpg 800w, https:\/\/fcmanrique.org\/wp-content\/uploads\/fc-manrique-joaquin-estefania-1g-300x198.jpg 300w, https:\/\/fcmanrique.org\/wp-content\/uploads\/fc-manrique-joaquin-estefania-1g-768x506.jpg 768w\" sizes=\"auto, (max-width: 800px) 100vw, 800px\" \/><\/a><\/p>\n<p>El \u00faltimo libro de Estefan\u00eda se titula <em>Revoluciones. Cincuenta a\u00f1os de rebeld\u00eda (1968-2018)<\/em>. No alude al sentido estricto de revoluci\u00f3n inmediata \u201csino a un sentido blando\u201d, de protestas colectivas que acaban cambiando cosas. Estefan\u00eda considera que hasta 1968 los cambios eran patrimonio de la clase obrera pero despu\u00e9s la juventud compite como sujeto hist\u00f3rico con el movimiento obrero. En 1968, lo que un\u00eda a los j\u00f3venes era su odio al marxismo que proven\u00eda de la URSS (eran mao\u00edstas, trotskistas, seguidores del Che\u2026). En los movimientos posteriores no hay ni un pa\u00eds, ni una clase de referencia y tampoco una ideolog\u00eda cerrada, son menos dogm\u00e1ticos \u201cy con una mezcla de ideolog\u00edas logran entenderse y son capaces de trabajar entre s\u00ed\u201d. Los factores que tienen en com\u00fan es que son movimientos globales y antiautoritarios que reivindican m\u00e1s la Revoluci\u00f3n francesa que la bolchevique. Tambi\u00e9n tienen dos caracter\u00edsticas nuevas: se fijan en la desigualdad, no tanto en la pobreza, y denuncian que la capacidad de influencia la ostentan poderes f\u00e1cticos no elegidos (como los mercados o el sistema financiero). No obstante, la lucha de clases no ha desaparecido y adem\u00e1s ahora emerge otro sujeto hist\u00f3rico para el cambio, que va a ser central, y es el de las mujeres.<\/p>\n<p>El final de esos movimientos se encuentra en el cap\u00edtulo de las diferencias entre aquel 1968 y la actualidad. Mayo del 68 acab\u00f3 por dos razones: la primera son los acuerdos de Grenelle firmados entre el gobierno franc\u00e9s y los sindicatos, que lograron una subida salarial, la jornada de cuarenta horas y la presencia de los sindicatos en la empresa. \u201cObtienen eso pero los desarman\u201d, se\u00f1al\u00f3 Estefan\u00eda. La segunda es m\u00e1s prosaica a\u00fan: para el movimiento estudiantil llegaron las vacaciones de verano. \u00bfQu\u00e9 aprendieron los indignados de esto? Que la calle cansa, y que deb\u00edan entrar en las instituciones. As\u00ed acaba el 15-M. Estefan\u00eda relat\u00f3 que se dio cuenta de la esperanza que gener\u00f3 ese movimiento viendo la pel\u00edcula <em>Libre te quiero<\/em>, de Basilio Mart\u00edn Patino, y tambi\u00e9n se dio cuenta de las grandes diferencias que hab\u00eda con su incorporaci\u00f3n posterior a la pol\u00edtica: \u201cEn las instituciones se pierde la \u00e9pica\u201d, pero el movimiento no fracas\u00f3 sino que \u201chay que darle tiempo y distancia\u201d. Frente a esa acci\u00f3n lleg\u00f3 la reacci\u00f3n, y a Estefan\u00eda le preocupa Trump pero tambi\u00e9n le preocupa Europa, \u201cun continente frenado, que no sabe estar quieto y por ello, cuando no avanza, retrocede\u201d. Considera que, ahora, las ideas de la extrema derecha no s\u00f3lo est\u00e1n presentes en los partidos de extrema derecha sino que est\u00e1n impregnando las ideas del resto. \u201cAhora no se puede ser muy optimista pero si se mira con distancia, los valores de esos movimientos, como el ecologismo, feminismo, pacifismo, respeto a las minor\u00edas, no discriminaci\u00f3n o lucha contra la desigualdad, a\u00fan permanecen\u201d, asegur\u00f3.<\/p>\n<p><a href=\"https:\/\/fcmanrique.org\/wp-content\/uploads\/fc-manrique-joaquin-estefania-3.jpg\"><img loading=\"lazy\" decoding=\"async\" class=\"alignnone size-full wp-image-16871\" src=\"https:\/\/fcmanrique.org\/wp-content\/uploads\/fc-manrique-joaquin-estefania-3.jpg\" alt=\"\" width=\"800\" height=\"532\" srcset=\"https:\/\/fcmanrique.org\/wp-content\/uploads\/fc-manrique-joaquin-estefania-3.jpg 800w, https:\/\/fcmanrique.org\/wp-content\/uploads\/fc-manrique-joaquin-estefania-3-300x200.jpg 300w, https:\/\/fcmanrique.org\/wp-content\/uploads\/fc-manrique-joaquin-estefania-3-768x511.jpg 768w\" sizes=\"auto, (max-width: 800px) 100vw, 800px\" \/><\/a><\/p>\n<p>El director adjunto de <em>El Pa\u00eds<\/em> considera que la generaci\u00f3n m\u00e1s beneficiada por todo esto es la suya, la de los nacidos en los a\u00f1os 40 y 50. Es la primera que no ha vivido una guerra, siempre han tenido un puesto de trabajo, no han vivido una precariedad estructural y han mantenido el estado del bienestar hasta la jubilaci\u00f3n. \u201cNuestros hijos no van a vivir peor, sino que ya viven peor \u2014se\u00f1al\u00f3\u2014 y lo peor no es lo que se ha retrocedido sino que se han roto las expectativas materiales y emocionales de muchos j\u00f3venes\u201d. Hoy hay m\u00e1s pobres que en 2008, la desigualdad es estructural, la precariedad es una forma de vida, el estado del bienestar es m\u00e1s fr\u00e1gil y hay una crisis de representaci\u00f3n pol\u00edtica: \u201cHay una desconfianza de los j\u00f3venes ante todo lo que est\u00e1 a su alrededor\u201d. Y se suma otro factor: \u201cAntes, la democracia era la mayor utop\u00eda y ahora es un factor instrumental; no importa mirar hacia pa\u00edses autoritarios\u201d.<\/p>\n<p>Estefan\u00eda acab\u00f3 poniendo sobre la mesa el programa de m\u00ednimos, con solo tres puntos, por el que se podr\u00eda luchar ahora: la igualdad de oportunidades, porque ahora el bienestar depende m\u00e1s de la renta de los padres que del esfuerzo de los j\u00f3venes; los derechos humanos, incluidos derechos ciudadanos, pol\u00edticos, civiles y sociales; y la lucha contra el cambio clim\u00e1tico, \u201cel principal problema al que se enfrenta la Humanidad\u201d.<\/p>\n<p><a href=\"https:\/\/fcmanrique.org\/wp-content\/uploads\/fc-manrique-joaquin-estefania-webg.jpg\"><img loading=\"lazy\" decoding=\"async\" class=\"alignnone size-full wp-image-16872\" src=\"https:\/\/fcmanrique.org\/wp-content\/uploads\/fc-manrique-joaquin-estefania-webg.jpg\" alt=\"\" width=\"800\" height=\"533\" srcset=\"https:\/\/fcmanrique.org\/wp-content\/uploads\/fc-manrique-joaquin-estefania-webg.jpg 800w, https:\/\/fcmanrique.org\/wp-content\/uploads\/fc-manrique-joaquin-estefania-webg-300x200.jpg 300w, https:\/\/fcmanrique.org\/wp-content\/uploads\/fc-manrique-joaquin-estefania-webg-768x512.jpg 768w\" sizes=\"auto, (max-width: 800px) 100vw, 800px\" \/><\/a><\/p>\n<p><a href=\"https:\/\/fcmanrique.org\/wp-content\/uploads\/fc-manrique-nota-prensa-conferencia-joaquin-estefania-1.pdf\">fc-manrique-nota-prensa-conferencia-joaquin-estefania<\/a><\/p>","protected":false},"featured_media":16868,"parent":0,"template":"","meta":{"_acf_changed":false,"ngg_post_thumbnail":0,"footnotes":""},"actividad_tipo":[34],"actividad_lugar":[],"actividad_departamento":[],"actividad_ciclo":[],"class_list":["post-16867","fcm_actividad","type-fcm_actividad","status-publish","has-post-thumbnail","hentry","actividad_tipo-conferencias"],"acf":[],"_links":{"self":[{"href":"https:\/\/fcmanrique.org\/en\/wp-json\/wp\/v2\/fcm_actividad\/16867","targetHints":{"allow":["GET"]}}],"collection":[{"href":"https:\/\/fcmanrique.org\/en\/wp-json\/wp\/v2\/fcm_actividad"}],"about":[{"href":"https:\/\/fcmanrique.org\/en\/wp-json\/wp\/v2\/types\/fcm_actividad"}],"version-history":[{"count":5,"href":"https:\/\/fcmanrique.org\/en\/wp-json\/wp\/v2\/fcm_actividad\/16867\/revisions"}],"predecessor-version":[{"id":24918,"href":"https:\/\/fcmanrique.org\/en\/wp-json\/wp\/v2\/fcm_actividad\/16867\/revisions\/24918"}],"wp:featuredmedia":[{"embeddable":true,"href":"https:\/\/fcmanrique.org\/en\/wp-json\/wp\/v2\/media\/16868"}],"wp:attachment":[{"href":"https:\/\/fcmanrique.org\/en\/wp-json\/wp\/v2\/media?parent=16867"}],"wp:term":[{"taxonomy":"actividad_tipo","embeddable":true,"href":"https:\/\/fcmanrique.org\/en\/wp-json\/wp\/v2\/actividad_tipo?post=16867"},{"taxonomy":"actividad_lugar","embeddable":true,"href":"https:\/\/fcmanrique.org\/en\/wp-json\/wp\/v2\/actividad_lugar?post=16867"},{"taxonomy":"actividad_departamento","embeddable":true,"href":"https:\/\/fcmanrique.org\/en\/wp-json\/wp\/v2\/actividad_departamento?post=16867"},{"taxonomy":"actividad_ciclo","embeddable":true,"href":"https:\/\/fcmanrique.org\/en\/wp-json\/wp\/v2\/actividad_ciclo?post=16867"}],"curies":[{"name":"wp","href":"https:\/\/api.w.org\/{rel}","templated":true}]}}

Joaquín Estefanía: “Lo peor no es el retroceso sino que se han roto las expectativas materiales y emocionales de muchos jóvenes”

<p>A Joaquín Estefanía se le ocurrió la metáfora de los topos releyendo <em>El 18 de brumario de Luis Bonaparte</em>, de Karl Marx. De ahí el título de la conferencia que ofreció el pasado 14 de junio, en la Fundación César Manrique: <em>La tribu de los topos. Jóvenes rebeldes</em>, dentro del espacio de reflexión <em>Fronteras y direcciones del progreso</em>. Sólo tres días antes de la conferencia, Estefanía había sido nombrado director adjunto de <em>El País</em>.</p>
<p><a href="https://fcmanrique.org/wp-content/uploads/fc-manrique-joaquin-estefania-2.jpg"><img loading="lazy" decoding="async" class="alignnone size-full wp-image-16869" src="https://fcmanrique.org/wp-content/uploads/fc-manrique-joaquin-estefania-2.jpg" alt="" width="800" height="524" srcset="https://fcmanrique.org/wp-content/uploads/fc-manrique-joaquin-estefania-2.jpg 800w, https://fcmanrique.org/wp-content/uploads/fc-manrique-joaquin-estefania-2-300x197.jpg 300w, https://fcmanrique.org/wp-content/uploads/fc-manrique-joaquin-estefania-2-768x503.jpg 768w" sizes="auto, (max-width: 800px) 100vw, 800px" /></a></p>
<p>El ponente habló de los movimientos juveniles que han marcado la historia en los últimos cincuenta años y que, como acción, han provocado una reacción para regresar al statu quo. Los tres hitos son 1968, 1999 y 2011. La primera fecha no fue sólo mayo y no fue solo París, y tampoco fue solo un movimiento juvenil. Fue el año de la invasión de Checoslovaquia “que acabó con la esperanza de un socialismo de rostro humano”, fue el año de la represión a los estudiantes en México que aún hoy no se sabe cuántas víctimas mortales provocó y fue el año, en Francia, de la huelga general “más importante de Europa”. A esa acción le sobrevino la reacción conservadora de Thatcher y Reagan que pretendió acabar con los valores del estado del bienestar.</p>
<p>El segundo hito, 1999, fue el del “mal llamado movimiento antiglobalización”, que surgió en Seattle en la asamblea de la Organización Mundial del Comercio, con la reacción consiguiente de los neocons, entre los que se contaban algunos de los jóvenes de mayo de 1968, recordó Estefanía. Y el tercer hito, el de 2011, el de los indignados, “que no fue solo español, porque se da en todo el mundo, con menos presencia pero con gran influencia”, como el movimiento Occupy Wall Street, que genera la candidatura de Bernie Sanders en el Partido Demócrata. La reacción a este movimiento es la presidencia de Donald Trump.</p>
<p><a href="https://fcmanrique.org/wp-content/uploads/fc-manrique-joaquin-estefania-1g.jpg"><img loading="lazy" decoding="async" class="alignnone size-full wp-image-16870" src="https://fcmanrique.org/wp-content/uploads/fc-manrique-joaquin-estefania-1g.jpg" alt="" width="800" height="527" srcset="https://fcmanrique.org/wp-content/uploads/fc-manrique-joaquin-estefania-1g.jpg 800w, https://fcmanrique.org/wp-content/uploads/fc-manrique-joaquin-estefania-1g-300x198.jpg 300w, https://fcmanrique.org/wp-content/uploads/fc-manrique-joaquin-estefania-1g-768x506.jpg 768w" sizes="auto, (max-width: 800px) 100vw, 800px" /></a></p>
<p>El último libro de Estefanía se titula <em>Revoluciones. Cincuenta años de rebeldía (1968-2018)</em>. No alude al sentido estricto de revolución inmediata “sino a un sentido blando”, de protestas colectivas que acaban cambiando cosas. Estefanía considera que hasta 1968 los cambios eran patrimonio de la clase obrera pero después la juventud compite como sujeto histórico con el movimiento obrero. En 1968, lo que unía a los jóvenes era su odio al marxismo que provenía de la URSS (eran maoístas, trotskistas, seguidores del Che…). En los movimientos posteriores no hay ni un país, ni una clase de referencia y tampoco una ideología cerrada, son menos dogmáticos “y con una mezcla de ideologías logran entenderse y son capaces de trabajar entre sí”. Los factores que tienen en común es que son movimientos globales y antiautoritarios que reivindican más la Revolución francesa que la bolchevique. También tienen dos características nuevas: se fijan en la desigualdad, no tanto en la pobreza, y denuncian que la capacidad de influencia la ostentan poderes fácticos no elegidos (como los mercados o el sistema financiero). No obstante, la lucha de clases no ha desaparecido y además ahora emerge otro sujeto histórico para el cambio, que va a ser central, y es el de las mujeres.</p>
<p>El final de esos movimientos se encuentra en el capítulo de las diferencias entre aquel 1968 y la actualidad. Mayo del 68 acabó por dos razones: la primera son los acuerdos de Grenelle firmados entre el gobierno francés y los sindicatos, que lograron una subida salarial, la jornada de cuarenta horas y la presencia de los sindicatos en la empresa. “Obtienen eso pero los desarman”, señaló Estefanía. La segunda es más prosaica aún: para el movimiento estudiantil llegaron las vacaciones de verano. ¿Qué aprendieron los indignados de esto? Que la calle cansa, y que debían entrar en las instituciones. Así acaba el 15-M. Estefanía relató que se dio cuenta de la esperanza que generó ese movimiento viendo la película <em>Libre te quiero</em>, de Basilio Martín Patino, y también se dio cuenta de las grandes diferencias que había con su incorporación posterior a la política: “En las instituciones se pierde la épica”, pero el movimiento no fracasó sino que “hay que darle tiempo y distancia”. Frente a esa acción llegó la reacción, y a Estefanía le preocupa Trump pero también le preocupa Europa, “un continente frenado, que no sabe estar quieto y por ello, cuando no avanza, retrocede”. Considera que, ahora, las ideas de la extrema derecha no sólo están presentes en los partidos de extrema derecha sino que están impregnando las ideas del resto. “Ahora no se puede ser muy optimista pero si se mira con distancia, los valores de esos movimientos, como el ecologismo, feminismo, pacifismo, respeto a las minorías, no discriminación o lucha contra la desigualdad, aún permanecen”, aseguró.</p>
<p><a href="https://fcmanrique.org/wp-content/uploads/fc-manrique-joaquin-estefania-3.jpg"><img loading="lazy" decoding="async" class="alignnone size-full wp-image-16871" src="https://fcmanrique.org/wp-content/uploads/fc-manrique-joaquin-estefania-3.jpg" alt="" width="800" height="532" srcset="https://fcmanrique.org/wp-content/uploads/fc-manrique-joaquin-estefania-3.jpg 800w, https://fcmanrique.org/wp-content/uploads/fc-manrique-joaquin-estefania-3-300x200.jpg 300w, https://fcmanrique.org/wp-content/uploads/fc-manrique-joaquin-estefania-3-768x511.jpg 768w" sizes="auto, (max-width: 800px) 100vw, 800px" /></a></p>
<p>El director adjunto de <em>El País</em> considera que la generación más beneficiada por todo esto es la suya, la de los nacidos en los años 40 y 50. Es la primera que no ha vivido una guerra, siempre han tenido un puesto de trabajo, no han vivido una precariedad estructural y han mantenido el estado del bienestar hasta la jubilación. “Nuestros hijos no van a vivir peor, sino que ya viven peor —señaló— y lo peor no es lo que se ha retrocedido sino que se han roto las expectativas materiales y emocionales de muchos jóvenes”. Hoy hay más pobres que en 2008, la desigualdad es estructural, la precariedad es una forma de vida, el estado del bienestar es más frágil y hay una crisis de representación política: “Hay una desconfianza de los jóvenes ante todo lo que está a su alrededor”. Y se suma otro factor: “Antes, la democracia era la mayor utopía y ahora es un factor instrumental; no importa mirar hacia países autoritarios”.</p>
<p>Estefanía acabó poniendo sobre la mesa el programa de mínimos, con solo tres puntos, por el que se podría luchar ahora: la igualdad de oportunidades, porque ahora el bienestar depende más de la renta de los padres que del esfuerzo de los jóvenes; los derechos humanos, incluidos derechos ciudadanos, políticos, civiles y sociales; y la lucha contra el cambio climático, “el principal problema al que se enfrenta la Humanidad”.</p>
<p><a href="https://fcmanrique.org/wp-content/uploads/fc-manrique-joaquin-estefania-webg.jpg"><img loading="lazy" decoding="async" class="alignnone size-full wp-image-16872" src="https://fcmanrique.org/wp-content/uploads/fc-manrique-joaquin-estefania-webg.jpg" alt="" width="800" height="533" srcset="https://fcmanrique.org/wp-content/uploads/fc-manrique-joaquin-estefania-webg.jpg 800w, https://fcmanrique.org/wp-content/uploads/fc-manrique-joaquin-estefania-webg-300x200.jpg 300w, https://fcmanrique.org/wp-content/uploads/fc-manrique-joaquin-estefania-webg-768x512.jpg 768w" sizes="auto, (max-width: 800px) 100vw, 800px" /></a></p>
<p><a href="https://fcmanrique.org/wp-content/uploads/fc-manrique-nota-prensa-conferencia-joaquin-estefania-1.pdf">fc-manrique-nota-prensa-conferencia-joaquin-estefania</a></p>
