{"id":25437,"date":"2024-05-24T13:36:53","date_gmt":"2024-05-24T13:36:53","guid":{"rendered":"https:\/\/fcmanrique.org\/?post_type=fcm_actividad&#038;p=25437"},"modified":"2025-01-30T13:50:49","modified_gmt":"2025-01-30T13:50:49","slug":"alegaciones-al-anteproyecto-de-la-ley-de-ordenacion","status":"publish","type":"fcm_actividad","link":"https:\/\/fcmanrique.org\/en\/fcm-actividad\/alegaciones-al-anteproyecto-de-la-ley-de-ordenacion\/","title":{"rendered":"Alegaciones al Anteproyecto de Ley de Ordenaci\u00f3n Sostenible del Uso Tur\u00edstico de Viviendas"},"content":{"rendered":"<p class=\"qtranxs-available-languages-message qtranxs-available-languages-message-en\">Sorry, this entry is only available in <a href=\"https:\/\/fcmanrique.org\/es\/wp-json\/wp\/v2\/fcm_actividad\/25437\" class=\"qtranxs-available-language-link qtranxs-available-language-link-es\" title=\"ES\">ES<\/a>.<\/p><p>La Fundaci\u00f3n C\u00e9sar Manrique (FCM) present\u00f3 alegaciones al \u201cAnteproyecto de Ley de Ordenaci\u00f3n Sostenible del Uso Tur\u00edstico de Viviendas\u201d el pasado 8 de mayo. Las alegaciones fueron formuladas sobre la base de aportaciones, informes y reflexiones compartidas con diversos profesores e investigadores: Jos\u00e9 Manuel Naredo (Univ. Polit\u00e9cnica de Madrid), Alejandro de Armas (Univ. de La Laguna), Onofre Rull\u00e1n (Univ. de las Islas Baleares), David Ramos (Univ. de Salamanca), Iv\u00e1n D\u00edaz Parra (Univ. de Sevilla) y Agust\u00edn Cocola-Gant (Univ. de Lisboa).<\/p>\n<p>A juicio de la FCM, este Anteproyecto de Ley promovido por el Gobierno de Canarias no es una Ley bien orientada, que acentuar\u00e1 el problema existente&nbsp;con las viviendas de uso tur\u00edstico&nbsp;y que, por consiguiente, deber\u00eda replantearse en un contexto general de limitaci\u00f3n de la planta alojativa tur\u00edstica de Canarias y de pol\u00edticas activas que favorezcan y prioricen el acceso digno a la vivienda por parte de los ciudadanos.<\/p>\n<p><strong>Descargar documento completo:<\/strong> <a href=\"https:\/\/fcmanrique.org\/wp-content\/uploads\/fc-mannrique-alegaciones-anteproyecto-uso-turistico-de-viviendas.pdf\" target=\"_blank\" rel=\"noopener\">Alegaciones FCM al Anteproyecto de Ley del Uso Tur\u00edstico de Viviendas<\/a><\/p>","protected":false},"featured_media":25438,"parent":0,"template":"","meta":{"_acf_changed":false,"ngg_post_thumbnail":0,"footnotes":""},"actividad_tipo":[39],"actividad_lugar":[],"actividad_departamento":[],"actividad_ciclo":[],"class_list":["post-25437","fcm_actividad","type-fcm_actividad","status-publish","has-post-thumbnail","hentry","actividad_tipo-informes-y-alegaciones"],"acf":[],"_links":{"self":[{"href":"https:\/\/fcmanrique.org\/en\/wp-json\/wp\/v2\/fcm_actividad\/25437","targetHints":{"allow":["GET"]}}],"collection":[{"href":"https:\/\/fcmanrique.org\/en\/wp-json\/wp\/v2\/fcm_actividad"}],"about":[{"href":"https:\/\/fcmanrique.org\/en\/wp-json\/wp\/v2\/types\/fcm_actividad"}],"version-history":[{"count":8,"href":"https:\/\/fcmanrique.org\/en\/wp-json\/wp\/v2\/fcm_actividad\/25437\/revisions"}],"predecessor-version":[{"id":26374,"href":"https:\/\/fcmanrique.org\/en\/wp-json\/wp\/v2\/fcm_actividad\/25437\/revisions\/26374"}],"wp:featuredmedia":[{"embeddable":true,"href":"https:\/\/fcmanrique.org\/en\/wp-json\/wp\/v2\/media\/25438"}],"wp:attachment":[{"href":"https:\/\/fcmanrique.org\/en\/wp-json\/wp\/v2\/media?parent=25437"}],"wp:term":[{"taxonomy":"actividad_tipo","embeddable":true,"href":"https:\/\/fcmanrique.org\/en\/wp-json\/wp\/v2\/actividad_tipo?post=25437"},{"taxonomy":"actividad_lugar","embeddable":true,"href":"https:\/\/fcmanrique.org\/en\/wp-json\/wp\/v2\/actividad_lugar?post=25437"},{"taxonomy":"actividad_departamento","embeddable":true,"href":"https:\/\/fcmanrique.org\/en\/wp-json\/wp\/v2\/actividad_departamento?post=25437"},{"taxonomy":"actividad_ciclo","embeddable":true,"href":"https:\/\/fcmanrique.org\/en\/wp-json\/wp\/v2\/actividad_ciclo?post=25437"}],"curies":[{"name":"wp","href":"https:\/\/api.w.org\/{rel}","templated":true}]}}

Alegaciones al Anteproyecto de Ley de Ordenación Sostenible del Uso Turístico de Viviendas

<p class="qtranxs-available-languages-message qtranxs-available-languages-message-en">Sorry, this entry is only available in <a href="https://fcmanrique.org/es/wp-json/wp/v2/fcm_actividad/25437" class="qtranxs-available-language-link qtranxs-available-language-link-es" title="ES">ES</a>.</p><p>La Fundación César Manrique (FCM) presentó alegaciones al “Anteproyecto de Ley de Ordenación Sostenible del Uso Turístico de Viviendas” el pasado 8 de mayo. Las alegaciones fueron formuladas sobre la base de aportaciones, informes y reflexiones compartidas con diversos profesores e investigadores: José Manuel Naredo (Univ. Politécnica de Madrid), Alejandro de Armas (Univ. de La Laguna), Onofre Rullán (Univ. de las Islas Baleares), David Ramos (Univ. de Salamanca), Iván Díaz Parra (Univ. de Sevilla) y Agustín Cocola-Gant (Univ. de Lisboa).</p>
<p>A juicio de la FCM, este Anteproyecto de Ley promovido por el Gobierno de Canarias no es una Ley bien orientada, que acentuará el problema existente&nbsp;con las viviendas de uso turístico&nbsp;y que, por consiguiente, debería replantearse en un contexto general de limitación de la planta alojativa turística de Canarias y de políticas activas que favorezcan y prioricen el acceso digno a la vivienda por parte de los ciudadanos.</p>
<p><strong>Descargar documento completo:</strong> <a href="https://fcmanrique.org/wp-content/uploads/fc-mannrique-alegaciones-anteproyecto-uso-turistico-de-viviendas.pdf" target="_blank" rel="noopener">Alegaciones FCM al Anteproyecto de Ley del Uso Turístico de Viviendas</a></p>
