{"id":26659,"date":"2025-04-11T08:56:01","date_gmt":"2025-04-11T08:56:01","guid":{"rendered":"https:\/\/fcmanrique.org\/?post_type=fcm_actividad&#038;p=26659"},"modified":"2025-09-29T09:34:15","modified_gmt":"2025-09-29T09:34:15","slug":"jaime-vindel","status":"publish","type":"fcm_actividad","link":"https:\/\/fcmanrique.org\/en\/fcm-actividad\/jaime-vindel\/","title":{"rendered":"Jaime Vindel y la \u00abtrampa ideol\u00f3gica\u00bb de las energ\u00edas f\u00f3siles"},"content":{"rendered":"<p class=\"qtranxs-available-languages-message qtranxs-available-languages-message-en\">Sorry, this entry is only available in <a href=\"https:\/\/fcmanrique.org\/es\/wp-json\/wp\/v2\/fcm_actividad\/26659\" class=\"qtranxs-available-language-link qtranxs-available-language-link-es\" title=\"ES\">ES<\/a>.<\/p><p><\/p>\n<p class=\"Textbody\">Jaime Vindel, el d\u00eda 10 de abril de 2025, en la Sala Jos\u00e9 Saramago, comenz\u00f3 su conferencia titulada <span style=\"font-family: 'Times New Roman',serif;\">&lt;&lt;<\/span>Paisaje-petr\u00f3leo: una historia (anti)fascista del progreso y el crimen<span style=\"font-family: 'Times New Roman',serif;\">&gt;&gt;<\/span>, intentando responder a la pregunta de por qu\u00e9 la civilizaci\u00f3n industrial ha recurrido a los combustibles f\u00f3siles como energ\u00eda primaria de las sociedades modernas.<\/p>\n<p class=\"Textbody\">Algunos autores apuntan a que \u201crespondi\u00f3 a motivaciones que exced\u00edan los elementos puramente f\u00edsicos o materiales de las fuentes de energ\u00eda f\u00f3siles\u201d. Entre ellos, Andreas Malm plantea que el carb\u00f3n no se eligi\u00f3 por ser m\u00e1s eficiente o m\u00e1s barato sino \u201cm\u00e1s adaptable\u201d al nuevo r\u00e9gimen productivo de las ciudades y por su car\u00e1cter almacenable. Hubo, por tanto, una motivaci\u00f3n \u201csociopol\u00edtica\u201d.<\/p>\n<p class=\"Textbody\">Por otra parte, el carb\u00f3n permit\u00eda a la clase obrera mantener cierta influencia por la posibilidad de bloquear el suministro, mientras que el auge del petr\u00f3leo, que no requiere de tanta mano de obra, va minando esos derechos.<\/p>\n<p><a href=\"https:\/\/fcmanrique.org\/wp-content\/uploads\/DSC6557-copia.jpg\"><img loading=\"lazy\" decoding=\"async\" class=\"alignnone size-full wp-image-26663\" src=\"https:\/\/fcmanrique.org\/wp-content\/uploads\/DSC6557-copia.jpg\" alt=\"\" width=\"667\" height=\"445\" srcset=\"https:\/\/fcmanrique.org\/wp-content\/uploads\/DSC6557-copia.jpg 667w, https:\/\/fcmanrique.org\/wp-content\/uploads\/DSC6557-copia-300x200.jpg 300w, https:\/\/fcmanrique.org\/wp-content\/uploads\/DSC6557-copia-289x193.jpg 289w\" sizes=\"auto, (max-width: 667px) 100vw, 667px\" \/><\/a><\/p>\n<p>Vindel abord\u00f3 la dimensi\u00f3n est\u00e9tica y cultural de la energ\u00eda f\u00f3sil. Ideas y conceptos como la libertad o la abundancia est\u00e1n muy ligadas a esta industria. \u201cLa relaci\u00f3n que mantenemos con la energ\u00eda y particularmente con la energ\u00eda f\u00f3sil se encuentra mediada por la producci\u00f3n de toda una serie de im\u00e1genes y de narrativas\u201d, se\u00f1al\u00f3.<\/p>\n<p>El conferenciante expuso una serie de im\u00e1genes y pel\u00edculas que tienen una mirada pintoresca sobre el paisaje f\u00f3sil, que naturalizan \u201cuna determinada relaci\u00f3n con la energ\u00eda que ha sido funcional al poder industrial, a los poderes econ\u00f3micos y a los pol\u00edticos hegem\u00f3nicos\u201d.&nbsp;<\/p>\n<p>\u201cEsa naturalizaci\u00f3n por la cual el humo de los combustibles f\u00f3siles se confunde con las nubes no deja ser una trampa ideol\u00f3gica, porque en realidad habr\u00eda habido otros motivos para poder recurrir a otras fuentes de energ\u00eda para el desarrollo de la modernidad industrial\u201d, asegur\u00f3. Las infraestructuras energ\u00e9ticas aparecen en ocasiones como garantes de una paz social frente a los grandes enfrentamientos sociales y pol\u00edticos.<\/p>\n<p>Se refiri\u00f3 a la \u201cdesaparici\u00f3n de las luci\u00e9rnagas\u201d anunciada por Pier Paolo Passolini, tanto en sentido literal como metaf\u00f3rico, una especie de \u201cgenocidio cultural\u201d ante el avance del petr\u00f3leo como una nueva forma de poder y que adem\u00e1s se alineaba en la Italia de los a\u00f1os 60 y 70 con nuevas formas de fascismo. Passolini denunciaba c\u00f3mo las alianzas entre empresas y entes estatales configuraban un nuevo poder.<\/p>\n<p><a href=\"https:\/\/fcmanrique.org\/wp-content\/uploads\/DSC6533-copia.jpg\"><img loading=\"lazy\" decoding=\"async\" class=\"alignnone size-full wp-image-26665\" src=\"https:\/\/fcmanrique.org\/wp-content\/uploads\/DSC6533-copia.jpg\" alt=\"\" width=\"667\" height=\"445\" srcset=\"https:\/\/fcmanrique.org\/wp-content\/uploads\/DSC6533-copia.jpg 667w, https:\/\/fcmanrique.org\/wp-content\/uploads\/DSC6533-copia-300x200.jpg 300w, https:\/\/fcmanrique.org\/wp-content\/uploads\/DSC6533-copia-289x193.jpg 289w\" sizes=\"auto, (max-width: 667px) 100vw, 667px\" \/><\/a><\/p>\n<p>Se filmaron en aquellos a\u00f1os una serie de pel\u00edculas que trataban de funcionar como propaganda de&nbsp; esas empresas y que pretend\u00edan que el progreso energ\u00e9tico hiciera olvidar el conflicto entre fascismo y antifascismo. En esas pel\u00edculas se inclu\u00edan elementos costumbristas o populares dentro de una narrativa energ\u00e9tica y se intentaban presentar c\u00f3mo esos recursos aseguraban el bienestar de los italianos.<\/p>\n<p>Vindel expuso el caso de Enrico Mattei, presidente del Ente Nazionale Idrocarburi (ENI) que fue tejiendo unas alianzas con la Uni\u00f3n Sovi\u00e9tica o Argelia y termin\u00f3 siendo v\u00edctima de un complot que acab\u00f3 con su vida. Fue una \u00e9poca turbulenta en Italia en la que crece la extrema derecha, se van conformando nuevas formas de poder econ\u00f3mico y pol\u00edtico en torno al petr\u00f3leo y emergen nuevos movimientos sociales. Tambi\u00e9n mencion\u00f3 el desastre de la planta qu\u00edmica de Seveso en 1976, \u201cel Hiroshima italiano\u201d, que dio lugar incluso a un protocolo a nivel europeo para la regulaci\u00f3n de la seguridad en esas plantas.<\/p>\n<p><a href=\"https:\/\/fcmanrique.org\/wp-content\/uploads\/DSC6650-copia.jpg\"><img loading=\"lazy\" decoding=\"async\" class=\"alignnone size-full wp-image-26664\" src=\"https:\/\/fcmanrique.org\/wp-content\/uploads\/DSC6650-copia.jpg\" alt=\"\" width=\"667\" height=\"444\" srcset=\"https:\/\/fcmanrique.org\/wp-content\/uploads\/DSC6650-copia.jpg 667w, https:\/\/fcmanrique.org\/wp-content\/uploads\/DSC6650-copia-300x200.jpg 300w, https:\/\/fcmanrique.org\/wp-content\/uploads\/DSC6650-copia-289x192.jpg 289w\" sizes=\"auto, (max-width: 667px) 100vw, 667px\" \/><\/a><\/p>\n<p>Termin\u00f3 acercando el asunto a la actualidad, al v\u00ednculo \u201centre el neofascismo f\u00f3sil y un cierto sadismo social\u201d que est\u00e1 conformando \u201cuna suerte de pulsi\u00f3n de muerte que puede ayudar a explicar la aparici\u00f3n de ciertos fen\u00f3menos pol\u00edticos contempor\u00e1neos\u201d como el caso de Donald Trump.<\/p>\n<p>En ese sentido, \u201cPetr\u00f3leo\u201d, el libro p\u00f3stumo de Passolini relaciona la denuncia de esas nuevas formas de fascismo con el desarrollo de la industria f\u00f3sil en Italia y el sadismo social. Vindel considera que el v\u00ednculo entre el neofascismo f\u00f3sil y el sadismo social tambi\u00e9n se encuentra en la base del apoyo a Trump, principalmente por parte de sectores \u201cmasculinos blancos heterosexuales en Occidente\u201d (la <em>petromasculinidad<\/em>), que lo apoyan, incluso siendo conscientes de los da\u00f1os que puede provocar la quema de combustibles f\u00f3siles, \u201cla perpetuaci\u00f3n de la ideolog\u00eda f\u00f3sil\u201d que resulta \u201cecocida y genocida en un contexto de calentamiento global\u201d.&nbsp;<\/p>\n<p><a href=\"https:\/\/fcmanrique.org\/wp-content\/uploads\/fcmanrique-miradas-divergentes-jaime-vindel-invitacion-PDTE-REVISION.jpg\"><img loading=\"lazy\" decoding=\"async\" class=\"alignnone size-full wp-image-26525\" src=\"https:\/\/fcmanrique.org\/wp-content\/uploads\/fcmanrique-miradas-divergentes-jaime-vindel-invitacion-PDTE-REVISION.jpg\" alt=\"\" width=\"1200\" height=\"1200\" srcset=\"https:\/\/fcmanrique.org\/wp-content\/uploads\/fcmanrique-miradas-divergentes-jaime-vindel-invitacion-PDTE-REVISION.jpg 1200w, https:\/\/fcmanrique.org\/wp-content\/uploads\/fcmanrique-miradas-divergentes-jaime-vindel-invitacion-PDTE-REVISION-300x300.jpg 300w, https:\/\/fcmanrique.org\/wp-content\/uploads\/fcmanrique-miradas-divergentes-jaime-vindel-invitacion-PDTE-REVISION-1024x1024.jpg 1024w, https:\/\/fcmanrique.org\/wp-content\/uploads\/fcmanrique-miradas-divergentes-jaime-vindel-invitacion-PDTE-REVISION-150x150.jpg 150w, https:\/\/fcmanrique.org\/wp-content\/uploads\/fcmanrique-miradas-divergentes-jaime-vindel-invitacion-PDTE-REVISION-768x768.jpg 768w, https:\/\/fcmanrique.org\/wp-content\/uploads\/fcmanrique-miradas-divergentes-jaime-vindel-invitacion-PDTE-REVISION-246x246.jpg 246w\" sizes=\"auto, (max-width: 1200px) 100vw, 1200px\" \/><\/a><\/p>\n<p><strong>M\u00e1s informaci\u00f3n:&nbsp;<\/strong><a href=\"https:\/\/fcmanrique.org\/wp-content\/uploads\/fcmanrique-nota-de-prensa-conferencia-jaime-vindel.pdf\" target=\"_blank\" rel=\"noopener\">Nota de prensa<\/a>&nbsp;<\/p>\n<p><strong>Grabaci\u00f3n de la conferencia<\/strong>:&nbsp;<a href=\"https:\/\/fcmanrique.org\/fcm-video\/jaime-vindel-paisaje-petroleo-una-historia-antifascista-del-progreso-y-el-crimen\/\" target=\"_blank\" rel=\"noopener\">Grabaci\u00f3n<\/a><\/p>","protected":false},"featured_media":26660,"parent":0,"template":"","meta":{"_acf_changed":false,"ngg_post_thumbnail":0,"footnotes":""},"actividad_tipo":[34],"actividad_lugar":[49],"actividad_departamento":[],"actividad_ciclo":[71],"class_list":["post-26659","fcm_actividad","type-fcm_actividad","status-publish","has-post-thumbnail","hentry","actividad_tipo-conferencias","actividad_lugar-lugar-sala-saramago","actividad_ciclo-miradas-divergentes"],"acf":[],"_links":{"self":[{"href":"https:\/\/fcmanrique.org\/en\/wp-json\/wp\/v2\/fcm_actividad\/26659","targetHints":{"allow":["GET"]}}],"collection":[{"href":"https:\/\/fcmanrique.org\/en\/wp-json\/wp\/v2\/fcm_actividad"}],"about":[{"href":"https:\/\/fcmanrique.org\/en\/wp-json\/wp\/v2\/types\/fcm_actividad"}],"version-history":[{"count":7,"href":"https:\/\/fcmanrique.org\/en\/wp-json\/wp\/v2\/fcm_actividad\/26659\/revisions"}],"predecessor-version":[{"id":27098,"href":"https:\/\/fcmanrique.org\/en\/wp-json\/wp\/v2\/fcm_actividad\/26659\/revisions\/27098"}],"wp:featuredmedia":[{"embeddable":true,"href":"https:\/\/fcmanrique.org\/en\/wp-json\/wp\/v2\/media\/26660"}],"wp:attachment":[{"href":"https:\/\/fcmanrique.org\/en\/wp-json\/wp\/v2\/media?parent=26659"}],"wp:term":[{"taxonomy":"actividad_tipo","embeddable":true,"href":"https:\/\/fcmanrique.org\/en\/wp-json\/wp\/v2\/actividad_tipo?post=26659"},{"taxonomy":"actividad_lugar","embeddable":true,"href":"https:\/\/fcmanrique.org\/en\/wp-json\/wp\/v2\/actividad_lugar?post=26659"},{"taxonomy":"actividad_departamento","embeddable":true,"href":"https:\/\/fcmanrique.org\/en\/wp-json\/wp\/v2\/actividad_departamento?post=26659"},{"taxonomy":"actividad_ciclo","embeddable":true,"href":"https:\/\/fcmanrique.org\/en\/wp-json\/wp\/v2\/actividad_ciclo?post=26659"}],"curies":[{"name":"wp","href":"https:\/\/api.w.org\/{rel}","templated":true}]}}

Jaime Vindel y la «trampa ideológica» de las energías fósiles

<p class="qtranxs-available-languages-message qtranxs-available-languages-message-en">Sorry, this entry is only available in <a href="https://fcmanrique.org/es/wp-json/wp/v2/fcm_actividad/26659" class="qtranxs-available-language-link qtranxs-available-language-link-es" title="ES">ES</a>.</p><p></p>
<p class="Textbody">Jaime Vindel, el día 10 de abril de 2025, en la Sala José Saramago, comenzó su conferencia titulada <span style="font-family: 'Times New Roman',serif;">&lt;&lt;</span>Paisaje-petróleo: una historia (anti)fascista del progreso y el crimen<span style="font-family: 'Times New Roman',serif;">&gt;&gt;</span>, intentando responder a la pregunta de por qué la civilización industrial ha recurrido a los combustibles fósiles como energía primaria de las sociedades modernas.</p>
<p class="Textbody">Algunos autores apuntan a que “respondió a motivaciones que excedían los elementos puramente físicos o materiales de las fuentes de energía fósiles”. Entre ellos, Andreas Malm plantea que el carbón no se eligió por ser más eficiente o más barato sino “más adaptable” al nuevo régimen productivo de las ciudades y por su carácter almacenable. Hubo, por tanto, una motivación “sociopolítica”.</p>
<p class="Textbody">Por otra parte, el carbón permitía a la clase obrera mantener cierta influencia por la posibilidad de bloquear el suministro, mientras que el auge del petróleo, que no requiere de tanta mano de obra, va minando esos derechos.</p>
<p><a href="https://fcmanrique.org/wp-content/uploads/DSC6557-copia.jpg"><img loading="lazy" decoding="async" class="alignnone size-full wp-image-26663" src="https://fcmanrique.org/wp-content/uploads/DSC6557-copia.jpg" alt="" width="667" height="445" srcset="https://fcmanrique.org/wp-content/uploads/DSC6557-copia.jpg 667w, https://fcmanrique.org/wp-content/uploads/DSC6557-copia-300x200.jpg 300w, https://fcmanrique.org/wp-content/uploads/DSC6557-copia-289x193.jpg 289w" sizes="auto, (max-width: 667px) 100vw, 667px" /></a></p>
<p>Vindel abordó la dimensión estética y cultural de la energía fósil. Ideas y conceptos como la libertad o la abundancia están muy ligadas a esta industria. “La relación que mantenemos con la energía y particularmente con la energía fósil se encuentra mediada por la producción de toda una serie de imágenes y de narrativas”, señaló.</p>
<p>El conferenciante expuso una serie de imágenes y películas que tienen una mirada pintoresca sobre el paisaje fósil, que naturalizan “una determinada relación con la energía que ha sido funcional al poder industrial, a los poderes económicos y a los políticos hegemónicos”.&nbsp;</p>
<p>“Esa naturalización por la cual el humo de los combustibles fósiles se confunde con las nubes no deja ser una trampa ideológica, porque en realidad habría habido otros motivos para poder recurrir a otras fuentes de energía para el desarrollo de la modernidad industrial”, aseguró. Las infraestructuras energéticas aparecen en ocasiones como garantes de una paz social frente a los grandes enfrentamientos sociales y políticos.</p>
<p>Se refirió a la “desaparición de las luciérnagas” anunciada por Pier Paolo Passolini, tanto en sentido literal como metafórico, una especie de “genocidio cultural” ante el avance del petróleo como una nueva forma de poder y que además se alineaba en la Italia de los años 60 y 70 con nuevas formas de fascismo. Passolini denunciaba cómo las alianzas entre empresas y entes estatales configuraban un nuevo poder.</p>
<p><a href="https://fcmanrique.org/wp-content/uploads/DSC6533-copia.jpg"><img loading="lazy" decoding="async" class="alignnone size-full wp-image-26665" src="https://fcmanrique.org/wp-content/uploads/DSC6533-copia.jpg" alt="" width="667" height="445" srcset="https://fcmanrique.org/wp-content/uploads/DSC6533-copia.jpg 667w, https://fcmanrique.org/wp-content/uploads/DSC6533-copia-300x200.jpg 300w, https://fcmanrique.org/wp-content/uploads/DSC6533-copia-289x193.jpg 289w" sizes="auto, (max-width: 667px) 100vw, 667px" /></a></p>
<p>Se filmaron en aquellos años una serie de películas que trataban de funcionar como propaganda de&nbsp; esas empresas y que pretendían que el progreso energético hiciera olvidar el conflicto entre fascismo y antifascismo. En esas películas se incluían elementos costumbristas o populares dentro de una narrativa energética y se intentaban presentar cómo esos recursos aseguraban el bienestar de los italianos.</p>
<p>Vindel expuso el caso de Enrico Mattei, presidente del Ente Nazionale Idrocarburi (ENI) que fue tejiendo unas alianzas con la Unión Soviética o Argelia y terminó siendo víctima de un complot que acabó con su vida. Fue una época turbulenta en Italia en la que crece la extrema derecha, se van conformando nuevas formas de poder económico y político en torno al petróleo y emergen nuevos movimientos sociales. También mencionó el desastre de la planta química de Seveso en 1976, “el Hiroshima italiano”, que dio lugar incluso a un protocolo a nivel europeo para la regulación de la seguridad en esas plantas.</p>
<p><a href="https://fcmanrique.org/wp-content/uploads/DSC6650-copia.jpg"><img loading="lazy" decoding="async" class="alignnone size-full wp-image-26664" src="https://fcmanrique.org/wp-content/uploads/DSC6650-copia.jpg" alt="" width="667" height="444" srcset="https://fcmanrique.org/wp-content/uploads/DSC6650-copia.jpg 667w, https://fcmanrique.org/wp-content/uploads/DSC6650-copia-300x200.jpg 300w, https://fcmanrique.org/wp-content/uploads/DSC6650-copia-289x192.jpg 289w" sizes="auto, (max-width: 667px) 100vw, 667px" /></a></p>
<p>Terminó acercando el asunto a la actualidad, al vínculo “entre el neofascismo fósil y un cierto sadismo social” que está conformando “una suerte de pulsión de muerte que puede ayudar a explicar la aparición de ciertos fenómenos políticos contemporáneos” como el caso de Donald Trump.</p>
<p>En ese sentido, “Petróleo”, el libro póstumo de Passolini relaciona la denuncia de esas nuevas formas de fascismo con el desarrollo de la industria fósil en Italia y el sadismo social. Vindel considera que el vínculo entre el neofascismo fósil y el sadismo social también se encuentra en la base del apoyo a Trump, principalmente por parte de sectores “masculinos blancos heterosexuales en Occidente” (la <em>petromasculinidad</em>), que lo apoyan, incluso siendo conscientes de los daños que puede provocar la quema de combustibles fósiles, “la perpetuación de la ideología fósil” que resulta “ecocida y genocida en un contexto de calentamiento global”.&nbsp;</p>
<p><a href="https://fcmanrique.org/wp-content/uploads/fcmanrique-miradas-divergentes-jaime-vindel-invitacion-PDTE-REVISION.jpg"><img loading="lazy" decoding="async" class="alignnone size-full wp-image-26525" src="https://fcmanrique.org/wp-content/uploads/fcmanrique-miradas-divergentes-jaime-vindel-invitacion-PDTE-REVISION.jpg" alt="" width="1200" height="1200" srcset="https://fcmanrique.org/wp-content/uploads/fcmanrique-miradas-divergentes-jaime-vindel-invitacion-PDTE-REVISION.jpg 1200w, https://fcmanrique.org/wp-content/uploads/fcmanrique-miradas-divergentes-jaime-vindel-invitacion-PDTE-REVISION-300x300.jpg 300w, https://fcmanrique.org/wp-content/uploads/fcmanrique-miradas-divergentes-jaime-vindel-invitacion-PDTE-REVISION-1024x1024.jpg 1024w, https://fcmanrique.org/wp-content/uploads/fcmanrique-miradas-divergentes-jaime-vindel-invitacion-PDTE-REVISION-150x150.jpg 150w, https://fcmanrique.org/wp-content/uploads/fcmanrique-miradas-divergentes-jaime-vindel-invitacion-PDTE-REVISION-768x768.jpg 768w, https://fcmanrique.org/wp-content/uploads/fcmanrique-miradas-divergentes-jaime-vindel-invitacion-PDTE-REVISION-246x246.jpg 246w" sizes="auto, (max-width: 1200px) 100vw, 1200px" /></a></p>
<p><strong>Más información:&nbsp;</strong><a href="https://fcmanrique.org/wp-content/uploads/fcmanrique-nota-de-prensa-conferencia-jaime-vindel.pdf" target="_blank" rel="noopener">Nota de prensa</a>&nbsp;</p>
<p><strong>Grabación de la conferencia</strong>:&nbsp;<a href="https://fcmanrique.org/fcm-video/jaime-vindel-paisaje-petroleo-una-historia-antifascista-del-progreso-y-el-crimen/" target="_blank" rel="noopener">Grabación</a></p>
