{"id":4657,"date":"2017-09-29T10:20:03","date_gmt":"2017-09-29T10:20:03","guid":{"rendered":"https:\/\/fcmanrique.org\/?p=4657"},"modified":"2023-12-14T14:58:30","modified_gmt":"2023-12-14T14:58:30","slug":"la-fcm-presento-el-retorno-de-las-musas-una-narrativa-de-mujeres-que-trabajan-en-museos","status":"publish","type":"fcm_actividad","link":"https:\/\/fcmanrique.org\/en\/fcm-actividad\/la-fcm-presento-el-retorno-de-las-musas-una-narrativa-de-mujeres-que-trabajan-en-museos\/","title":{"rendered":"La FCM present\u00f3 &#8220;El retorno de las musas&#8221;, una narrativa de mujeres que trabajan en museos"},"content":{"rendered":"<p><em>El retorno de las musas. Ficciones y reflexiones desde el museo<\/em> es un libro coral construido por mujeres. Incluye 133 contribuciones de 71 autoras. Son 35 reflexiones, 28 ficciones, 60 ilustraciones (o fotograf\u00edas), tres columnas y un cofre. Todas las autoras tienen algo en com\u00fan: trabajan, o colaboran, en museos de Canarias. El libro, editado por la editorial Mercurio, se present\u00f3 este jueves, 28 de septiembre, en la Sala Jos\u00e9 Saramago de la Fundaci\u00f3n C\u00e9sar Manrique con la presencia de seis de sus autoras: Rosi Abreu, Mar\u00eda Garc\u00eda, Mayte Henr\u00edquez, Fabiola Herrera, F\u00e1tima Marcos, y Leyla Miras.<\/p>\n<p><a href=\"https:\/\/fcmanrique.org\/wp-content\/uploads\/fc-manrique-libro-retorno-musas-1.jpg\"><img loading=\"lazy\" decoding=\"async\" class=\"wp-image-4658 aligncenter\" src=\"https:\/\/fcmanrique.org\/wp-content\/uploads\/fc-manrique-libro-retorno-musas-1.jpg\" alt=\"\" width=\"615\" height=\"394\" srcset=\"https:\/\/fcmanrique.org\/wp-content\/uploads\/fc-manrique-libro-retorno-musas-1.jpg 2126w, https:\/\/fcmanrique.org\/wp-content\/uploads\/fc-manrique-libro-retorno-musas-1-300x192.jpg 300w, https:\/\/fcmanrique.org\/wp-content\/uploads\/fc-manrique-libro-retorno-musas-1-768x492.jpg 768w, https:\/\/fcmanrique.org\/wp-content\/uploads\/fc-manrique-libro-retorno-musas-1-1024x656.jpg 1024w\" sizes=\"auto, (max-width: 615px) 100vw, 615px\" \/><\/a><span style=\"color: #333399;\">&nbsp; &nbsp; &nbsp; De izquierda a derecha: Mayte Henr\u00edquez, F\u00e1tima Marcos, Mar\u00eda Garc\u00eda, Rosi Abreu, Fabiola Herrera y Leyla Miras<\/span><\/p>\n<p>Mayte Henr\u00edquez agradeci\u00f3 a la FCM la posibilidad de presentar el libro en Lanzarote \u201cporque la FCM apuesta por la calidad, por lo que casi nadie apuesta\u201d. Pas\u00f3 a explicar c\u00f3mo naci\u00f3 el proyecto, que arranc\u00f3 de forma individual y espont\u00e1nea \u201cen estos tiempos de inmediatez y en un universo laboral donde la comunicaci\u00f3n es cada vez m\u00e1s escueta\u201d. \u201cNos pregunt\u00e1bamos\u2014se\u00f1al\u00f3\u2014 c\u00f3mo una instituci\u00f3n como un museo, que se consagra a la visibilidad, acumula tantas invisibilidades\u201d. El proyecto comenz\u00f3 a crecer, a expandirse, aunque sin la intenci\u00f3n de configurarse en torno a un libro, hasta que el editor Jorge Liria, al tener noticia del proyecto, se interes\u00f3 por \u00e9l.<\/p>\n<p>Las promotoras de la idea fueron preguntando a compa\u00f1eras de museos qu\u00e9 contribuci\u00f3n pod\u00edan hacer con el prop\u00f3sito de plantear una narrativa de los problemas de los museos. \u201cEl noventa por ciento contest\u00f3 que no iba a ser capaz, que no sab\u00edan&#8230;\u201d. Por eso \u201ccost\u00f3 mucho arrancar\u201d y \u201chubo que \u2018enga\u00f1ar\u2019 a muchas compa\u00f1eras\u201d. Henr\u00edquez destac\u00f3 que sigue existiendo \u201cinvisibilidad y silencio hacia la mujer\u201d. \u201cLa sociedad no ha avanzado tanto\u201d, dijo.<\/p>\n<p>En el proceso confirmaron que las mujeres que trabajan en los museos, ya sean administrativas, conservadoras o encargadas de la limpieza, saben mucho m\u00e1s sobre los museos de lo que aportan diariamente. El libro no est\u00e1 jerarquizado. No se describe qui\u00e9n hace qu\u00e9 ni en qu\u00e9 museo. No hay perfiles asociados a las autoras y hay muchos seud\u00f3nimos.<\/p>\n<p><a href=\"https:\/\/fcmanrique.org\/wp-content\/uploads\/fc-manrique-libro-retorno-musas-2.jpg\"><img loading=\"lazy\" decoding=\"async\" class=\"wp-image-4659 aligncenter\" src=\"https:\/\/fcmanrique.org\/wp-content\/uploads\/fc-manrique-libro-retorno-musas-2.jpg\" alt=\"\" width=\"559\" height=\"353\" srcset=\"https:\/\/fcmanrique.org\/wp-content\/uploads\/fc-manrique-libro-retorno-musas-2.jpg 2126w, https:\/\/fcmanrique.org\/wp-content\/uploads\/fc-manrique-libro-retorno-musas-2-300x190.jpg 300w, https:\/\/fcmanrique.org\/wp-content\/uploads\/fc-manrique-libro-retorno-musas-2-768x485.jpg 768w, https:\/\/fcmanrique.org\/wp-content\/uploads\/fc-manrique-libro-retorno-musas-2-1024x647.jpg 1024w\" sizes=\"auto, (max-width: 559px) 100vw, 559px\" \/><\/a><\/p>\n<p>F\u00e1tima Marcos insisti\u00f3 en que el libro naci\u00f3 de manera natural y asegur\u00f3 que nunca pens\u00f3 en vivir esta experiencia \u201cbonita, fresca, compartida y basada en la generosidad\u201d, y afirm\u00f3 que si los responsables de los museos leyeran el libro \u201cal menos podr\u00edan descubrir las posibilidades de su personal\u201d.<\/p>\n<p>Mar\u00eda Garc\u00eda se\u00f1al\u00f3 que hab\u00eda sido una experiencia muy emotiva porque en los museos todo es muy r\u00edgido y encorsetado, \u201cy es una oportunidad de hablar de los museos y de nosotras mismas de otra manera\u201d. \u201cEs muy gratificante ver lo que piensan y pueden crear otras compa\u00f1eras\u201d. Por \u00faltimo, Rosi Abreu se\u00f1al\u00f3 que para ella el museo era &#8220;una f\u00e1brica de sue\u00f1os&#8221;, y que se le cayeron los clich\u00e9s cuando tuvo que fotografiar a un Ken (el novio de Barbie) en la exposici\u00f3n <em>Souvenir, souvenir<\/em>.<\/p>\n<p>El acto lo cerraron Fabiola Herrera y Leyla Miras para \u201cdar voz a todas las autoras que no asistieron\u201d. Se proyectaron las ilustraciones, fotograf\u00edas o los t\u00edtulos de los relatos o reflexiones incluidos en el libro. Sobre ellas, ambas autoras le\u00edan una frase entresacada de ese pasaje del libro. La presentaci\u00f3n termin\u00f3 con la proyecci\u00f3n de un v\u00eddeo de la sesi\u00f3n fotogr\u00e1fica para la portada del libro, con las autoras vestidas de negro sosteniendo tres columnas en una sala del TEA, en Tenerife. Acabaron rompiendo una escultura, cuyo autor aparece nombrado en la dedicatoria. \u201cLa deconstrucci\u00f3n que acab\u00f3 en destrucci\u00f3n\u201d, se\u00f1al\u00f3 Leyla Miras.<\/p>\n<p>La FCM se\u00f1al\u00f3 que hab\u00eda programado este acto con el prop\u00f3sito de contribuir a fomentar la visibilidad de las mujeres y las pol\u00edticas de igualdad de g\u00e9nero, en general, y, de una forma m\u00e1s espec\u00edfica, en el \u00e1mbito de la cultura, en el espacio de los museos.<\/p>\n<p><a href=\"https:\/\/fcmanrique.org\/wp-content\/uploads\/fc-manrique-pres-libr-el-retorno-de-las-musas.jpg\"><img loading=\"lazy\" decoding=\"async\" class=\"wp-image-4649 aligncenter\" src=\"https:\/\/fcmanrique.org\/wp-content\/uploads\/fc-manrique-pres-libr-el-retorno-de-las-musas.jpg\" alt=\"\" width=\"614\" height=\"409\" srcset=\"https:\/\/fcmanrique.org\/wp-content\/uploads\/fc-manrique-pres-libr-el-retorno-de-las-musas.jpg 850w, https:\/\/fcmanrique.org\/wp-content\/uploads\/fc-manrique-pres-libr-el-retorno-de-las-musas-300x200.jpg 300w, https:\/\/fcmanrique.org\/wp-content\/uploads\/fc-manrique-pres-libr-el-retorno-de-las-musas-768x512.jpg 768w\" sizes=\"auto, (max-width: 614px) 100vw, 614px\" \/><\/a><\/p>\n<p>Nota de prensa en PDF:<\/p>\n<p><a href=\"https:\/\/fcmanrique.org\/wp-content\/uploads\/fc-manrique-presentacion-libro-el-retorno-de-las-musas.pdf\">fc-manrique-presentacion-libro-el-retorno-de-las-musas<\/a><\/p>\n<p>&nbsp;<\/p>","protected":false},"featured_media":4667,"parent":0,"template":"","meta":{"_acf_changed":false,"ngg_post_thumbnail":0,"footnotes":""},"actividad_tipo":[36],"actividad_lugar":[],"actividad_departamento":[],"actividad_ciclo":[],"class_list":["post-4657","fcm_actividad","type-fcm_actividad","status-publish","has-post-thumbnail","hentry","actividad_tipo-presentacion-libros"],"acf":[],"_links":{"self":[{"href":"https:\/\/fcmanrique.org\/en\/wp-json\/wp\/v2\/fcm_actividad\/4657","targetHints":{"allow":["GET"]}}],"collection":[{"href":"https:\/\/fcmanrique.org\/en\/wp-json\/wp\/v2\/fcm_actividad"}],"about":[{"href":"https:\/\/fcmanrique.org\/en\/wp-json\/wp\/v2\/types\/fcm_actividad"}],"version-history":[{"count":8,"href":"https:\/\/fcmanrique.org\/en\/wp-json\/wp\/v2\/fcm_actividad\/4657\/revisions"}],"predecessor-version":[{"id":24868,"href":"https:\/\/fcmanrique.org\/en\/wp-json\/wp\/v2\/fcm_actividad\/4657\/revisions\/24868"}],"wp:featuredmedia":[{"embeddable":true,"href":"https:\/\/fcmanrique.org\/en\/wp-json\/wp\/v2\/media\/4667"}],"wp:attachment":[{"href":"https:\/\/fcmanrique.org\/en\/wp-json\/wp\/v2\/media?parent=4657"}],"wp:term":[{"taxonomy":"actividad_tipo","embeddable":true,"href":"https:\/\/fcmanrique.org\/en\/wp-json\/wp\/v2\/actividad_tipo?post=4657"},{"taxonomy":"actividad_lugar","embeddable":true,"href":"https:\/\/fcmanrique.org\/en\/wp-json\/wp\/v2\/actividad_lugar?post=4657"},{"taxonomy":"actividad_departamento","embeddable":true,"href":"https:\/\/fcmanrique.org\/en\/wp-json\/wp\/v2\/actividad_departamento?post=4657"},{"taxonomy":"actividad_ciclo","embeddable":true,"href":"https:\/\/fcmanrique.org\/en\/wp-json\/wp\/v2\/actividad_ciclo?post=4657"}],"curies":[{"name":"wp","href":"https:\/\/api.w.org\/{rel}","templated":true}]}}

La FCM presentó &#8220;El retorno de las musas&#8221;, una narrativa de mujeres que trabajan en museos

<p><em>El retorno de las musas. Ficciones y reflexiones desde el museo</em> es un libro coral construido por mujeres. Incluye 133 contribuciones de 71 autoras. Son 35 reflexiones, 28 ficciones, 60 ilustraciones (o fotografías), tres columnas y un cofre. Todas las autoras tienen algo en común: trabajan, o colaboran, en museos de Canarias. El libro, editado por la editorial Mercurio, se presentó este jueves, 28 de septiembre, en la Sala José Saramago de la Fundación César Manrique con la presencia de seis de sus autoras: Rosi Abreu, María García, Mayte Henríquez, Fabiola Herrera, Fátima Marcos, y Leyla Miras.</p>
<p><a href="https://fcmanrique.org/wp-content/uploads/fc-manrique-libro-retorno-musas-1.jpg"><img loading="lazy" decoding="async" class="wp-image-4658 aligncenter" src="https://fcmanrique.org/wp-content/uploads/fc-manrique-libro-retorno-musas-1.jpg" alt="" width="615" height="394" srcset="https://fcmanrique.org/wp-content/uploads/fc-manrique-libro-retorno-musas-1.jpg 2126w, https://fcmanrique.org/wp-content/uploads/fc-manrique-libro-retorno-musas-1-300x192.jpg 300w, https://fcmanrique.org/wp-content/uploads/fc-manrique-libro-retorno-musas-1-768x492.jpg 768w, https://fcmanrique.org/wp-content/uploads/fc-manrique-libro-retorno-musas-1-1024x656.jpg 1024w" sizes="auto, (max-width: 615px) 100vw, 615px" /></a><span style="color: #333399;">&nbsp; &nbsp; &nbsp; De izquierda a derecha: Mayte Henríquez, Fátima Marcos, María García, Rosi Abreu, Fabiola Herrera y Leyla Miras</span></p>
<p>Mayte Henríquez agradeció a la FCM la posibilidad de presentar el libro en Lanzarote “porque la FCM apuesta por la calidad, por lo que casi nadie apuesta”. Pasó a explicar cómo nació el proyecto, que arrancó de forma individual y espontánea “en estos tiempos de inmediatez y en un universo laboral donde la comunicación es cada vez más escueta”. “Nos preguntábamos—señaló— cómo una institución como un museo, que se consagra a la visibilidad, acumula tantas invisibilidades”. El proyecto comenzó a crecer, a expandirse, aunque sin la intención de configurarse en torno a un libro, hasta que el editor Jorge Liria, al tener noticia del proyecto, se interesó por él.</p>
<p>Las promotoras de la idea fueron preguntando a compañeras de museos qué contribución podían hacer con el propósito de plantear una narrativa de los problemas de los museos. “El noventa por ciento contestó que no iba a ser capaz, que no sabían&#8230;”. Por eso “costó mucho arrancar” y “hubo que ‘engañar’ a muchas compañeras”. Henríquez destacó que sigue existiendo “invisibilidad y silencio hacia la mujer”. “La sociedad no ha avanzado tanto”, dijo.</p>
<p>En el proceso confirmaron que las mujeres que trabajan en los museos, ya sean administrativas, conservadoras o encargadas de la limpieza, saben mucho más sobre los museos de lo que aportan diariamente. El libro no está jerarquizado. No se describe quién hace qué ni en qué museo. No hay perfiles asociados a las autoras y hay muchos seudónimos.</p>
<p><a href="https://fcmanrique.org/wp-content/uploads/fc-manrique-libro-retorno-musas-2.jpg"><img loading="lazy" decoding="async" class="wp-image-4659 aligncenter" src="https://fcmanrique.org/wp-content/uploads/fc-manrique-libro-retorno-musas-2.jpg" alt="" width="559" height="353" srcset="https://fcmanrique.org/wp-content/uploads/fc-manrique-libro-retorno-musas-2.jpg 2126w, https://fcmanrique.org/wp-content/uploads/fc-manrique-libro-retorno-musas-2-300x190.jpg 300w, https://fcmanrique.org/wp-content/uploads/fc-manrique-libro-retorno-musas-2-768x485.jpg 768w, https://fcmanrique.org/wp-content/uploads/fc-manrique-libro-retorno-musas-2-1024x647.jpg 1024w" sizes="auto, (max-width: 559px) 100vw, 559px" /></a></p>
<p>Fátima Marcos insistió en que el libro nació de manera natural y aseguró que nunca pensó en vivir esta experiencia “bonita, fresca, compartida y basada en la generosidad”, y afirmó que si los responsables de los museos leyeran el libro “al menos podrían descubrir las posibilidades de su personal”.</p>
<p>María García señaló que había sido una experiencia muy emotiva porque en los museos todo es muy rígido y encorsetado, “y es una oportunidad de hablar de los museos y de nosotras mismas de otra manera”. “Es muy gratificante ver lo que piensan y pueden crear otras compañeras”. Por último, Rosi Abreu señaló que para ella el museo era &#8220;una fábrica de sueños&#8221;, y que se le cayeron los clichés cuando tuvo que fotografiar a un Ken (el novio de Barbie) en la exposición <em>Souvenir, souvenir</em>.</p>
<p>El acto lo cerraron Fabiola Herrera y Leyla Miras para “dar voz a todas las autoras que no asistieron”. Se proyectaron las ilustraciones, fotografías o los títulos de los relatos o reflexiones incluidos en el libro. Sobre ellas, ambas autoras leían una frase entresacada de ese pasaje del libro. La presentación terminó con la proyección de un vídeo de la sesión fotográfica para la portada del libro, con las autoras vestidas de negro sosteniendo tres columnas en una sala del TEA, en Tenerife. Acabaron rompiendo una escultura, cuyo autor aparece nombrado en la dedicatoria. “La deconstrucción que acabó en destrucción”, señaló Leyla Miras.</p>
<p>La FCM señaló que había programado este acto con el propósito de contribuir a fomentar la visibilidad de las mujeres y las políticas de igualdad de género, en general, y, de una forma más específica, en el ámbito de la cultura, en el espacio de los museos.</p>
<p><a href="https://fcmanrique.org/wp-content/uploads/fc-manrique-pres-libr-el-retorno-de-las-musas.jpg"><img loading="lazy" decoding="async" class="wp-image-4649 aligncenter" src="https://fcmanrique.org/wp-content/uploads/fc-manrique-pres-libr-el-retorno-de-las-musas.jpg" alt="" width="614" height="409" srcset="https://fcmanrique.org/wp-content/uploads/fc-manrique-pres-libr-el-retorno-de-las-musas.jpg 850w, https://fcmanrique.org/wp-content/uploads/fc-manrique-pres-libr-el-retorno-de-las-musas-300x200.jpg 300w, https://fcmanrique.org/wp-content/uploads/fc-manrique-pres-libr-el-retorno-de-las-musas-768x512.jpg 768w" sizes="auto, (max-width: 614px) 100vw, 614px" /></a></p>
<p>Nota de prensa en PDF:</p>
<p><a href="https://fcmanrique.org/wp-content/uploads/fc-manrique-presentacion-libro-el-retorno-de-las-musas.pdf">fc-manrique-presentacion-libro-el-retorno-de-las-musas</a></p>
<p>&nbsp;</p>
