{"id":18649,"date":"2019-04-25T10:40:10","date_gmt":"2019-04-25T10:40:10","guid":{"rendered":"https:\/\/fcmanrique.org\/?post_type=fcm_c_acti_celebrada&#038;p=18649"},"modified":"2019-04-25T13:19:43","modified_gmt":"2019-04-25T13:19:43","slug":"lectura-ciudadana","status":"publish","type":"fcm_c_acti_celebrada","link":"https:\/\/fcmanrique.org\/en\/fcm-c-acti-celebrada\/lectura-ciudadana\/","title":{"rendered":"Lectura ciudadana"},"content":{"rendered":"<p class=\"qtranxs-available-languages-message qtranxs-available-languages-message-en\">Sorry, this entry is only available in <a href=\"https:\/\/fcmanrique.org\/es\/wp-json\/wp\/v2\/fcm_c_acti_celebrada\/18649\" class=\"qtranxs-available-language-link qtranxs-available-language-link-es\" title=\"ES\">ES<\/a>.<\/p><p>El presidente de la FCM, Jos\u00e9 Juan Ram\u00edrez, y el director de la instituci\u00f3n, Fernando G\u00f3mez Aguilera, inauguraron a las 11:00 horas del d\u00eda 24 de abril, en la Sala Jos\u00e9 Saramago de La Plazuela, en Arrecife una lectura ciudadana continuada de textos de C\u00e9sar Manrique. Tambi\u00e9n se cont\u00f3 con la participaci\u00f3n de alumnos del Instituto de Ense\u00f1anza Secundaria Agust\u00edn Espinosa, que se unieron a recordar y rendir homenaje a Manrique. La Lectura concluy\u00f3 a las 13:30 horas.<\/p>\n<p><a href=\"https:\/\/fcmanrique.org\/wp-content\/uploads\/fc-manrique-lectura-ciudadana1.jpg\"><img loading=\"lazy\" decoding=\"async\" class=\"alignnone size-full wp-image-18695\" src=\"https:\/\/fcmanrique.org\/wp-content\/uploads\/fc-manrique-lectura-ciudadana1.jpg\" alt=\"\" width=\"920\" height=\"556\" srcset=\"https:\/\/fcmanrique.org\/wp-content\/uploads\/fc-manrique-lectura-ciudadana1.jpg 920w, https:\/\/fcmanrique.org\/wp-content\/uploads\/fc-manrique-lectura-ciudadana1-300x181.jpg 300w, https:\/\/fcmanrique.org\/wp-content\/uploads\/fc-manrique-lectura-ciudadana1-768x464.jpg 768w, https:\/\/fcmanrique.org\/wp-content\/uploads\/fc-manrique-lectura-ciudadana1-289x175.jpg 289w\" sizes=\"auto, (max-width: 920px) 100vw, 920px\" \/><\/a><\/p>\n<p>La FCM ha iniciado el d\u00eda 24 de abril de 2019, un centenario que concluir\u00e1 el pr\u00f3ximo 24 de abril de 2020 y que se desarrollar\u00e1 bajo el lema <em>El desaf\u00edo inmediato del presente: una humanidad contempor\u00e1nea del futuro<\/em>, inspirado en la frase que pronunci\u00f3 el propio artista en 1970: \u201cYo soy un contempor\u00e1neo del futuro\u201d.<\/p>\n<p>A lo largo de un a\u00f1o se gestionar\u00e1 un extenso programa de actividades culturales y l\u00fadicas de primer nivel con el objetivo de recordar y rendir homenaje a su fundador, un artista pionero en el campo de las relaciones entre arte y naturaleza materializadas en grandes espacios naturales y en la sostenibilidad ambiental y territorial; una gran conciencia cr\u00edtica y propositiva que convirti\u00f3 una isla, Lanzarote, en una obra de arte.<\/p>\n<p><a href=\"https:\/\/fcmanrique.org\/wp-content\/uploads\/fc-manrique-lectura-ciudadana2.jpg\"><img loading=\"lazy\" decoding=\"async\" class=\"alignnone size-full wp-image-18696\" src=\"https:\/\/fcmanrique.org\/wp-content\/uploads\/fc-manrique-lectura-ciudadana2.jpg\" alt=\"\" width=\"920\" height=\"602\" srcset=\"https:\/\/fcmanrique.org\/wp-content\/uploads\/fc-manrique-lectura-ciudadana2.jpg 920w, https:\/\/fcmanrique.org\/wp-content\/uploads\/fc-manrique-lectura-ciudadana2-300x196.jpg 300w, https:\/\/fcmanrique.org\/wp-content\/uploads\/fc-manrique-lectura-ciudadana2-768x503.jpg 768w, https:\/\/fcmanrique.org\/wp-content\/uploads\/fc-manrique-lectura-ciudadana2-289x189.jpg 289w\" sizes=\"auto, (max-width: 920px) 100vw, 920px\" \/><\/a><\/p>","protected":false},"excerpt":{"rendered":"<p>Sorry, this entry is only available in ES.El presidente de la FCM, Jos\u00e9 Juan Ram\u00edrez, y el director de la instituci\u00f3n, Fernando G\u00f3mez Aguilera, inauguraron a las 11:00 horas del d\u00eda 24 de abril, en la Sala Jos\u00e9 Saramago de La Plazuela, en Arrecife una lectura ciudadana continuada de textos de C\u00e9sar Manrique. Tambi\u00e9n se&#8230; <a href=\"https:\/\/fcmanrique.org\/en\/fcm-c-acti-celebrada\/lectura-ciudadana\/\" class=\"readmore\">Contin\u00faa leyendo \u2192<\/a><\/p>\n","protected":false},"featured_media":18652,"parent":0,"template":"","meta":{"_acf_changed":false,"ngg_post_thumbnail":0,"footnotes":""},"class_list":["post-18649","fcm_c_acti_celebrada","type-fcm_c_acti_celebrada","status-publish","has-post-thumbnail","hentry","c_acti_celebrada_categoria-lectura"],"acf":[],"_links":{"self":[{"href":"https:\/\/fcmanrique.org\/en\/wp-json\/wp\/v2\/fcm_c_acti_celebrada\/18649","targetHints":{"allow":["GET"]}}],"collection":[{"href":"https:\/\/fcmanrique.org\/en\/wp-json\/wp\/v2\/fcm_c_acti_celebrada"}],"about":[{"href":"https:\/\/fcmanrique.org\/en\/wp-json\/wp\/v2\/types\/fcm_c_acti_celebrada"}],"version-history":[{"count":5,"href":"https:\/\/fcmanrique.org\/en\/wp-json\/wp\/v2\/fcm_c_acti_celebrada\/18649\/revisions"}],"predecessor-version":[{"id":18697,"href":"https:\/\/fcmanrique.org\/en\/wp-json\/wp\/v2\/fcm_c_acti_celebrada\/18649\/revisions\/18697"}],"wp:featuredmedia":[{"embeddable":true,"href":"https:\/\/fcmanrique.org\/en\/wp-json\/wp\/v2\/media\/18652"}],"wp:attachment":[{"href":"https:\/\/fcmanrique.org\/en\/wp-json\/wp\/v2\/media?parent=18649"}],"curies":[{"name":"wp","href":"https:\/\/api.w.org\/{rel}","templated":true}]}}

<p class="qtranxs-available-languages-message qtranxs-available-languages-message-en">Sorry, this entry is only available in <a href="https://fcmanrique.org/es/wp-json/wp/v2/fcm_c_acti_celebrada/18649" class="qtranxs-available-language-link qtranxs-available-language-link-es" title="ES">ES</a>.</p><p>El presidente de la FCM, José Juan Ramírez, y el director de la institución, Fernando Gómez Aguilera, inauguraron a las 11:00 horas del día 24 de abril, en la Sala José Saramago de La Plazuela, en Arrecife una lectura ciudadana continuada de textos de César Manrique. También se contó con la participación de alumnos del Instituto de Enseñanza Secundaria Agustín Espinosa, que se unieron a recordar y rendir homenaje a Manrique. La Lectura concluyó a las 13:30 horas.</p>
<p><a href="https://fcmanrique.org/wp-content/uploads/fc-manrique-lectura-ciudadana1.jpg"><img loading="lazy" decoding="async" class="alignnone size-full wp-image-18695" src="https://fcmanrique.org/wp-content/uploads/fc-manrique-lectura-ciudadana1.jpg" alt="" width="920" height="556" srcset="https://fcmanrique.org/wp-content/uploads/fc-manrique-lectura-ciudadana1.jpg 920w, https://fcmanrique.org/wp-content/uploads/fc-manrique-lectura-ciudadana1-300x181.jpg 300w, https://fcmanrique.org/wp-content/uploads/fc-manrique-lectura-ciudadana1-768x464.jpg 768w, https://fcmanrique.org/wp-content/uploads/fc-manrique-lectura-ciudadana1-289x175.jpg 289w" sizes="auto, (max-width: 920px) 100vw, 920px" /></a></p>
<p>La FCM ha iniciado el día 24 de abril de 2019, un centenario que concluirá el próximo 24 de abril de 2020 y que se desarrollará bajo el lema <em>El desafío inmediato del presente: una humanidad contemporánea del futuro</em>, inspirado en la frase que pronunció el propio artista en 1970: “Yo soy un contemporáneo del futuro”.</p>
<p>A lo largo de un año se gestionará un extenso programa de actividades culturales y lúdicas de primer nivel con el objetivo de recordar y rendir homenaje a su fundador, un artista pionero en el campo de las relaciones entre arte y naturaleza materializadas en grandes espacios naturales y en la sostenibilidad ambiental y territorial; una gran conciencia crítica y propositiva que convirtió una isla, Lanzarote, en una obra de arte.</p>
<p><a href="https://fcmanrique.org/wp-content/uploads/fc-manrique-lectura-ciudadana2.jpg"><img loading="lazy" decoding="async" class="alignnone size-full wp-image-18696" src="https://fcmanrique.org/wp-content/uploads/fc-manrique-lectura-ciudadana2.jpg" alt="" width="920" height="602" srcset="https://fcmanrique.org/wp-content/uploads/fc-manrique-lectura-ciudadana2.jpg 920w, https://fcmanrique.org/wp-content/uploads/fc-manrique-lectura-ciudadana2-300x196.jpg 300w, https://fcmanrique.org/wp-content/uploads/fc-manrique-lectura-ciudadana2-768x503.jpg 768w, https://fcmanrique.org/wp-content/uploads/fc-manrique-lectura-ciudadana2-289x189.jpg 289w" sizes="auto, (max-width: 920px) 100vw, 920px" /></a></p>

<p>Sorry, this entry is only available in ES.El presidente de la FCM, José Juan Ramírez, y el director de la institución, Fernando Gómez Aguilera, inauguraron a las 11:00 horas del día 24 de abril, en la Sala José Saramago de La Plazuela, en Arrecife una lectura ciudadana continuada de textos de César Manrique. También se&#8230; <a href="https://fcmanrique.org/en/fcm-c-acti-celebrada/lectura-ciudadana/" class="readmore">Continúa leyendo →</a></p>
