{"id":19518,"date":"2019-06-07T13:18:17","date_gmt":"2019-06-07T13:18:17","guid":{"rendered":"https:\/\/fcmanrique.org\/?post_type=fcm_c_acti_celebrada&#038;p=19518"},"modified":"2020-11-24T11:50:29","modified_gmt":"2020-11-24T11:50:29","slug":"la-exposicion-cesar-manrique-100-anos-de-vida-producida-y-organizada-por-la-fcm-comienza-su-itinerancia-en-la-oficina-de-correos-de-arrecife","status":"publish","type":"fcm_c_acti_celebrada","link":"https:\/\/fcmanrique.org\/en\/fcm-c-acti-celebrada\/la-exposicion-cesar-manrique-100-anos-de-vida-producida-y-organizada-por-la-fcm-comienza-su-itinerancia-en-la-oficina-de-correos-de-arrecife\/","title":{"rendered":"Exposici\u00f3n &#8221;C\u00e9sar Manrique. 100 a\u00f1os de vida&#8221;, comienza su itinerancia en la sede de Correos de Arrecife"},"content":{"rendered":"<p class=\"qtranxs-available-languages-message qtranxs-available-languages-message-en\">Sorry, this entry is only available in <a href=\"https:\/\/fcmanrique.org\/es\/wp-json\/wp\/v2\/fcm_c_acti_celebrada\/19518\" class=\"qtranxs-available-language-link qtranxs-available-language-link-es\" title=\"ES\">ES<\/a>.<\/p><p>La exposici\u00f3n, de car\u00e1cter itinerante, \u201cC\u00e9sar Manrique. 100 a\u00f1os de vida\u201d, producida y organizada por la Fundaci\u00f3n C\u00e9sar Manrique (FCM), se inaugur\u00f3 por primera vez el 7 de junio, en la sede de Correos de Arrecife. Esta muestra, que est\u00e1 comisariada por Adonay Berm\u00fadez, forma parte de la programaci\u00f3n de actividades conmemorativas del centenario del nacimiento de C\u00e9sar Manrique (Lanzarote, 1919-1992) que desarrolla la Fundaci\u00f3n que lleva su nombre.<\/p>\n<p>La inauguraci\u00f3n tuvo en la oficina de Correos de la capital, ubicada en la calle Caldera de Taburiente, 2. En el acto estuvieron presentes la directora de la oficina de Correos en Arrecife, Carmen Iglesias; el director de la FCM, Fernando G\u00f3mez Aguilera; as\u00ed como el comisario de la muestra, Adonay Berm\u00fadez.<\/p>\n<p><a href=\"https:\/\/fcmanrique.org\/wp-content\/uploads\/fc-manrique-exposicion-cesar-manrique-cien-a\u00f1os-de-vida1.jpg\"><img loading=\"lazy\" decoding=\"async\" class=\"alignnone size-full wp-image-19520\" src=\"https:\/\/fcmanrique.org\/wp-content\/uploads\/fc-manrique-exposicion-cesar-manrique-cien-a\u00f1os-de-vida1.jpg\" alt=\"\" width=\"920\" height=\"693\" srcset=\"https:\/\/fcmanrique.org\/wp-content\/uploads\/fc-manrique-exposicion-cesar-manrique-cien-a\u00f1os-de-vida1.jpg 920w, https:\/\/fcmanrique.org\/wp-content\/uploads\/fc-manrique-exposicion-cesar-manrique-cien-a\u00f1os-de-vida1-300x226.jpg 300w, https:\/\/fcmanrique.org\/wp-content\/uploads\/fc-manrique-exposicion-cesar-manrique-cien-a\u00f1os-de-vida1-768x579.jpg 768w, https:\/\/fcmanrique.org\/wp-content\/uploads\/fc-manrique-exposicion-cesar-manrique-cien-a\u00f1os-de-vida1-289x218.jpg 289w\" sizes=\"auto, (max-width: 920px) 100vw, 920px\" \/><\/a><\/p>\n<p>\u201cC\u00e9sar Manrique. 100 a\u00f1os de vida\u201d est\u00e1 compuesta por una treintena de paneles con im\u00e1genes y textos que incluyen no solo la obra pict\u00f3rica del artista, sino tambi\u00e9n su obra p\u00fablica y escult\u00f3rica. Asimismo, esta muestra resalta su labor de protecci\u00f3n medioambiental y su car\u00e1cter activista a trav\u00e9s de sus propias palabras.<\/p>\n<p>La exposici\u00f3n ofrece una lectura cronol\u00f3gica y divulgativa, con el objetivo de acercar la vida y la obra del artista a todos los p\u00fablicos. Est\u00e1 previsto que \u201cC\u00e9sar Manrique. 100 a\u00f1os de vida\u201d pueda verse en m\u00e1s de 20 espacios, como en la nueva terminal de pasajeros de Fred. Olsen Express del Puerto de Arrecife o en la Biblioteca Municipal de La Laguna, adem\u00e1s de en varios centros escolares de Canarias.<\/p>\n<p><a href=\"https:\/\/fcmanrique.org\/wp-content\/uploads\/fc-manrique-exposicion-cesar-manrique-cien-a\u00f1os-de-vida2.jpg\"><img loading=\"lazy\" decoding=\"async\" class=\"alignnone size-full wp-image-19521\" src=\"https:\/\/fcmanrique.org\/wp-content\/uploads\/fc-manrique-exposicion-cesar-manrique-cien-a\u00f1os-de-vida2.jpg\" alt=\"\" width=\"920\" height=\"690\" srcset=\"https:\/\/fcmanrique.org\/wp-content\/uploads\/fc-manrique-exposicion-cesar-manrique-cien-a\u00f1os-de-vida2.jpg 920w, https:\/\/fcmanrique.org\/wp-content\/uploads\/fc-manrique-exposicion-cesar-manrique-cien-a\u00f1os-de-vida2-300x225.jpg 300w, https:\/\/fcmanrique.org\/wp-content\/uploads\/fc-manrique-exposicion-cesar-manrique-cien-a\u00f1os-de-vida2-768x576.jpg 768w, https:\/\/fcmanrique.org\/wp-content\/uploads\/fc-manrique-exposicion-cesar-manrique-cien-a\u00f1os-de-vida2-289x217.jpg 289w\" sizes=\"auto, (max-width: 920px) 100vw, 920px\" \/><\/a><\/p>\n<p><a href=\"https:\/\/fcmanrique.org\/wp-content\/uploads\/fc-manrique-exposicion-cesar-manrique-cien-a\u00f1os-de-vida-correos.pdf\">M\u00e1s informaci\u00f3n sobre la exposici\u00f3n<\/a><\/p>","protected":false},"excerpt":{"rendered":"<p>Sorry, this entry is only available in ES.La exposici\u00f3n, de car\u00e1cter itinerante, \u201cC\u00e9sar Manrique. 100 a\u00f1os de vida\u201d, producida y organizada por la Fundaci\u00f3n C\u00e9sar Manrique (FCM), se inaugur\u00f3 por primera vez el 7 de junio, en la sede de Correos de Arrecife. Esta muestra, que est\u00e1 comisariada por Adonay Berm\u00fadez, forma parte de la&#8230; <a href=\"https:\/\/fcmanrique.org\/en\/fcm-c-acti-celebrada\/la-exposicion-cesar-manrique-100-anos-de-vida-producida-y-organizada-por-la-fcm-comienza-su-itinerancia-en-la-oficina-de-correos-de-arrecife\/\" class=\"readmore\">Contin\u00faa leyendo \u2192<\/a><\/p>\n","protected":false},"featured_media":19519,"parent":0,"template":"","meta":{"_acf_changed":false,"ngg_post_thumbnail":0,"footnotes":""},"class_list":["post-19518","fcm_c_acti_celebrada","type-fcm_c_acti_celebrada","status-publish","has-post-thumbnail","hentry","c_acti_celebrada_categoria-inauguracion"],"acf":[],"_links":{"self":[{"href":"https:\/\/fcmanrique.org\/en\/wp-json\/wp\/v2\/fcm_c_acti_celebrada\/19518","targetHints":{"allow":["GET"]}}],"collection":[{"href":"https:\/\/fcmanrique.org\/en\/wp-json\/wp\/v2\/fcm_c_acti_celebrada"}],"about":[{"href":"https:\/\/fcmanrique.org\/en\/wp-json\/wp\/v2\/types\/fcm_c_acti_celebrada"}],"version-history":[{"count":5,"href":"https:\/\/fcmanrique.org\/en\/wp-json\/wp\/v2\/fcm_c_acti_celebrada\/19518\/revisions"}],"predecessor-version":[{"id":22315,"href":"https:\/\/fcmanrique.org\/en\/wp-json\/wp\/v2\/fcm_c_acti_celebrada\/19518\/revisions\/22315"}],"wp:featuredmedia":[{"embeddable":true,"href":"https:\/\/fcmanrique.org\/en\/wp-json\/wp\/v2\/media\/19519"}],"wp:attachment":[{"href":"https:\/\/fcmanrique.org\/en\/wp-json\/wp\/v2\/media?parent=19518"}],"curies":[{"name":"wp","href":"https:\/\/api.w.org\/{rel}","templated":true}]}}

Exposición &#8221;César Manrique. 100 años de vida&#8221;, comienza su itinerancia en la sede de Correos de Arrecife

<p class="qtranxs-available-languages-message qtranxs-available-languages-message-en">Sorry, this entry is only available in <a href="https://fcmanrique.org/es/wp-json/wp/v2/fcm_c_acti_celebrada/19518" class="qtranxs-available-language-link qtranxs-available-language-link-es" title="ES">ES</a>.</p><p>La exposición, de carácter itinerante, “César Manrique. 100 años de vida”, producida y organizada por la Fundación César Manrique (FCM), se inauguró por primera vez el 7 de junio, en la sede de Correos de Arrecife. Esta muestra, que está comisariada por Adonay Bermúdez, forma parte de la programación de actividades conmemorativas del centenario del nacimiento de César Manrique (Lanzarote, 1919-1992) que desarrolla la Fundación que lleva su nombre.</p>
<p>La inauguración tuvo en la oficina de Correos de la capital, ubicada en la calle Caldera de Taburiente, 2. En el acto estuvieron presentes la directora de la oficina de Correos en Arrecife, Carmen Iglesias; el director de la FCM, Fernando Gómez Aguilera; así como el comisario de la muestra, Adonay Bermúdez.</p>
<p><a href="https://fcmanrique.org/wp-content/uploads/fc-manrique-exposicion-cesar-manrique-cien-años-de-vida1.jpg"><img loading="lazy" decoding="async" class="alignnone size-full wp-image-19520" src="https://fcmanrique.org/wp-content/uploads/fc-manrique-exposicion-cesar-manrique-cien-años-de-vida1.jpg" alt="" width="920" height="693" srcset="https://fcmanrique.org/wp-content/uploads/fc-manrique-exposicion-cesar-manrique-cien-años-de-vida1.jpg 920w, https://fcmanrique.org/wp-content/uploads/fc-manrique-exposicion-cesar-manrique-cien-años-de-vida1-300x226.jpg 300w, https://fcmanrique.org/wp-content/uploads/fc-manrique-exposicion-cesar-manrique-cien-años-de-vida1-768x579.jpg 768w, https://fcmanrique.org/wp-content/uploads/fc-manrique-exposicion-cesar-manrique-cien-años-de-vida1-289x218.jpg 289w" sizes="auto, (max-width: 920px) 100vw, 920px" /></a></p>
<p>“César Manrique. 100 años de vida” está compuesta por una treintena de paneles con imágenes y textos que incluyen no solo la obra pictórica del artista, sino también su obra pública y escultórica. Asimismo, esta muestra resalta su labor de protección medioambiental y su carácter activista a través de sus propias palabras.</p>
<p>La exposición ofrece una lectura cronológica y divulgativa, con el objetivo de acercar la vida y la obra del artista a todos los públicos. Está previsto que “César Manrique. 100 años de vida” pueda verse en más de 20 espacios, como en la nueva terminal de pasajeros de Fred. Olsen Express del Puerto de Arrecife o en la Biblioteca Municipal de La Laguna, además de en varios centros escolares de Canarias.</p>
<p><a href="https://fcmanrique.org/wp-content/uploads/fc-manrique-exposicion-cesar-manrique-cien-años-de-vida2.jpg"><img loading="lazy" decoding="async" class="alignnone size-full wp-image-19521" src="https://fcmanrique.org/wp-content/uploads/fc-manrique-exposicion-cesar-manrique-cien-años-de-vida2.jpg" alt="" width="920" height="690" srcset="https://fcmanrique.org/wp-content/uploads/fc-manrique-exposicion-cesar-manrique-cien-años-de-vida2.jpg 920w, https://fcmanrique.org/wp-content/uploads/fc-manrique-exposicion-cesar-manrique-cien-años-de-vida2-300x225.jpg 300w, https://fcmanrique.org/wp-content/uploads/fc-manrique-exposicion-cesar-manrique-cien-años-de-vida2-768x576.jpg 768w, https://fcmanrique.org/wp-content/uploads/fc-manrique-exposicion-cesar-manrique-cien-años-de-vida2-289x217.jpg 289w" sizes="auto, (max-width: 920px) 100vw, 920px" /></a></p>
<p><a href="https://fcmanrique.org/wp-content/uploads/fc-manrique-exposicion-cesar-manrique-cien-años-de-vida-correos.pdf">Más información sobre la exposición</a></p>

<p>Sorry, this entry is only available in ES.La exposición, de carácter itinerante, “César Manrique. 100 años de vida”, producida y organizada por la Fundación César Manrique (FCM), se inauguró por primera vez el 7 de junio, en la sede de Correos de Arrecife. Esta muestra, que está comisariada por Adonay Bermúdez, forma parte de la&#8230; <a href="https://fcmanrique.org/en/fcm-c-acti-celebrada/la-exposicion-cesar-manrique-100-anos-de-vida-producida-y-organizada-por-la-fcm-comienza-su-itinerancia-en-la-oficina-de-correos-de-arrecife/" class="readmore">Continúa leyendo →</a></p>
