{"id":19648,"date":"2019-06-17T08:42:38","date_gmt":"2019-06-17T08:42:38","guid":{"rendered":"https:\/\/fcmanrique.org\/?post_type=fcm_c_acti_celebrada&#038;p=19648"},"modified":"2019-07-04T08:11:05","modified_gmt":"2019-07-04T08:11:05","slug":"encuentro-internacional-de-verseadores","status":"publish","type":"fcm_c_acti_celebrada","link":"https:\/\/fcmanrique.org\/en\/fcm-c-acti-celebrada\/encuentro-internacional-de-verseadores\/","title":{"rendered":"Encuentro internacional de Verseadores"},"content":{"rendered":"<p class=\"qtranxs-available-languages-message qtranxs-available-languages-message-en\">Sorry, this entry is only available in <a href=\"https:\/\/fcmanrique.org\/es\/wp-json\/wp\/v2\/fcm_c_acti_celebrada\/19648\" class=\"qtranxs-available-language-link qtranxs-available-language-link-es\" title=\"ES\">ES<\/a>.<\/p><p><em>Verseadores de varios pa\u00edses homenajean a C\u00e9sar Manrique en un encuentro musical internacional<\/em><\/p>\n<p><a href=\"https:\/\/fcmanrique.org\/wp-content\/uploads\/fc-manrique-encuentro-internacional-de-verseadores6.jpg\"><img loading=\"lazy\" decoding=\"async\" class=\"alignnone size-full wp-image-19656\" src=\"https:\/\/fcmanrique.org\/wp-content\/uploads\/fc-manrique-encuentro-internacional-de-verseadores6.jpg\" alt=\"\" width=\"920\" height=\"569\" srcset=\"https:\/\/fcmanrique.org\/wp-content\/uploads\/fc-manrique-encuentro-internacional-de-verseadores6.jpg 920w, https:\/\/fcmanrique.org\/wp-content\/uploads\/fc-manrique-encuentro-internacional-de-verseadores6-300x186.jpg 300w, https:\/\/fcmanrique.org\/wp-content\/uploads\/fc-manrique-encuentro-internacional-de-verseadores6-768x475.jpg 768w, https:\/\/fcmanrique.org\/wp-content\/uploads\/fc-manrique-encuentro-internacional-de-verseadores6-289x179.jpg 289w, https:\/\/fcmanrique.org\/wp-content\/uploads\/fc-manrique-encuentro-internacional-de-verseadores6-825x510.jpg 825w\" sizes=\"auto, (max-width: 920px) 100vw, 920px\" \/><\/a><\/p>\n<p>La Fundaci\u00f3n C\u00e9sar Manrique (FCM), en colaboraci\u00f3n con el Ayuntamiento de Arrecife, organiz\u00f3 un Encuentro Musical Internacional de Verseadores qel pasado s\u00e1bado, 15 de junio, a las 21:00 horas, en la plaza de El Almac\u00e9n, bajo el t\u00edtulo \u201cVersos por C\u00e9sar Manrique\u201d.<\/p>\n<p>Artistas de seis pa\u00edses americanos, y los anfitriones canarios, se unieron en este Encuentro Internacional para recordar a C\u00e9sar Manrique con sus versos -improvisados y recreados-, as\u00ed como para reivindicar la validez y la necesidad, ahora m\u00e1s que nunca, de su mensaje art\u00edstico y vital.<\/p>\n<p><a href=\"https:\/\/fcmanrique.org\/wp-content\/uploads\/fc-manrique-encuentro-internacional-de-verseadores2.jpg\"><img loading=\"lazy\" decoding=\"async\" class=\"alignnone wp-image-19652 size-full\" src=\"https:\/\/fcmanrique.org\/wp-content\/uploads\/fc-manrique-encuentro-internacional-de-verseadores2.jpg\" alt=\"\" width=\"920\" height=\"578\" srcset=\"https:\/\/fcmanrique.org\/wp-content\/uploads\/fc-manrique-encuentro-internacional-de-verseadores2.jpg 920w, https:\/\/fcmanrique.org\/wp-content\/uploads\/fc-manrique-encuentro-internacional-de-verseadores2-300x188.jpg 300w, https:\/\/fcmanrique.org\/wp-content\/uploads\/fc-manrique-encuentro-internacional-de-verseadores2-768x483.jpg 768w, https:\/\/fcmanrique.org\/wp-content\/uploads\/fc-manrique-encuentro-internacional-de-verseadores2-289x182.jpg 289w\" sizes=\"auto, (max-width: 920px) 100vw, 920px\" \/><\/a><em>Marta Suint y Jos\u00e9 Curbelo<\/em><\/p>\n<p>En el Encuentro participaron los payadores Marta Suint de Argentina y Jos\u00e9 Curbelo de Uruguay, nieto de un conejero de San Bartolom\u00e9. Suint y Curbelo son dos nombres imprescindibles de la tradici\u00f3n rioplatense de la milonga en d\u00e9cimas y de la tradici\u00f3n gaucha.<\/p>\n<p>Tambi\u00e9n se subieron al escenario el cubano Alexis D\u00edaz Pimienta, destacad\u00edsimo repentista, escritor y te\u00f3rico, una de las voces m\u00e1s autorizadas en el \u00e1mbito de la tradici\u00f3n improvisadora en el mundo.<\/p>\n<p><a href=\"https:\/\/fcmanrique.org\/wp-content\/uploads\/fc-manrique-encuentro-internacional-de-verseadores5.jpg\"><img loading=\"lazy\" decoding=\"async\" class=\"alignnone wp-image-19655 size-full\" src=\"https:\/\/fcmanrique.org\/wp-content\/uploads\/fc-manrique-encuentro-internacional-de-verseadores5.jpg\" alt=\"\" width=\"920\" height=\"584\" srcset=\"https:\/\/fcmanrique.org\/wp-content\/uploads\/fc-manrique-encuentro-internacional-de-verseadores5.jpg 920w, https:\/\/fcmanrique.org\/wp-content\/uploads\/fc-manrique-encuentro-internacional-de-verseadores5-300x190.jpg 300w, https:\/\/fcmanrique.org\/wp-content\/uploads\/fc-manrique-encuentro-internacional-de-verseadores5-768x488.jpg 768w, https:\/\/fcmanrique.org\/wp-content\/uploads\/fc-manrique-encuentro-internacional-de-verseadores5-289x183.jpg 289w\" sizes=\"auto, (max-width: 920px) 100vw, 920px\" \/><\/a><em>Modesto Nieves, Yeray Rodr\u00edguez y Alexis D\u00edaz Pimienta<\/em><\/p>\n<p>Desde M\u00e9xico llegaron Guillermo y Vincent Vel\u00e1zquez, Chabe Flores y el tr\u00edo Gorri\u00f3n Serrano, representantes de las tradiciones arribe\u00f1a y huasteca del centro del pa\u00eds. Guillermo es uno de los m\u00e1s reputados juglares de Am\u00e9rica y el violinista de Gorri\u00f3n Serrano, Alex Monta\u00f1o, es, pese a su juventud, un talentoso y experimentado int\u00e9rprete.<\/p>\n<p><a href=\"https:\/\/fcmanrique.org\/wp-content\/uploads\/fc-manrique-encuentro-internacional-de-verseadores3.jpg\"><img loading=\"lazy\" decoding=\"async\" class=\"alignnone wp-image-19653 size-full\" src=\"https:\/\/fcmanrique.org\/wp-content\/uploads\/fc-manrique-encuentro-internacional-de-verseadores3.jpg\" alt=\"\" width=\"920\" height=\"610\" srcset=\"https:\/\/fcmanrique.org\/wp-content\/uploads\/fc-manrique-encuentro-internacional-de-verseadores3.jpg 920w, https:\/\/fcmanrique.org\/wp-content\/uploads\/fc-manrique-encuentro-internacional-de-verseadores3-300x199.jpg 300w, https:\/\/fcmanrique.org\/wp-content\/uploads\/fc-manrique-encuentro-internacional-de-verseadores3-768x509.jpg 768w, https:\/\/fcmanrique.org\/wp-content\/uploads\/fc-manrique-encuentro-internacional-de-verseadores3-289x192.jpg 289w\" sizes=\"auto, (max-width: 920px) 100vw, 920px\" \/><\/a><em>Vincent Vel\u00e1zquez y Alejandro Monta\u00f1o<\/em><\/p>\n<p>Omar Santiago, Roberto Silva, Christian Nieves y Modesto Nieves estuvieron sobre el escenario en representaci\u00f3n de Puerto Rico. Los dos primeros trovadores nacionales han sido laureados en infinidad de concursos, y los Nieves, padre e hijo, son unos virtuosos ejecutantes de la m\u00fasica t\u00edpica puertorrique\u00f1a.<\/p>\n<p><a href=\"https:\/\/fcmanrique.org\/wp-content\/uploads\/fc-manrique-encuentro-internacional-de-verseadores4.jpg\"><img loading=\"lazy\" decoding=\"async\" class=\"alignnone wp-image-19654 size-full\" src=\"https:\/\/fcmanrique.org\/wp-content\/uploads\/fc-manrique-encuentro-internacional-de-verseadores4.jpg\" alt=\"\" width=\"920\" height=\"575\" srcset=\"https:\/\/fcmanrique.org\/wp-content\/uploads\/fc-manrique-encuentro-internacional-de-verseadores4.jpg 920w, https:\/\/fcmanrique.org\/wp-content\/uploads\/fc-manrique-encuentro-internacional-de-verseadores4-300x188.jpg 300w, https:\/\/fcmanrique.org\/wp-content\/uploads\/fc-manrique-encuentro-internacional-de-verseadores4-768x480.jpg 768w, https:\/\/fcmanrique.org\/wp-content\/uploads\/fc-manrique-encuentro-internacional-de-verseadores4-289x181.jpg 289w\" sizes=\"auto, (max-width: 920px) 100vw, 920px\" \/><\/a><em>Christian Nieves,, Fernando Garc\u00eda, Omar Santiago, Roberto Silva y Modesto Nieves<\/em><\/p>\n<p>Venezuela es otro de los pa\u00edses latinoamericanos que particip\u00f3 en el Encuentro con la inigualable Cecilia Todd, una de las grandes voces de Am\u00e9rica, y Gustavo Colina, reconocido cuatrista.<\/p>\n<div id=\"attachment_19651\" class=\"wp-caption alignnone\" style=\"max-width: 930px;\"><a href=\"https:\/\/fcmanrique.org\/wp-content\/uploads\/fc-manrique-encuentro-internacional-de-verseadores1.jpg\"><img loading=\"lazy\" decoding=\"async\" class=\"wp-image-19651 size-full\" src=\"https:\/\/fcmanrique.org\/wp-content\/uploads\/fc-manrique-encuentro-internacional-de-verseadores1.jpg\" alt=\"\" width=\"920\" height=\"607\" srcset=\"https:\/\/fcmanrique.org\/wp-content\/uploads\/fc-manrique-encuentro-internacional-de-verseadores1.jpg 920w, https:\/\/fcmanrique.org\/wp-content\/uploads\/fc-manrique-encuentro-internacional-de-verseadores1-300x198.jpg 300w, https:\/\/fcmanrique.org\/wp-content\/uploads\/fc-manrique-encuentro-internacional-de-verseadores1-768x507.jpg 768w, https:\/\/fcmanrique.org\/wp-content\/uploads\/fc-manrique-encuentro-internacional-de-verseadores1-289x191.jpg 289w\" sizes=\"auto, (max-width: 920px) 100vw, 920px\" \/><\/a><p class=\"wp-caption-text\"><span style=\"color: #333333; font-family: 'Noto Serif', serif; font-size: 17px;\">Gustavo Colina, Cecilia Todd y Fernando Garc\u00eda<\/span><\/p><\/div>\n<p>La representaci\u00f3n canaria estar\u00e1 en manos del destacado percusionista palmero Fernando Garc\u00eda, que apoyar\u00e1 a las formaciones boricua y venezolana, y el verseador grancanario Yeray Rodr\u00edguez, art\u00edfice de este encuentro.<\/p>\n<p><a href=\"https:\/\/fcmanrique.org\/wp-content\/uploads\/fc-manrique-encuentro-internacional-de-verseadores8.jpg\"><img loading=\"lazy\" decoding=\"async\" class=\"alignnone size-full wp-image-19665\" src=\"https:\/\/fcmanrique.org\/wp-content\/uploads\/fc-manrique-encuentro-internacional-de-verseadores8.jpg\" alt=\"\" width=\"920\" height=\"601\" srcset=\"https:\/\/fcmanrique.org\/wp-content\/uploads\/fc-manrique-encuentro-internacional-de-verseadores8.jpg 920w, https:\/\/fcmanrique.org\/wp-content\/uploads\/fc-manrique-encuentro-internacional-de-verseadores8-300x196.jpg 300w, https:\/\/fcmanrique.org\/wp-content\/uploads\/fc-manrique-encuentro-internacional-de-verseadores8-768x502.jpg 768w, https:\/\/fcmanrique.org\/wp-content\/uploads\/fc-manrique-encuentro-internacional-de-verseadores8-289x189.jpg 289w\" sizes=\"auto, (max-width: 920px) 100vw, 920px\" \/><\/a><\/p>\n<p><a href=\"https:\/\/fcmanrique.org\/wp-content\/uploads\/fc-manrique-encuentro-internacional-de-verseadores7.jpg\"><img loading=\"lazy\" decoding=\"async\" class=\"alignnone size-full wp-image-19657\" src=\"https:\/\/fcmanrique.org\/wp-content\/uploads\/fc-manrique-encuentro-internacional-de-verseadores7.jpg\" alt=\"\" width=\"920\" height=\"586\" srcset=\"https:\/\/fcmanrique.org\/wp-content\/uploads\/fc-manrique-encuentro-internacional-de-verseadores7.jpg 920w, https:\/\/fcmanrique.org\/wp-content\/uploads\/fc-manrique-encuentro-internacional-de-verseadores7-300x191.jpg 300w, https:\/\/fcmanrique.org\/wp-content\/uploads\/fc-manrique-encuentro-internacional-de-verseadores7-768x489.jpg 768w, https:\/\/fcmanrique.org\/wp-content\/uploads\/fc-manrique-encuentro-internacional-de-verseadores7-289x184.jpg 289w\" sizes=\"auto, (max-width: 920px) 100vw, 920px\" \/><\/a><\/p>\n<p><a href=\"https:\/\/fcmanrique.org\/wp-content\/uploads\/fc-manrique-encuentro-internacional-de-verseadores.pdf\">M\u00e1s informaci\u00f3n sobre el Encuentro internacional de Verseadores<\/a><\/p>\n<p><a href=\"https:\/\/fcmanrique.org\/fcm-video\/concierto-encuentro-internacional-de-verseadores-15-junio\/?lang=es\">Acceder al v\u00eddeo del evento<\/a><\/p>\n<p><a href=\"https:\/\/fcmanrique.org\/wp-content\/uploads\/fc-manrique-invitacion-encuentro-internacional-verseadores.jpg\"><img loading=\"lazy\" decoding=\"async\" class=\"alignnone size-full wp-image-19561\" src=\"https:\/\/fcmanrique.org\/wp-content\/uploads\/fc-manrique-invitacion-encuentro-internacional-verseadores.jpg\" alt=\"\" width=\"1200\" height=\"1200\" srcset=\"https:\/\/fcmanrique.org\/wp-content\/uploads\/fc-manrique-invitacion-encuentro-internacional-verseadores.jpg 1200w, https:\/\/fcmanrique.org\/wp-content\/uploads\/fc-manrique-invitacion-encuentro-internacional-verseadores-150x150.jpg 150w, https:\/\/fcmanrique.org\/wp-content\/uploads\/fc-manrique-invitacion-encuentro-internacional-verseadores-300x300.jpg 300w, https:\/\/fcmanrique.org\/wp-content\/uploads\/fc-manrique-invitacion-encuentro-internacional-verseadores-768x768.jpg 768w, https:\/\/fcmanrique.org\/wp-content\/uploads\/fc-manrique-invitacion-encuentro-internacional-verseadores-1024x1024.jpg 1024w, https:\/\/fcmanrique.org\/wp-content\/uploads\/fc-manrique-invitacion-encuentro-internacional-verseadores-246x246.jpg 246w\" sizes=\"auto, (max-width: 1200px) 100vw, 1200px\" \/><\/a><\/p>","protected":false},"excerpt":{"rendered":"<p>Sorry, this entry is only available in ES.Verseadores de varios pa\u00edses homenajean a C\u00e9sar Manrique en un encuentro musical internacional La Fundaci\u00f3n C\u00e9sar Manrique (FCM), en colaboraci\u00f3n con el Ayuntamiento de Arrecife, organiz\u00f3 un Encuentro Musical Internacional de Verseadores qel pasado s\u00e1bado, 15 de junio, a las 21:00 horas, en la plaza de El Almac\u00e9n,&#8230; <a href=\"https:\/\/fcmanrique.org\/en\/fcm-c-acti-celebrada\/encuentro-internacional-de-verseadores\/\" class=\"readmore\">Contin\u00faa leyendo \u2192<\/a><\/p>\n","protected":false},"featured_media":19650,"parent":0,"template":"","meta":{"_acf_changed":false,"ngg_post_thumbnail":0,"footnotes":""},"class_list":["post-19648","fcm_c_acti_celebrada","type-fcm_c_acti_celebrada","status-publish","has-post-thumbnail","hentry","c_acti_celebrada_categoria-musica"],"acf":[],"_links":{"self":[{"href":"https:\/\/fcmanrique.org\/en\/wp-json\/wp\/v2\/fcm_c_acti_celebrada\/19648","targetHints":{"allow":["GET"]}}],"collection":[{"href":"https:\/\/fcmanrique.org\/en\/wp-json\/wp\/v2\/fcm_c_acti_celebrada"}],"about":[{"href":"https:\/\/fcmanrique.org\/en\/wp-json\/wp\/v2\/types\/fcm_c_acti_celebrada"}],"version-history":[{"count":10,"href":"https:\/\/fcmanrique.org\/en\/wp-json\/wp\/v2\/fcm_c_acti_celebrada\/19648\/revisions"}],"predecessor-version":[{"id":19970,"href":"https:\/\/fcmanrique.org\/en\/wp-json\/wp\/v2\/fcm_c_acti_celebrada\/19648\/revisions\/19970"}],"wp:featuredmedia":[{"embeddable":true,"href":"https:\/\/fcmanrique.org\/en\/wp-json\/wp\/v2\/media\/19650"}],"wp:attachment":[{"href":"https:\/\/fcmanrique.org\/en\/wp-json\/wp\/v2\/media?parent=19648"}],"curies":[{"name":"wp","href":"https:\/\/api.w.org\/{rel}","templated":true}]}}

<p class="qtranxs-available-languages-message qtranxs-available-languages-message-en">Sorry, this entry is only available in <a href="https://fcmanrique.org/es/wp-json/wp/v2/fcm_c_acti_celebrada/19648" class="qtranxs-available-language-link qtranxs-available-language-link-es" title="ES">ES</a>.</p><p><em>Verseadores de varios países homenajean a César Manrique en un encuentro musical internacional</em></p>
<p><a href="https://fcmanrique.org/wp-content/uploads/fc-manrique-encuentro-internacional-de-verseadores6.jpg"><img loading="lazy" decoding="async" class="alignnone size-full wp-image-19656" src="https://fcmanrique.org/wp-content/uploads/fc-manrique-encuentro-internacional-de-verseadores6.jpg" alt="" width="920" height="569" srcset="https://fcmanrique.org/wp-content/uploads/fc-manrique-encuentro-internacional-de-verseadores6.jpg 920w, https://fcmanrique.org/wp-content/uploads/fc-manrique-encuentro-internacional-de-verseadores6-300x186.jpg 300w, https://fcmanrique.org/wp-content/uploads/fc-manrique-encuentro-internacional-de-verseadores6-768x475.jpg 768w, https://fcmanrique.org/wp-content/uploads/fc-manrique-encuentro-internacional-de-verseadores6-289x179.jpg 289w, https://fcmanrique.org/wp-content/uploads/fc-manrique-encuentro-internacional-de-verseadores6-825x510.jpg 825w" sizes="auto, (max-width: 920px) 100vw, 920px" /></a></p>
<p>La Fundación César Manrique (FCM), en colaboración con el Ayuntamiento de Arrecife, organizó un Encuentro Musical Internacional de Verseadores qel pasado sábado, 15 de junio, a las 21:00 horas, en la plaza de El Almacén, bajo el título “Versos por César Manrique”.</p>
<p>Artistas de seis países americanos, y los anfitriones canarios, se unieron en este Encuentro Internacional para recordar a César Manrique con sus versos -improvisados y recreados-, así como para reivindicar la validez y la necesidad, ahora más que nunca, de su mensaje artístico y vital.</p>
<p><a href="https://fcmanrique.org/wp-content/uploads/fc-manrique-encuentro-internacional-de-verseadores2.jpg"><img loading="lazy" decoding="async" class="alignnone wp-image-19652 size-full" src="https://fcmanrique.org/wp-content/uploads/fc-manrique-encuentro-internacional-de-verseadores2.jpg" alt="" width="920" height="578" srcset="https://fcmanrique.org/wp-content/uploads/fc-manrique-encuentro-internacional-de-verseadores2.jpg 920w, https://fcmanrique.org/wp-content/uploads/fc-manrique-encuentro-internacional-de-verseadores2-300x188.jpg 300w, https://fcmanrique.org/wp-content/uploads/fc-manrique-encuentro-internacional-de-verseadores2-768x483.jpg 768w, https://fcmanrique.org/wp-content/uploads/fc-manrique-encuentro-internacional-de-verseadores2-289x182.jpg 289w" sizes="auto, (max-width: 920px) 100vw, 920px" /></a><em>Marta Suint y José Curbelo</em></p>
<p>En el Encuentro participaron los payadores Marta Suint de Argentina y José Curbelo de Uruguay, nieto de un conejero de San Bartolomé. Suint y Curbelo son dos nombres imprescindibles de la tradición rioplatense de la milonga en décimas y de la tradición gaucha.</p>
<p>También se subieron al escenario el cubano Alexis Díaz Pimienta, destacadísimo repentista, escritor y teórico, una de las voces más autorizadas en el ámbito de la tradición improvisadora en el mundo.</p>
<p><a href="https://fcmanrique.org/wp-content/uploads/fc-manrique-encuentro-internacional-de-verseadores5.jpg"><img loading="lazy" decoding="async" class="alignnone wp-image-19655 size-full" src="https://fcmanrique.org/wp-content/uploads/fc-manrique-encuentro-internacional-de-verseadores5.jpg" alt="" width="920" height="584" srcset="https://fcmanrique.org/wp-content/uploads/fc-manrique-encuentro-internacional-de-verseadores5.jpg 920w, https://fcmanrique.org/wp-content/uploads/fc-manrique-encuentro-internacional-de-verseadores5-300x190.jpg 300w, https://fcmanrique.org/wp-content/uploads/fc-manrique-encuentro-internacional-de-verseadores5-768x488.jpg 768w, https://fcmanrique.org/wp-content/uploads/fc-manrique-encuentro-internacional-de-verseadores5-289x183.jpg 289w" sizes="auto, (max-width: 920px) 100vw, 920px" /></a><em>Modesto Nieves, Yeray Rodríguez y Alexis Díaz Pimienta</em></p>
<p>Desde México llegaron Guillermo y Vincent Velázquez, Chabe Flores y el trío Gorrión Serrano, representantes de las tradiciones arribeña y huasteca del centro del país. Guillermo es uno de los más reputados juglares de América y el violinista de Gorrión Serrano, Alex Montaño, es, pese a su juventud, un talentoso y experimentado intérprete.</p>
<p><a href="https://fcmanrique.org/wp-content/uploads/fc-manrique-encuentro-internacional-de-verseadores3.jpg"><img loading="lazy" decoding="async" class="alignnone wp-image-19653 size-full" src="https://fcmanrique.org/wp-content/uploads/fc-manrique-encuentro-internacional-de-verseadores3.jpg" alt="" width="920" height="610" srcset="https://fcmanrique.org/wp-content/uploads/fc-manrique-encuentro-internacional-de-verseadores3.jpg 920w, https://fcmanrique.org/wp-content/uploads/fc-manrique-encuentro-internacional-de-verseadores3-300x199.jpg 300w, https://fcmanrique.org/wp-content/uploads/fc-manrique-encuentro-internacional-de-verseadores3-768x509.jpg 768w, https://fcmanrique.org/wp-content/uploads/fc-manrique-encuentro-internacional-de-verseadores3-289x192.jpg 289w" sizes="auto, (max-width: 920px) 100vw, 920px" /></a><em>Vincent Velázquez y Alejandro Montaño</em></p>
<p>Omar Santiago, Roberto Silva, Christian Nieves y Modesto Nieves estuvieron sobre el escenario en representación de Puerto Rico. Los dos primeros trovadores nacionales han sido laureados en infinidad de concursos, y los Nieves, padre e hijo, son unos virtuosos ejecutantes de la música típica puertorriqueña.</p>
<p><a href="https://fcmanrique.org/wp-content/uploads/fc-manrique-encuentro-internacional-de-verseadores4.jpg"><img loading="lazy" decoding="async" class="alignnone wp-image-19654 size-full" src="https://fcmanrique.org/wp-content/uploads/fc-manrique-encuentro-internacional-de-verseadores4.jpg" alt="" width="920" height="575" srcset="https://fcmanrique.org/wp-content/uploads/fc-manrique-encuentro-internacional-de-verseadores4.jpg 920w, https://fcmanrique.org/wp-content/uploads/fc-manrique-encuentro-internacional-de-verseadores4-300x188.jpg 300w, https://fcmanrique.org/wp-content/uploads/fc-manrique-encuentro-internacional-de-verseadores4-768x480.jpg 768w, https://fcmanrique.org/wp-content/uploads/fc-manrique-encuentro-internacional-de-verseadores4-289x181.jpg 289w" sizes="auto, (max-width: 920px) 100vw, 920px" /></a><em>Christian Nieves,, Fernando García, Omar Santiago, Roberto Silva y Modesto Nieves</em></p>
<p>Venezuela es otro de los países latinoamericanos que participó en el Encuentro con la inigualable Cecilia Todd, una de las grandes voces de América, y Gustavo Colina, reconocido cuatrista.</p>
<div id="attachment_19651" class="wp-caption alignnone" style="max-width: 930px;"><a href="https://fcmanrique.org/wp-content/uploads/fc-manrique-encuentro-internacional-de-verseadores1.jpg"><img loading="lazy" decoding="async" class="wp-image-19651 size-full" src="https://fcmanrique.org/wp-content/uploads/fc-manrique-encuentro-internacional-de-verseadores1.jpg" alt="" width="920" height="607" srcset="https://fcmanrique.org/wp-content/uploads/fc-manrique-encuentro-internacional-de-verseadores1.jpg 920w, https://fcmanrique.org/wp-content/uploads/fc-manrique-encuentro-internacional-de-verseadores1-300x198.jpg 300w, https://fcmanrique.org/wp-content/uploads/fc-manrique-encuentro-internacional-de-verseadores1-768x507.jpg 768w, https://fcmanrique.org/wp-content/uploads/fc-manrique-encuentro-internacional-de-verseadores1-289x191.jpg 289w" sizes="auto, (max-width: 920px) 100vw, 920px" /></a><p class="wp-caption-text"><span style="color: #333333; font-family: 'Noto Serif', serif; font-size: 17px;">Gustavo Colina, Cecilia Todd y Fernando García</span></p></div>
<p>La representación canaria estará en manos del destacado percusionista palmero Fernando García, que apoyará a las formaciones boricua y venezolana, y el verseador grancanario Yeray Rodríguez, artífice de este encuentro.</p>
<p><a href="https://fcmanrique.org/wp-content/uploads/fc-manrique-encuentro-internacional-de-verseadores8.jpg"><img loading="lazy" decoding="async" class="alignnone size-full wp-image-19665" src="https://fcmanrique.org/wp-content/uploads/fc-manrique-encuentro-internacional-de-verseadores8.jpg" alt="" width="920" height="601" srcset="https://fcmanrique.org/wp-content/uploads/fc-manrique-encuentro-internacional-de-verseadores8.jpg 920w, https://fcmanrique.org/wp-content/uploads/fc-manrique-encuentro-internacional-de-verseadores8-300x196.jpg 300w, https://fcmanrique.org/wp-content/uploads/fc-manrique-encuentro-internacional-de-verseadores8-768x502.jpg 768w, https://fcmanrique.org/wp-content/uploads/fc-manrique-encuentro-internacional-de-verseadores8-289x189.jpg 289w" sizes="auto, (max-width: 920px) 100vw, 920px" /></a></p>
<p><a href="https://fcmanrique.org/wp-content/uploads/fc-manrique-encuentro-internacional-de-verseadores7.jpg"><img loading="lazy" decoding="async" class="alignnone size-full wp-image-19657" src="https://fcmanrique.org/wp-content/uploads/fc-manrique-encuentro-internacional-de-verseadores7.jpg" alt="" width="920" height="586" srcset="https://fcmanrique.org/wp-content/uploads/fc-manrique-encuentro-internacional-de-verseadores7.jpg 920w, https://fcmanrique.org/wp-content/uploads/fc-manrique-encuentro-internacional-de-verseadores7-300x191.jpg 300w, https://fcmanrique.org/wp-content/uploads/fc-manrique-encuentro-internacional-de-verseadores7-768x489.jpg 768w, https://fcmanrique.org/wp-content/uploads/fc-manrique-encuentro-internacional-de-verseadores7-289x184.jpg 289w" sizes="auto, (max-width: 920px) 100vw, 920px" /></a></p>
<p><a href="https://fcmanrique.org/wp-content/uploads/fc-manrique-encuentro-internacional-de-verseadores.pdf">Más información sobre el Encuentro internacional de Verseadores</a></p>
<p><a href="https://fcmanrique.org/fcm-video/concierto-encuentro-internacional-de-verseadores-15-junio/?lang=es">Acceder al vídeo del evento</a></p>
<p><a href="https://fcmanrique.org/wp-content/uploads/fc-manrique-invitacion-encuentro-internacional-verseadores.jpg"><img loading="lazy" decoding="async" class="alignnone size-full wp-image-19561" src="https://fcmanrique.org/wp-content/uploads/fc-manrique-invitacion-encuentro-internacional-verseadores.jpg" alt="" width="1200" height="1200" srcset="https://fcmanrique.org/wp-content/uploads/fc-manrique-invitacion-encuentro-internacional-verseadores.jpg 1200w, https://fcmanrique.org/wp-content/uploads/fc-manrique-invitacion-encuentro-internacional-verseadores-150x150.jpg 150w, https://fcmanrique.org/wp-content/uploads/fc-manrique-invitacion-encuentro-internacional-verseadores-300x300.jpg 300w, https://fcmanrique.org/wp-content/uploads/fc-manrique-invitacion-encuentro-internacional-verseadores-768x768.jpg 768w, https://fcmanrique.org/wp-content/uploads/fc-manrique-invitacion-encuentro-internacional-verseadores-1024x1024.jpg 1024w, https://fcmanrique.org/wp-content/uploads/fc-manrique-invitacion-encuentro-internacional-verseadores-246x246.jpg 246w" sizes="auto, (max-width: 1200px) 100vw, 1200px" /></a></p>

<p>Sorry, this entry is only available in ES.Verseadores de varios países homenajean a César Manrique en un encuentro musical internacional La Fundación César Manrique (FCM), en colaboración con el Ayuntamiento de Arrecife, organizó un Encuentro Musical Internacional de Verseadores qel pasado sábado, 15 de junio, a las 21:00 horas, en la plaza de El Almacén,&#8230; <a href="https://fcmanrique.org/en/fcm-c-acti-celebrada/encuentro-internacional-de-verseadores/" class="readmore">Continúa leyendo →</a></p>
